{"id":12049,"date":"2021-05-22T14:48:11","date_gmt":"2021-05-22T17:48:11","guid":{"rendered":"https:\/\/www.lojamelhordosul.com.br\/site\/?post_type=product&#038;p=12049"},"modified":"2025-07-31T14:25:37","modified_gmt":"2025-07-31T17:25:37","slug":"kit-de-alarme-anm24-net-intelbras-acesso-por-app-c-4-sensores-de-presenca","status":"publish","type":"product","link":"https:\/\/www.lojamelhordosul.com.br\/site\/produto\/kit-de-alarme-anm24-net-intelbras-acesso-por-app-c-4-sensores-de-presenca\/","title":{"rendered":"Kit Central de Alarme ANM 24 net completo + 4 Sensores de movimento + 1 Sirene"},"content":{"rendered":"<div class=\"wpb-content-wrapper\"><div class=\"vc_row wpb_row vc_row-fluid\"><div class=\"container\"><div class=\"row\"><div class=\"wpb_column vc_column_container vc_col-md-12\"><div class=\"vc_column-inner \"><div class=\"wpb_wrapper\"><div class=\"wpb_single_image widget wpb_content_element vc_align_center\">\r\n\t\t\r\n\t\t<figure class=\"wpb_wrapper vc_figure\">\r\n\t\t\t<div class=\"vc_single_image-wrapper   vc_box_border_grey\"><img decoding=\"async\" class=\"vc_single_image-img\"  src=\"https:\/\/www.lojamelhordosul.com.br\/site\/wp-content\/uploads\/2020\/06\/Logo-Site-2020.png\" \/><\/div>\r\n\t\t<div class=\"description\">\r\n\t\t\t\r\n\t\t<\/div>\r\n\t\r\n\t\t<\/figure>\r\n\t<\/div><\/div><\/div><\/div><\/div><\/div><\/div><div class=\"vc_row wpb_row vc_row-fluid\"><div class=\"container\"><div class=\"row\"><div class=\"wpb_column vc_column_container vc_col-md-6\"><div class=\"vc_column-inner \"><div class=\"wpb_wrapper\">\n\t<div class=\"wpb_text_column wpb_content_element\" >\n\t\t<div class=\"wpb_wrapper\">\n\t\t\t<h2>Central de alarme ANM 24 NET<\/h2>\n<p>A ANM 24 NET \u00e9 uma central de alarme n\u00e3o monitorada com supervis\u00e3o do sistema sem fio e conex\u00e3o via nuvem,<br \/>\nque proporciona ao usu\u00e1rio acompanhamento em tempo real de tudo que ocorre em sua casa, escrit\u00f3rio ou empresa.<br \/>\nPode ser conectada a sensores de abertura, infravermelho, impacto e outros. Possui receptor incorporado,<br \/>\nfonte chaveada \u201cfull range\u201d (autom\u00e1tico) e carregador inteligente de bateria com prote\u00e7\u00e3o contra curto-circuito<br \/>\nou invers\u00e3o de polaridade.<\/p>\n\n\t\t<\/div>\n\t<\/div>\n<\/div><\/div><\/div><div class=\"wpb_column vc_column_container vc_col-md-6\"><div class=\"vc_column-inner \"><div class=\"wpb_wrapper\"><div class=\"wpb_single_image widget wpb_content_element vc_align_left\">\r\n\t\t\r\n\t\t<figure class=\"wpb_wrapper vc_figure\">\r\n\t\t\t<div class=\"vc_single_image-wrapper   vc_box_border_grey\"><img decoding=\"async\" class=\"vc_single_image-img\"  src=\"http:\/\/www.matvsul.com.br\/IMPimages\/8317.jpg\" \/><\/div>\r\n\t\t<div class=\"description\">\r\n\t\t\t\r\n\t\t<\/div>\r\n\t\r\n\t\t<\/figure>\r\n\t<\/div><\/div><\/div><\/div><\/div><\/div><\/div><div class=\"vc_row wpb_row vc_row-fluid\"><div class=\"container\"><div class=\"row\"><div class=\"wpb_column vc_column_container vc_col-md-6\"><div class=\"vc_column-inner \"><div class=\"wpb_wrapper\"><div class=\"wpb_single_image widget wpb_content_element vc_align_left\">\r\n\t\t\r\n\t\t<figure class=\"wpb_wrapper vc_figure\">\r\n\t\t\t<div class=\"vc_single_image-wrapper   vc_box_border_grey\"><img decoding=\"async\" width=\"1000\" height=\"892\" src=\"https:\/\/www.lojamelhordosul.com.br\/site\/wp-content\/uploads\/2018\/02\/Bateria-12AL-12V.png\" class=\"vc_single_image-img attachment-full\" alt=\"\" title=\"Bateria 12AL 12V\" \/><\/div>\r\n\t\t<div class=\"description\">\r\n\t\t\t\r\n\t\t<\/div>\r\n\t\r\n\t\t<\/figure>\r\n\t<\/div><\/div><\/div><\/div><div class=\"wpb_column vc_column_container vc_col-md-6\"><div class=\"vc_column-inner \"><div class=\"wpb_wrapper\">\n\t<div class=\"wpb_text_column wpb_content_element\" >\n\t\t<div class=\"wpb_wrapper\">\n\t\t\t<h2 class=\"product_title entry-title\">Bateria Central Alarme Intelbras 12AL 12V 7A<\/h2>\n<p>Adequada para o uso em sistemas de seguran\u00e7a, a XB 12AL \u00e9 uma bateria de chumbo-\u00e1cido regulada por v\u00e1lvula selada VRLA recarreg\u00e1vel, livre de manuten\u00e7\u00e3o e protegida contra vazamento. Uma bateria para uso geral e com uma vida \u00fatil de at\u00e9 5 anos em regime de flutua\u00e7\u00e3o.<\/p>\n\n\t\t<\/div>\n\t<\/div>\n<\/div><\/div><\/div><\/div><\/div><\/div><div class=\"vc_row wpb_row vc_row-fluid\"><div class=\"container\"><div class=\"row\"><div class=\"wpb_column vc_column_container vc_col-md-6\"><div class=\"vc_column-inner \"><div class=\"wpb_wrapper\">\n\t<div class=\"wpb_text_column wpb_content_element\" >\n\t\t<div class=\"wpb_wrapper\">\n\t\t\t<h2 class=\"product_title entry-title\">Controle Remoto Alarme Intelbras Xac 4000 Smart Preto<\/h2>\n<p>O controle remoto XAC 4000 Smart Control, possui bateria de l\u00edtio de longa dura\u00e7\u00e3o, 3 bot\u00f5es (canais) independentes, design moderno e antitravamento de teclas. Acompanha cord\u00e3o e clipe. Dispon\u00edvel nas cores azul, preto e rosa.<\/p>\n<p>\u00bb\u00a0Frequ\u00eancia de opera\u00e7\u00e3o 433,92 Mhz com ressonador SAW (n\u00e3o perde a calibra\u00e7\u00e3o)<br \/>\n\u00bb\u00a0Modula\u00e7\u00e3o OOK\/FSK<br \/>\n\u00bb\u00a0Design diferenciado<br \/>\n\u00bb\u00a0Bateria de l\u00edtio de longa dura\u00e7\u00e3o<br \/>\n\u00bb\u00a0Antitravamento de teclas<br \/>\n\u00bb\u00a0Acompanha cord\u00e3o e clipe<\/p>\n\n\t\t<\/div>\n\t<\/div>\n<\/div><\/div><\/div><div class=\"wpb_column vc_column_container vc_col-md-6\"><div class=\"vc_column-inner \"><div class=\"wpb_wrapper\"><div class=\"wpb_single_image widget wpb_content_element vc_align_left\">\r\n\t\t\r\n\t\t<figure class=\"wpb_wrapper vc_figure\">\r\n\t\t\t<div class=\"vc_single_image-wrapper   vc_box_border_grey\"><img decoding=\"async\" width=\"255\" height=\"337\" src=\"https:\/\/www.lojamelhordosul.com.br\/site\/wp-content\/uploads\/2018\/12\/Controle-XAC-4000.png\" class=\"vc_single_image-img attachment-full\" alt=\"\" title=\"Controle XAC 4000\" \/><\/div>\r\n\t\t<div class=\"description\">\r\n\t\t\t\r\n\t\t<\/div>\r\n\t\r\n\t\t<\/figure>\r\n\t<\/div><\/div><\/div><\/div><\/div><\/div><\/div><div class=\"vc_row wpb_row vc_row-fluid\"><div class=\"container\"><div class=\"row\"><div class=\"wpb_column vc_column_container vc_col-md-6\"><div class=\"vc_column-inner \"><div class=\"wpb_wrapper\"><div class=\"wpb_single_image widget wpb_content_element vc_align_left\">\r\n\t\t\r\n\t\t<figure class=\"wpb_wrapper vc_figure\">\r\n\t\t\t<div class=\"vc_single_image-wrapper   vc_box_border_grey\"><img decoding=\"async\" width=\"1200\" height=\"1200\" src=\"https:\/\/www.lojamelhordosul.com.br\/site\/wp-content\/uploads\/2020\/10\/Sir-1000-BC.png\" class=\"vc_single_image-img attachment-full\" alt=\"\" title=\"Sir 1000 BC\" \/><\/div>\r\n\t\t<div class=\"description\">\r\n\t\t\t\r\n\t\t<\/div>\r\n\t\r\n\t\t<\/figure>\r\n\t<\/div><\/div><\/div><\/div><div class=\"wpb_column vc_column_container vc_col-md-6\"><div class=\"vc_column-inner \"><div class=\"wpb_wrapper\">\n\t<div class=\"wpb_text_column wpb_content_element\" >\n\t\t<div class=\"wpb_wrapper\">\n\t\t\t<h2 class=\"product_title entry-title\">Sirene C\/ Fio Intelbras 105 Db Sir 1000<\/h2>\n<p>Caracter\u00edsticas:<br \/>\nTens\u00e3o de funcionamento de 9 a 15 Vdc<br \/>\nTipo de Sirene: Piezoel\u00e9ctrica<br \/>\nCorrente de funcionamento: 0,2 A<br \/>\nPot\u00eancia sonora aproximada: 105 dB @1 m<br \/>\nSom: 1 Tom<br \/>\nMaterial: ABS<br \/>\nCondi\u00e7\u00f5es de opera\u00e7\u00e3o: -10 a 50 @ 90 % umidade.<\/p>\n<p>Melhor rela\u00e7\u00e3o custo \/ benef\u00edcio do mercado.<br \/>\nF\u00e1cil instala\u00e7\u00e3o.<br \/>\nDiscreta no ambiente.<br \/>\nAlta pot\u00eancia.<\/p>\n\n\t\t<\/div>\n\t<\/div>\n<\/div><\/div><\/div><\/div><\/div><\/div><div class=\"vc_row wpb_row vc_row-fluid\"><div class=\"container\"><div class=\"row\"><div class=\"wpb_column vc_column_container vc_col-md-6\"><div class=\"vc_column-inner \"><div class=\"wpb_wrapper\">\n\t<div class=\"wpb_text_column wpb_content_element\" >\n\t\t<div class=\"wpb_wrapper\">\n\t\t\t<h1 class=\"mb2 hero-title-product h2 large-h3\">Sensor de movimento infravermelho passivo sem fio &#8211; ivp 1000 pet sf<\/h1>\n<p>O IVP 1000 PET SF pode se comunicar com a central de alarme em dist\u00e2ncias de at\u00e9 100 metros sem barreira, com efici\u00eancia e seguran\u00e7a. Possui fechamento por trava, facilitando a abertura durante a instala\u00e7\u00e3o. A fun\u00e7\u00e3o Pet Immunity permite que seu animal de estima\u00e7\u00e3o circule tranquilamente pelo ambiente, sem causar disparos acidentais.<a href=\"https:\/\/www.lojamelhordosul.com.br\/site\/wp-content\/uploads\/2021\/05\/Captura-de-tela-2024-08-27-120423.png\"><img decoding=\"async\" class=\"alignnone size-medium wp-image-14802\" src=\"https:\/\/www.lojamelhordosul.com.br\/site\/wp-content\/uploads\/2021\/05\/Captura-de-tela-2024-08-27-120423-300x208.png\" alt=\"\" width=\"300\" height=\"208\" \/><\/a><\/p>\n<p>&nbsp;<\/p>\n<h2>Brinde: 10m de cabo de alarme 4 vias<\/h2>\n<p>Ideal para: Alarmes<br \/>\nCondutor Interno: Fio de Cobre n\u00fa, Eletrol\u00edtico, Mole<br \/>\nDi\u00e2metro: 0,32mm<br \/>\nIsola\u00e7\u00e3o Interna: Polietileno de baixa densidade multicor<br \/>\nIsola\u00e7\u00e3o Externa: PVC 70\u00ba Anti-Chama \/ Branco<br \/>\nEmbalagem: Caixa com 100M<\/p>\n\n\t\t<\/div>\n\t<\/div>\n<\/div><\/div><\/div><\/div><\/div><\/div>\n<\/div>","protected":false},"excerpt":{"rendered":"<p><strong>Conte\u00fado do kit:<\/strong><br \/>\n01 Central anm 24 net<br \/>\n01 Bateria 12al 7v<br \/>\n02 Controles xac 4000 smart<br \/>\n01 Sirene<br \/>\n04 Ivp 1000 sem fio<br \/>\n1 Brinde 10m de cabo de alarme p\/ sirene<\/p>\n","protected":false},"featured_media":12620,"comment_status":"closed","ping_status":"closed","template":"","meta":[],"product_brand":[],"product_cat":[2736,2737],"product_tag":[],"class_list":{"0":"post-12049","1":"product","2":"type-product","3":"status-publish","4":"has-post-thumbnail","6":"product_cat-linha-de-alarmes","7":"product_cat-kits-de-alarme","9":"first","10":"instock","11":"shipping-taxable","12":"purchasable","13":"product-type-simple"},"yoast_head":"<!-- This site is optimized with the Yoast SEO plugin v27.3 - https:\/\/yoast.com\/product\/yoast-seo-wordpress\/ -->\n<title>Kit Central de Alarme ANM 24 net completo + 4 Sensores de movimento + 1 Sirene - Loja Melhor do Sul Sistemas de Seguran\u00e7a<\/title>\n<meta name=\"robots\" content=\"index, follow, max-snippet:-1, max-image-preview:large, max-video-preview:-1\" \/>\n<link rel=\"canonical\" href=\"https:\/\/www.lojamelhordosul.com.br\/site\/produto\/kit-de-alarme-anm24-net-intelbras-acesso-por-app-c-4-sensores-de-presenca\/\" \/>\n<meta property=\"og:locale\" content=\"pt_BR\" \/>\n<meta property=\"og:type\" content=\"article\" \/>\n<meta property=\"og:title\" content=\"Kit Central de Alarme ANM 24 net completo + 4 Sensores de movimento + 1 Sirene - Loja Melhor do Sul Sistemas de Seguran\u00e7a\" \/>\n<meta property=\"og:description\" content=\"Conte\u00fado do kit: 01 Central anm 24 net 01 Bateria 12al 7v 02 Controles xac 4000 smart 01 Sirene 04 Ivp 1000 sem fio 1 Brinde 10m de cabo de alarme p\/ sirene\" \/>\n<meta property=\"og:url\" content=\"https:\/\/www.lojamelhordosul.com.br\/site\/produto\/kit-de-alarme-anm24-net-intelbras-acesso-por-app-c-4-sensores-de-presenca\/\" \/>\n<meta property=\"og:site_name\" content=\"Loja Melhor do Sul Sistemas de Seguran\u00e7a\" \/>\n<meta property=\"article:modified_time\" content=\"2025-07-31T17:25:37+00:00\" \/>\n<meta property=\"og:image\" content=\"https:\/\/www.lojamelhordosul.com.br\/site\/wp-content\/uploads\/2021\/05\/Untitled-design-11.png\" \/>\n\t<meta property=\"og:image:width\" content=\"1080\" \/>\n\t<meta property=\"og:image:height\" content=\"1080\" \/>\n\t<meta property=\"og:image:type\" content=\"image\/png\" \/>\n<meta name=\"twitter:card\" content=\"summary_large_image\" \/>\n<meta name=\"twitter:label1\" content=\"Est. tempo de leitura\" \/>\n\t<meta name=\"twitter:data1\" content=\"3 minutos\" \/>\n<script type=\"application\/ld+json\" class=\"yoast-schema-graph\">{\"@context\":\"https:\\\/\\\/schema.org\",\"@graph\":[{\"@type\":\"WebPage\",\"@id\":\"https:\\\/\\\/www.lojamelhordosul.com.br\\\/site\\\/produto\\\/kit-de-alarme-anm24-net-intelbras-acesso-por-app-c-4-sensores-de-presenca\\\/\",\"url\":\"https:\\\/\\\/www.lojamelhordosul.com.br\\\/site\\\/produto\\\/kit-de-alarme-anm24-net-intelbras-acesso-por-app-c-4-sensores-de-presenca\\\/\",\"name\":\"Kit Central de Alarme ANM 24 net completo + 4 Sensores de movimento + 1 Sirene - Loja Melhor do Sul Sistemas de Seguran\u00e7a\",\"isPartOf\":{\"@id\":\"https:\\\/\\\/www.lojamelhordosul.com.br\\\/site\\\/#website\"},\"primaryImageOfPage\":{\"@id\":\"https:\\\/\\\/www.lojamelhordosul.com.br\\\/site\\\/produto\\\/kit-de-alarme-anm24-net-intelbras-acesso-por-app-c-4-sensores-de-presenca\\\/#primaryimage\"},\"image\":{\"@id\":\"https:\\\/\\\/www.lojamelhordosul.com.br\\\/site\\\/produto\\\/kit-de-alarme-anm24-net-intelbras-acesso-por-app-c-4-sensores-de-presenca\\\/#primaryimage\"},\"thumbnailUrl\":\"https:\\\/\\\/www.lojamelhordosul.com.br\\\/site\\\/wp-content\\\/uploads\\\/2021\\\/05\\\/Untitled-design-11.png\",\"datePublished\":\"2021-05-22T17:48:11+00:00\",\"dateModified\":\"2025-07-31T17:25:37+00:00\",\"breadcrumb\":{\"@id\":\"https:\\\/\\\/www.lojamelhordosul.com.br\\\/site\\\/produto\\\/kit-de-alarme-anm24-net-intelbras-acesso-por-app-c-4-sensores-de-presenca\\\/#breadcrumb\"},\"inLanguage\":\"pt-BR\",\"potentialAction\":[{\"@type\":\"ReadAction\",\"target\":[\"https:\\\/\\\/www.lojamelhordosul.com.br\\\/site\\\/produto\\\/kit-de-alarme-anm24-net-intelbras-acesso-por-app-c-4-sensores-de-presenca\\\/\"]}]},{\"@type\":\"ImageObject\",\"inLanguage\":\"pt-BR\",\"@id\":\"https:\\\/\\\/www.lojamelhordosul.com.br\\\/site\\\/produto\\\/kit-de-alarme-anm24-net-intelbras-acesso-por-app-c-4-sensores-de-presenca\\\/#primaryimage\",\"url\":\"https:\\\/\\\/www.lojamelhordosul.com.br\\\/site\\\/wp-content\\\/uploads\\\/2021\\\/05\\\/Untitled-design-11.png\",\"contentUrl\":\"https:\\\/\\\/www.lojamelhordosul.com.br\\\/site\\\/wp-content\\\/uploads\\\/2021\\\/05\\\/Untitled-design-11.png\",\"width\":1080,\"height\":1080},{\"@type\":\"BreadcrumbList\",\"@id\":\"https:\\\/\\\/www.lojamelhordosul.com.br\\\/site\\\/produto\\\/kit-de-alarme-anm24-net-intelbras-acesso-por-app-c-4-sensores-de-presenca\\\/#breadcrumb\",\"itemListElement\":[{\"@type\":\"ListItem\",\"position\":1,\"name\":\"In\u00edcio\",\"item\":\"https:\\\/\\\/www.lojamelhordosul.com.br\\\/site\\\/\"},{\"@type\":\"ListItem\",\"position\":2,\"name\":\"Loja\",\"item\":\"https:\\\/\\\/www.lojamelhordosul.com.br\\\/site\\\/loja\\\/\"},{\"@type\":\"ListItem\",\"position\":3,\"name\":\"Kit Central de Alarme ANM 24 net completo + 4 Sensores de movimento + 1 Sirene\"}]},{\"@type\":\"WebSite\",\"@id\":\"https:\\\/\\\/www.lojamelhordosul.com.br\\\/site\\\/#website\",\"url\":\"https:\\\/\\\/www.lojamelhordosul.com.br\\\/site\\\/\",\"name\":\"Loja Melhor do Sul Sistemas de Seguran\u00e7a\",\"description\":\"Loja Melhor do Sul - Revenda Ouro Intelbras em Porto Alegre\",\"publisher\":{\"@id\":\"https:\\\/\\\/www.lojamelhordosul.com.br\\\/site\\\/#organization\"},\"potentialAction\":[{\"@type\":\"SearchAction\",\"target\":{\"@type\":\"EntryPoint\",\"urlTemplate\":\"https:\\\/\\\/www.lojamelhordosul.com.br\\\/site\\\/?s={search_term_string}\"},\"query-input\":{\"@type\":\"PropertyValueSpecification\",\"valueRequired\":true,\"valueName\":\"search_term_string\"}}],\"inLanguage\":\"pt-BR\"},{\"@type\":\"Organization\",\"@id\":\"https:\\\/\\\/www.lojamelhordosul.com.br\\\/site\\\/#organization\",\"name\":\"Loja Melhor do Sul\",\"url\":\"https:\\\/\\\/www.lojamelhordosul.com.br\\\/site\\\/\",\"logo\":{\"@type\":\"ImageObject\",\"inLanguage\":\"pt-BR\",\"@id\":\"https:\\\/\\\/www.lojamelhordosul.com.br\\\/site\\\/#\\\/schema\\\/logo\\\/image\\\/\",\"url\":\"https:\\\/\\\/www.lojamelhordosul.com.br\\\/site\\\/wp-content\\\/uploads\\\/2019\\\/10\\\/logo-longo-da-loja.png\",\"contentUrl\":\"https:\\\/\\\/www.lojamelhordosul.com.br\\\/site\\\/wp-content\\\/uploads\\\/2019\\\/10\\\/logo-longo-da-loja.png\",\"width\":597,\"height\":114,\"caption\":\"Loja Melhor do Sul\"},\"image\":{\"@id\":\"https:\\\/\\\/www.lojamelhordosul.com.br\\\/site\\\/#\\\/schema\\\/logo\\\/image\\\/\"}}]}<\/script>\n<!-- \/ Yoast SEO plugin. -->","yoast_head_json":{"title":"Kit Central de Alarme ANM 24 net completo + 4 Sensores de movimento + 1 Sirene - Loja Melhor do Sul Sistemas de Seguran\u00e7a","robots":{"index":"index","follow":"follow","max-snippet":"max-snippet:-1","max-image-preview":"max-image-preview:large","max-video-preview":"max-video-preview:-1"},"canonical":"https:\/\/www.lojamelhordosul.com.br\/site\/produto\/kit-de-alarme-anm24-net-intelbras-acesso-por-app-c-4-sensores-de-presenca\/","og_locale":"pt_BR","og_type":"article","og_title":"Kit Central de Alarme ANM 24 net completo + 4 Sensores de movimento + 1 Sirene - Loja Melhor do Sul Sistemas de Seguran\u00e7a","og_description":"Conte\u00fado do kit: 01 Central anm 24 net 01 Bateria 12al 7v 02 Controles xac 4000 smart 01 Sirene 04 Ivp 1000 sem fio 1 Brinde 10m de cabo de alarme p\/ sirene","og_url":"https:\/\/www.lojamelhordosul.com.br\/site\/produto\/kit-de-alarme-anm24-net-intelbras-acesso-por-app-c-4-sensores-de-presenca\/","og_site_name":"Loja Melhor do Sul Sistemas de Seguran\u00e7a","article_modified_time":"2025-07-31T17:25:37+00:00","og_image":[{"width":1080,"height":1080,"url":"https:\/\/www.lojamelhordosul.com.br\/site\/wp-content\/uploads\/2021\/05\/Untitled-design-11.png","type":"image\/png"}],"twitter_card":"summary_large_image","twitter_misc":{"Est. tempo de leitura":"3 minutos"},"schema":{"@context":"https:\/\/schema.org","@graph":[{"@type":"WebPage","@id":"https:\/\/www.lojamelhordosul.com.br\/site\/produto\/kit-de-alarme-anm24-net-intelbras-acesso-por-app-c-4-sensores-de-presenca\/","url":"https:\/\/www.lojamelhordosul.com.br\/site\/produto\/kit-de-alarme-anm24-net-intelbras-acesso-por-app-c-4-sensores-de-presenca\/","name":"Kit Central de Alarme ANM 24 net completo + 4 Sensores de movimento + 1 Sirene - Loja Melhor do Sul Sistemas de Seguran\u00e7a","isPartOf":{"@id":"https:\/\/www.lojamelhordosul.com.br\/site\/#website"},"primaryImageOfPage":{"@id":"https:\/\/www.lojamelhordosul.com.br\/site\/produto\/kit-de-alarme-anm24-net-intelbras-acesso-por-app-c-4-sensores-de-presenca\/#primaryimage"},"image":{"@id":"https:\/\/www.lojamelhordosul.com.br\/site\/produto\/kit-de-alarme-anm24-net-intelbras-acesso-por-app-c-4-sensores-de-presenca\/#primaryimage"},"thumbnailUrl":"https:\/\/www.lojamelhordosul.com.br\/site\/wp-content\/uploads\/2021\/05\/Untitled-design-11.png","datePublished":"2021-05-22T17:48:11+00:00","dateModified":"2025-07-31T17:25:37+00:00","breadcrumb":{"@id":"https:\/\/www.lojamelhordosul.com.br\/site\/produto\/kit-de-alarme-anm24-net-intelbras-acesso-por-app-c-4-sensores-de-presenca\/#breadcrumb"},"inLanguage":"pt-BR","potentialAction":[{"@type":"ReadAction","target":["https:\/\/www.lojamelhordosul.com.br\/site\/produto\/kit-de-alarme-anm24-net-intelbras-acesso-por-app-c-4-sensores-de-presenca\/"]}]},{"@type":"ImageObject","inLanguage":"pt-BR","@id":"https:\/\/www.lojamelhordosul.com.br\/site\/produto\/kit-de-alarme-anm24-net-intelbras-acesso-por-app-c-4-sensores-de-presenca\/#primaryimage","url":"https:\/\/www.lojamelhordosul.com.br\/site\/wp-content\/uploads\/2021\/05\/Untitled-design-11.png","contentUrl":"https:\/\/www.lojamelhordosul.com.br\/site\/wp-content\/uploads\/2021\/05\/Untitled-design-11.png","width":1080,"height":1080},{"@type":"BreadcrumbList","@id":"https:\/\/www.lojamelhordosul.com.br\/site\/produto\/kit-de-alarme-anm24-net-intelbras-acesso-por-app-c-4-sensores-de-presenca\/#breadcrumb","itemListElement":[{"@type":"ListItem","position":1,"name":"In\u00edcio","item":"https:\/\/www.lojamelhordosul.com.br\/site\/"},{"@type":"ListItem","position":2,"name":"Loja","item":"https:\/\/www.lojamelhordosul.com.br\/site\/loja\/"},{"@type":"ListItem","position":3,"name":"Kit Central de Alarme ANM 24 net completo + 4 Sensores de movimento + 1 Sirene"}]},{"@type":"WebSite","@id":"https:\/\/www.lojamelhordosul.com.br\/site\/#website","url":"https:\/\/www.lojamelhordosul.com.br\/site\/","name":"Loja Melhor do Sul Sistemas de Seguran\u00e7a","description":"Loja Melhor do Sul - Revenda Ouro Intelbras em Porto Alegre","publisher":{"@id":"https:\/\/www.lojamelhordosul.com.br\/site\/#organization"},"potentialAction":[{"@type":"SearchAction","target":{"@type":"EntryPoint","urlTemplate":"https:\/\/www.lojamelhordosul.com.br\/site\/?s={search_term_string}"},"query-input":{"@type":"PropertyValueSpecification","valueRequired":true,"valueName":"search_term_string"}}],"inLanguage":"pt-BR"},{"@type":"Organization","@id":"https:\/\/www.lojamelhordosul.com.br\/site\/#organization","name":"Loja Melhor do Sul","url":"https:\/\/www.lojamelhordosul.com.br\/site\/","logo":{"@type":"ImageObject","inLanguage":"pt-BR","@id":"https:\/\/www.lojamelhordosul.com.br\/site\/#\/schema\/logo\/image\/","url":"https:\/\/www.lojamelhordosul.com.br\/site\/wp-content\/uploads\/2019\/10\/logo-longo-da-loja.png","contentUrl":"https:\/\/www.lojamelhordosul.com.br\/site\/wp-content\/uploads\/2019\/10\/logo-longo-da-loja.png","width":597,"height":114,"caption":"Loja Melhor do Sul"},"image":{"@id":"https:\/\/www.lojamelhordosul.com.br\/site\/#\/schema\/logo\/image\/"}}]}},"_links":{"self":[{"href":"https:\/\/www.lojamelhordosul.com.br\/site\/wp-json\/wp\/v2\/product\/12049","targetHints":{"allow":["GET"]}}],"collection":[{"href":"https:\/\/www.lojamelhordosul.com.br\/site\/wp-json\/wp\/v2\/product"}],"about":[{"href":"https:\/\/www.lojamelhordosul.com.br\/site\/wp-json\/wp\/v2\/types\/product"}],"replies":[{"embeddable":true,"href":"https:\/\/www.lojamelhordosul.com.br\/site\/wp-json\/wp\/v2\/comments?post=12049"}],"wp:featuredmedia":[{"embeddable":true,"href":"https:\/\/www.lojamelhordosul.com.br\/site\/wp-json\/wp\/v2\/media\/12620"}],"wp:attachment":[{"href":"https:\/\/www.lojamelhordosul.com.br\/site\/wp-json\/wp\/v2\/media?parent=12049"}],"wp:term":[{"taxonomy":"product_brand","embeddable":true,"href":"https:\/\/www.lojamelhordosul.com.br\/site\/wp-json\/wp\/v2\/product_brand?post=12049"},{"taxonomy":"product_cat","embeddable":true,"href":"https:\/\/www.lojamelhordosul.com.br\/site\/wp-json\/wp\/v2\/product_cat?post=12049"},{"taxonomy":"product_tag","embeddable":true,"href":"https:\/\/www.lojamelhordosul.com.br\/site\/wp-json\/wp\/v2\/product_tag?post=12049"}],"curies":[{"name":"wp","href":"https:\/\/api.w.org\/{rel}","templated":true}]}}