{"id":12629,"date":"2022-02-04T13:44:58","date_gmt":"2022-02-04T16:44:58","guid":{"rendered":"https:\/\/www.lojamelhordosul.com.br\/site\/?post_type=product&#038;p=12629"},"modified":"2025-12-16T09:26:15","modified_gmt":"2025-12-16T12:26:15","slug":"fonte-chaveada-30a-bivolt-colmeia-360w-cftv-12v-fita-led","status":"publish","type":"product","link":"https:\/\/www.lojamelhordosul.com.br\/site\/produto\/fonte-chaveada-30a-bivolt-colmeia-360w-cftv-12v-fita-led\/","title":{"rendered":"Fonte Chaveada 30a Bivolt Colmeia 360w Cftv 12v"},"content":{"rendered":"<p><img decoding=\"async\" class=\"aligncenter\" src=\"https:\/\/www.lojamelhordosul.com.br\/site\/wp-content\/uploads\/2020\/06\/Logo-Site-2020.png\" \/><\/p>\n<p>&nbsp;<\/p>\n<p>A fonte chaveada estabiliza a alimenta\u00e7\u00e3o eletr\u00f4nica atrav\u00e9s do chaveamento, onde voc\u00ea controla a corrente afim de estabilizar a tens\u00e3o de sa\u00edda.<br \/>\nDesta forma voc\u00ea ter\u00e1 mais seguran\u00e7a ao ligar suas fitas Led, c\u00e2meras de seguran\u00e7a, som automotivo e muito mais!<br \/>\nPossui instala\u00e7\u00e3o super simples, evitando que seja necess\u00e1rio conectores especiais!<br \/>\nIdeal para c\u00e2meras CFTV, circuitos de alimenta\u00e7\u00e3o, som automotivo, r\u00e1dios comunicadores, entre outros!<\/p>\n<p>Caracter\u00edsticas:<br \/>\n&#8211; Ideal para alimenta\u00e7\u00e3o de C\u00e2meras CFTV, circuitos de ilumina\u00e7\u00e3o, som automotivo, r\u00e1dios comunicadores, garantindo total seguran\u00e7a em suas instala\u00e7\u00f5es;<br \/>\n&#8211; Sistema de prote\u00e7\u00e3o contra curto-circuitos e superaquecimento, al\u00e9m de possuir prote\u00e7\u00e3o contra interfer\u00eancias;<br \/>\n&#8211; Sa\u00edda estabilizada;<br \/>\n&#8211; Acabamento de metal com alta resist\u00eancia, gerando uma longa vida \u00fatil;<\/p>\n<p>Informa\u00e7\u00f5es t\u00e9cnicas:<\/p>\n<p>&#8211; Produto: Fonte chaveada\/Autom\u00e1tica<\/p>\n<p>&#8211; Pot\u00eancia: 360W<br \/>\n&#8211; Entrada: AC 110-220v<br \/>\n&#8211; Frequ\u00eancia: AC50Hz<br \/>\n&#8211; Sa\u00edda: DC 12v 30A<br \/>\n&#8211; Chaveamento de ajuste de tens\u00e3o (127-220v) automatico<br \/>\n&#8211; Conex\u00e3o por borne<\/p>\n<p>&#8211; Material: Alum\u00ednio e Metal<br \/>\n&#8211; Peso: 0,803 Kg<\/p>\n<p>Itens Inclusos:<br \/>\n01 Fonte Chaveada 12V-30A 360W<\/p>\n","protected":false},"excerpt":{"rendered":"<p>&nbsp; A fonte chaveada estabiliza a alimenta\u00e7\u00e3o eletr\u00f4nica atrav\u00e9s do chaveamento, onde voc\u00ea controla a corrente afim de estabilizar a tens\u00e3o de sa\u00edda. Desta forma voc\u00ea ter\u00e1 mais seguran\u00e7a ao ligar suas fitas Led, c\u00e2meras de seguran\u00e7a, som automotivo e muito mais! Possui instala\u00e7\u00e3o super simples, evitando que seja necess\u00e1rio conectores especiais! Ideal para c\u00e2meras &hellip; <a href=\"https:\/\/www.lojamelhordosul.com.br\/site\/produto\/fonte-chaveada-30a-bivolt-colmeia-360w-cftv-12v-fita-led\/\" class=\"more-link\">Continuar lendo <span class=\"screen-reader-text\">Fonte Chaveada 30a Bivolt Colmeia 360w Cftv 12v<\/span><\/a><\/p>\n","protected":false},"featured_media":12631,"comment_status":"closed","ping_status":"closed","template":"","meta":[],"product_brand":[],"product_cat":[2719,2799,2802,2721],"product_tag":[],"class_list":{"0":"post-12629","1":"product","2":"type-product","3":"status-publish","4":"has-post-thumbnail","6":"product_cat-acessorios-cftv","7":"product_cat-linha-de-energia","8":"product_cat-energia-fontes","9":"product_cat-acessorios-fontes","11":"first","12":"instock","13":"shipping-taxable","14":"purchasable","15":"product-type-simple"},"yoast_head":"<!-- This site is optimized with the Yoast SEO plugin v27.4 - https:\/\/yoast.com\/product\/yoast-seo-wordpress\/ -->\n<title>Fonte Chaveada 30a Bivolt Colmeia 360w Cftv 12v - Loja Melhor do Sul Sistemas de Seguran\u00e7a<\/title>\n<meta name=\"robots\" content=\"index, follow, max-snippet:-1, max-image-preview:large, max-video-preview:-1\" \/>\n<link rel=\"canonical\" href=\"https:\/\/www.lojamelhordosul.com.br\/site\/produto\/fonte-chaveada-30a-bivolt-colmeia-360w-cftv-12v-fita-led\/\" \/>\n<meta property=\"og:locale\" content=\"pt_BR\" \/>\n<meta property=\"og:type\" content=\"article\" \/>\n<meta property=\"og:title\" content=\"Fonte Chaveada 30a Bivolt Colmeia 360w Cftv 12v - Loja Melhor do Sul Sistemas de Seguran\u00e7a\" \/>\n<meta property=\"og:description\" content=\"&nbsp; A fonte chaveada estabiliza a alimenta\u00e7\u00e3o eletr\u00f4nica atrav\u00e9s do chaveamento, onde voc\u00ea controla a corrente afim de estabilizar a tens\u00e3o de sa\u00edda. Desta forma voc\u00ea ter\u00e1 mais seguran\u00e7a ao ligar suas fitas Led, c\u00e2meras de seguran\u00e7a, som automotivo e muito mais! Possui instala\u00e7\u00e3o super simples, evitando que seja necess\u00e1rio conectores especiais! Ideal para c\u00e2meras &hellip; Continuar lendo Fonte Chaveada 30a Bivolt Colmeia 360w Cftv 12v\" \/>\n<meta property=\"og:url\" content=\"https:\/\/www.lojamelhordosul.com.br\/site\/produto\/fonte-chaveada-30a-bivolt-colmeia-360w-cftv-12v-fita-led\/\" \/>\n<meta property=\"og:site_name\" content=\"Loja Melhor do Sul Sistemas de Seguran\u00e7a\" \/>\n<meta property=\"article:modified_time\" content=\"2025-12-16T12:26:15+00:00\" \/>\n<meta property=\"og:image\" content=\"https:\/\/www.lojamelhordosul.com.br\/site\/wp-content\/uploads\/2022\/02\/fonte-chaveada-12v-30a-amperes-360w-entrada-bivolt-110v-220v-metalica-som-automotivo-connectparts-1-.jpg\" \/>\n\t<meta property=\"og:image:width\" content=\"1000\" \/>\n\t<meta property=\"og:image:height\" content=\"1000\" \/>\n\t<meta property=\"og:image:type\" content=\"image\/jpeg\" \/>\n<meta name=\"twitter:card\" content=\"summary_large_image\" \/>\n<meta name=\"twitter:label1\" content=\"Est. tempo de leitura\" \/>\n\t<meta name=\"twitter:data1\" content=\"2 minutos\" \/>\n<script type=\"application\/ld+json\" class=\"yoast-schema-graph\">{\"@context\":\"https:\\\/\\\/schema.org\",\"@graph\":[{\"@type\":\"WebPage\",\"@id\":\"https:\\\/\\\/www.lojamelhordosul.com.br\\\/site\\\/produto\\\/fonte-chaveada-30a-bivolt-colmeia-360w-cftv-12v-fita-led\\\/\",\"url\":\"https:\\\/\\\/www.lojamelhordosul.com.br\\\/site\\\/produto\\\/fonte-chaveada-30a-bivolt-colmeia-360w-cftv-12v-fita-led\\\/\",\"name\":\"Fonte Chaveada 30a Bivolt Colmeia 360w Cftv 12v - Loja Melhor do Sul Sistemas de Seguran\u00e7a\",\"isPartOf\":{\"@id\":\"https:\\\/\\\/www.lojamelhordosul.com.br\\\/site\\\/#website\"},\"primaryImageOfPage\":{\"@id\":\"https:\\\/\\\/www.lojamelhordosul.com.br\\\/site\\\/produto\\\/fonte-chaveada-30a-bivolt-colmeia-360w-cftv-12v-fita-led\\\/#primaryimage\"},\"image\":{\"@id\":\"https:\\\/\\\/www.lojamelhordosul.com.br\\\/site\\\/produto\\\/fonte-chaveada-30a-bivolt-colmeia-360w-cftv-12v-fita-led\\\/#primaryimage\"},\"thumbnailUrl\":\"https:\\\/\\\/www.lojamelhordosul.com.br\\\/site\\\/wp-content\\\/uploads\\\/2022\\\/02\\\/fonte-chaveada-12v-30a-amperes-360w-entrada-bivolt-110v-220v-metalica-som-automotivo-connectparts-1-.jpg\",\"datePublished\":\"2022-02-04T16:44:58+00:00\",\"dateModified\":\"2025-12-16T12:26:15+00:00\",\"breadcrumb\":{\"@id\":\"https:\\\/\\\/www.lojamelhordosul.com.br\\\/site\\\/produto\\\/fonte-chaveada-30a-bivolt-colmeia-360w-cftv-12v-fita-led\\\/#breadcrumb\"},\"inLanguage\":\"pt-BR\",\"potentialAction\":[{\"@type\":\"ReadAction\",\"target\":[\"https:\\\/\\\/www.lojamelhordosul.com.br\\\/site\\\/produto\\\/fonte-chaveada-30a-bivolt-colmeia-360w-cftv-12v-fita-led\\\/\"]}]},{\"@type\":\"ImageObject\",\"inLanguage\":\"pt-BR\",\"@id\":\"https:\\\/\\\/www.lojamelhordosul.com.br\\\/site\\\/produto\\\/fonte-chaveada-30a-bivolt-colmeia-360w-cftv-12v-fita-led\\\/#primaryimage\",\"url\":\"https:\\\/\\\/www.lojamelhordosul.com.br\\\/site\\\/wp-content\\\/uploads\\\/2022\\\/02\\\/fonte-chaveada-12v-30a-amperes-360w-entrada-bivolt-110v-220v-metalica-som-automotivo-connectparts-1-.jpg\",\"contentUrl\":\"https:\\\/\\\/www.lojamelhordosul.com.br\\\/site\\\/wp-content\\\/uploads\\\/2022\\\/02\\\/fonte-chaveada-12v-30a-amperes-360w-entrada-bivolt-110v-220v-metalica-som-automotivo-connectparts-1-.jpg\",\"width\":1000,\"height\":1000},{\"@type\":\"BreadcrumbList\",\"@id\":\"https:\\\/\\\/www.lojamelhordosul.com.br\\\/site\\\/produto\\\/fonte-chaveada-30a-bivolt-colmeia-360w-cftv-12v-fita-led\\\/#breadcrumb\",\"itemListElement\":[{\"@type\":\"ListItem\",\"position\":1,\"name\":\"In\u00edcio\",\"item\":\"https:\\\/\\\/www.lojamelhordosul.com.br\\\/site\\\/\"},{\"@type\":\"ListItem\",\"position\":2,\"name\":\"Loja\",\"item\":\"https:\\\/\\\/www.lojamelhordosul.com.br\\\/site\\\/loja\\\/\"},{\"@type\":\"ListItem\",\"position\":3,\"name\":\"Fonte Chaveada 30a Bivolt Colmeia 360w Cftv 12v\"}]},{\"@type\":\"WebSite\",\"@id\":\"https:\\\/\\\/www.lojamelhordosul.com.br\\\/site\\\/#website\",\"url\":\"https:\\\/\\\/www.lojamelhordosul.com.br\\\/site\\\/\",\"name\":\"Loja Melhor do Sul Sistemas de Seguran\u00e7a\",\"description\":\"Loja Melhor do Sul - Revenda Ouro Intelbras em Porto Alegre\",\"publisher\":{\"@id\":\"https:\\\/\\\/www.lojamelhordosul.com.br\\\/site\\\/#organization\"},\"potentialAction\":[{\"@type\":\"SearchAction\",\"target\":{\"@type\":\"EntryPoint\",\"urlTemplate\":\"https:\\\/\\\/www.lojamelhordosul.com.br\\\/site\\\/?s={search_term_string}\"},\"query-input\":{\"@type\":\"PropertyValueSpecification\",\"valueRequired\":true,\"valueName\":\"search_term_string\"}}],\"inLanguage\":\"pt-BR\"},{\"@type\":\"Organization\",\"@id\":\"https:\\\/\\\/www.lojamelhordosul.com.br\\\/site\\\/#organization\",\"name\":\"Loja Melhor do Sul\",\"url\":\"https:\\\/\\\/www.lojamelhordosul.com.br\\\/site\\\/\",\"logo\":{\"@type\":\"ImageObject\",\"inLanguage\":\"pt-BR\",\"@id\":\"https:\\\/\\\/www.lojamelhordosul.com.br\\\/site\\\/#\\\/schema\\\/logo\\\/image\\\/\",\"url\":\"https:\\\/\\\/www.lojamelhordosul.com.br\\\/site\\\/wp-content\\\/uploads\\\/2019\\\/10\\\/logo-longo-da-loja.png\",\"contentUrl\":\"https:\\\/\\\/www.lojamelhordosul.com.br\\\/site\\\/wp-content\\\/uploads\\\/2019\\\/10\\\/logo-longo-da-loja.png\",\"width\":597,\"height\":114,\"caption\":\"Loja Melhor do Sul\"},\"image\":{\"@id\":\"https:\\\/\\\/www.lojamelhordosul.com.br\\\/site\\\/#\\\/schema\\\/logo\\\/image\\\/\"}}]}<\/script>\n<!-- \/ Yoast SEO plugin. -->","yoast_head_json":{"title":"Fonte Chaveada 30a Bivolt Colmeia 360w Cftv 12v - Loja Melhor do Sul Sistemas de Seguran\u00e7a","robots":{"index":"index","follow":"follow","max-snippet":"max-snippet:-1","max-image-preview":"max-image-preview:large","max-video-preview":"max-video-preview:-1"},"canonical":"https:\/\/www.lojamelhordosul.com.br\/site\/produto\/fonte-chaveada-30a-bivolt-colmeia-360w-cftv-12v-fita-led\/","og_locale":"pt_BR","og_type":"article","og_title":"Fonte Chaveada 30a Bivolt Colmeia 360w Cftv 12v - Loja Melhor do Sul Sistemas de Seguran\u00e7a","og_description":"&nbsp; A fonte chaveada estabiliza a alimenta\u00e7\u00e3o eletr\u00f4nica atrav\u00e9s do chaveamento, onde voc\u00ea controla a corrente afim de estabilizar a tens\u00e3o de sa\u00edda. Desta forma voc\u00ea ter\u00e1 mais seguran\u00e7a ao ligar suas fitas Led, c\u00e2meras de seguran\u00e7a, som automotivo e muito mais! Possui instala\u00e7\u00e3o super simples, evitando que seja necess\u00e1rio conectores especiais! Ideal para c\u00e2meras &hellip; Continuar lendo Fonte Chaveada 30a Bivolt Colmeia 360w Cftv 12v","og_url":"https:\/\/www.lojamelhordosul.com.br\/site\/produto\/fonte-chaveada-30a-bivolt-colmeia-360w-cftv-12v-fita-led\/","og_site_name":"Loja Melhor do Sul Sistemas de Seguran\u00e7a","article_modified_time":"2025-12-16T12:26:15+00:00","og_image":[{"width":1000,"height":1000,"url":"https:\/\/www.lojamelhordosul.com.br\/site\/wp-content\/uploads\/2022\/02\/fonte-chaveada-12v-30a-amperes-360w-entrada-bivolt-110v-220v-metalica-som-automotivo-connectparts-1-.jpg","type":"image\/jpeg"}],"twitter_card":"summary_large_image","twitter_misc":{"Est. tempo de leitura":"2 minutos"},"schema":{"@context":"https:\/\/schema.org","@graph":[{"@type":"WebPage","@id":"https:\/\/www.lojamelhordosul.com.br\/site\/produto\/fonte-chaveada-30a-bivolt-colmeia-360w-cftv-12v-fita-led\/","url":"https:\/\/www.lojamelhordosul.com.br\/site\/produto\/fonte-chaveada-30a-bivolt-colmeia-360w-cftv-12v-fita-led\/","name":"Fonte Chaveada 30a Bivolt Colmeia 360w Cftv 12v - Loja Melhor do Sul Sistemas de Seguran\u00e7a","isPartOf":{"@id":"https:\/\/www.lojamelhordosul.com.br\/site\/#website"},"primaryImageOfPage":{"@id":"https:\/\/www.lojamelhordosul.com.br\/site\/produto\/fonte-chaveada-30a-bivolt-colmeia-360w-cftv-12v-fita-led\/#primaryimage"},"image":{"@id":"https:\/\/www.lojamelhordosul.com.br\/site\/produto\/fonte-chaveada-30a-bivolt-colmeia-360w-cftv-12v-fita-led\/#primaryimage"},"thumbnailUrl":"https:\/\/www.lojamelhordosul.com.br\/site\/wp-content\/uploads\/2022\/02\/fonte-chaveada-12v-30a-amperes-360w-entrada-bivolt-110v-220v-metalica-som-automotivo-connectparts-1-.jpg","datePublished":"2022-02-04T16:44:58+00:00","dateModified":"2025-12-16T12:26:15+00:00","breadcrumb":{"@id":"https:\/\/www.lojamelhordosul.com.br\/site\/produto\/fonte-chaveada-30a-bivolt-colmeia-360w-cftv-12v-fita-led\/#breadcrumb"},"inLanguage":"pt-BR","potentialAction":[{"@type":"ReadAction","target":["https:\/\/www.lojamelhordosul.com.br\/site\/produto\/fonte-chaveada-30a-bivolt-colmeia-360w-cftv-12v-fita-led\/"]}]},{"@type":"ImageObject","inLanguage":"pt-BR","@id":"https:\/\/www.lojamelhordosul.com.br\/site\/produto\/fonte-chaveada-30a-bivolt-colmeia-360w-cftv-12v-fita-led\/#primaryimage","url":"https:\/\/www.lojamelhordosul.com.br\/site\/wp-content\/uploads\/2022\/02\/fonte-chaveada-12v-30a-amperes-360w-entrada-bivolt-110v-220v-metalica-som-automotivo-connectparts-1-.jpg","contentUrl":"https:\/\/www.lojamelhordosul.com.br\/site\/wp-content\/uploads\/2022\/02\/fonte-chaveada-12v-30a-amperes-360w-entrada-bivolt-110v-220v-metalica-som-automotivo-connectparts-1-.jpg","width":1000,"height":1000},{"@type":"BreadcrumbList","@id":"https:\/\/www.lojamelhordosul.com.br\/site\/produto\/fonte-chaveada-30a-bivolt-colmeia-360w-cftv-12v-fita-led\/#breadcrumb","itemListElement":[{"@type":"ListItem","position":1,"name":"In\u00edcio","item":"https:\/\/www.lojamelhordosul.com.br\/site\/"},{"@type":"ListItem","position":2,"name":"Loja","item":"https:\/\/www.lojamelhordosul.com.br\/site\/loja\/"},{"@type":"ListItem","position":3,"name":"Fonte Chaveada 30a Bivolt Colmeia 360w Cftv 12v"}]},{"@type":"WebSite","@id":"https:\/\/www.lojamelhordosul.com.br\/site\/#website","url":"https:\/\/www.lojamelhordosul.com.br\/site\/","name":"Loja Melhor do Sul Sistemas de Seguran\u00e7a","description":"Loja Melhor do Sul - Revenda Ouro Intelbras em Porto Alegre","publisher":{"@id":"https:\/\/www.lojamelhordosul.com.br\/site\/#organization"},"potentialAction":[{"@type":"SearchAction","target":{"@type":"EntryPoint","urlTemplate":"https:\/\/www.lojamelhordosul.com.br\/site\/?s={search_term_string}"},"query-input":{"@type":"PropertyValueSpecification","valueRequired":true,"valueName":"search_term_string"}}],"inLanguage":"pt-BR"},{"@type":"Organization","@id":"https:\/\/www.lojamelhordosul.com.br\/site\/#organization","name":"Loja Melhor do Sul","url":"https:\/\/www.lojamelhordosul.com.br\/site\/","logo":{"@type":"ImageObject","inLanguage":"pt-BR","@id":"https:\/\/www.lojamelhordosul.com.br\/site\/#\/schema\/logo\/image\/","url":"https:\/\/www.lojamelhordosul.com.br\/site\/wp-content\/uploads\/2019\/10\/logo-longo-da-loja.png","contentUrl":"https:\/\/www.lojamelhordosul.com.br\/site\/wp-content\/uploads\/2019\/10\/logo-longo-da-loja.png","width":597,"height":114,"caption":"Loja Melhor do Sul"},"image":{"@id":"https:\/\/www.lojamelhordosul.com.br\/site\/#\/schema\/logo\/image\/"}}]}},"_links":{"self":[{"href":"https:\/\/www.lojamelhordosul.com.br\/site\/wp-json\/wp\/v2\/product\/12629","targetHints":{"allow":["GET"]}}],"collection":[{"href":"https:\/\/www.lojamelhordosul.com.br\/site\/wp-json\/wp\/v2\/product"}],"about":[{"href":"https:\/\/www.lojamelhordosul.com.br\/site\/wp-json\/wp\/v2\/types\/product"}],"replies":[{"embeddable":true,"href":"https:\/\/www.lojamelhordosul.com.br\/site\/wp-json\/wp\/v2\/comments?post=12629"}],"wp:featuredmedia":[{"embeddable":true,"href":"https:\/\/www.lojamelhordosul.com.br\/site\/wp-json\/wp\/v2\/media\/12631"}],"wp:attachment":[{"href":"https:\/\/www.lojamelhordosul.com.br\/site\/wp-json\/wp\/v2\/media?parent=12629"}],"wp:term":[{"taxonomy":"product_brand","embeddable":true,"href":"https:\/\/www.lojamelhordosul.com.br\/site\/wp-json\/wp\/v2\/product_brand?post=12629"},{"taxonomy":"product_cat","embeddable":true,"href":"https:\/\/www.lojamelhordosul.com.br\/site\/wp-json\/wp\/v2\/product_cat?post=12629"},{"taxonomy":"product_tag","embeddable":true,"href":"https:\/\/www.lojamelhordosul.com.br\/site\/wp-json\/wp\/v2\/product_tag?post=12629"}],"curies":[{"name":"wp","href":"https:\/\/api.w.org\/{rel}","templated":true}]}}