{"id":14664,"date":"2024-02-28T17:19:14","date_gmt":"2024-02-28T20:19:14","guid":{"rendered":"https:\/\/www.lojamelhordosul.com.br\/site\/?post_type=product&#038;p=14664"},"modified":"2026-03-10T17:42:07","modified_gmt":"2026-03-10T20:42:07","slug":"terminal-dedicado-porteiro-eletronico-de-13-teclas-xpe-1013-plus","status":"publish","type":"product","link":"https:\/\/www.lojamelhordosul.com.br\/site\/produto\/terminal-dedicado-porteiro-eletronico-de-13-teclas-xpe-1013-plus\/","title":{"rendered":"Terminal dedicado porteiro eletr\u00f4nico de 13 teclas XPE 1013 Plus"},"content":{"rendered":"<table cellspacing=\"0\" cellpadding=\"0\">\n<tbody>\n<tr>\n<td class=\"cke-align-top\"><span style=\"color: #33af2e;\"><b>XPE 1013 PLUS<\/b><\/span><\/p>\n<p><span class=\"cke-font-size-default\">Pode ser usado em qualquer posi\u00e7\u00e3o de ramal de Centrais de Comunica\u00e7\u00e3o Condominial Intelbras. Al\u00e9m de possuir um design exclusivo e f\u00e1cil instala\u00e7\u00e3o, possui abertura de fechadura atrav\u00e9s do apartamento ou senha pessoal.<\/span><\/p>\n<p><span class=\"cke-font-size-default\">\u00bb\u00a0Entrada para 2 botoeiras e 2 sensores de porta aberta<br \/>\n\u00bb\u00a0<\/span>Controle de intertravamento para entrada de pedestres (eclusa ou gaiola)<br \/>\n\u00bb\u00a0Tamper de indica\u00e7\u00e3o de viola\u00e7\u00e3o<br \/>\n\u00bb\u00a0Fonte interna Full range de 90 a 240 VAC (autom\u00e1tica)<br \/>\n\u00bb\u00a0Entrada de fonte externa de fonte 12 VDC<br \/>\n\u00bb\u00a0Teclado luminoso<br \/>\n\u00bb\u00a0Comunica\u00e7\u00e3o e abertura de fechadura atrav\u00e9s do apartamento<br \/>\n\u00bb\u00a0Abertura de fechadura imediata por senha individual<br \/>\n\u00bb\u00a0Capacidade para at\u00e9 1600 senhas de usu\u00e1rios<br \/>\n\u00bb\u00a0Programa\u00e7\u00e3o de at\u00e9 16 d\u00edgitos do prefixo e tecla portaria<br \/>\n\u00bb\u00a0Configura\u00e7\u00e3o do tipo de fechadura na sa\u00edda 2 (AUX)<br \/>\n\u00bb\u00a0Ajuste de volume de \u00e1udio por programa\u00e7\u00e3o (3 n\u00edveis)<br \/>\n\u00bb\u00a0N\u00e3o perde as programa\u00e7\u00f5es em caso de falta de energia el\u00e9trica<br \/>\n\u00bb\u00a0Mem\u00f3ria das programa\u00e7\u00f5es soqueteada<br \/>\n\u00bb\u00a0Atualiza\u00e7\u00e3o simples de firmware atrav\u00e9s de USB<\/td>\n<\/tr>\n<\/tbody>\n<\/table>\n<table cellspacing=\"0\" cellpadding=\"0\">\n<tbody>\n<tr>\n<td class=\"cke-align-top\"><img decoding=\"async\" class=\"media-element file-default\" title=\"Linha comunica\u00e7\u00e3o condominial\" src=\"http:\/\/backend.intelbras.com\/sites\/default\/files\/2019-05\/flyer_digital_comunicacao_condominial_01.png\" alt=\"Linha comunica\u00e7\u00e3o condominial\" \/><br \/>\n<span style=\"color: #33af2e;\"><b>Comunica\u00e7\u00e3o condominial<\/b>\u00a0<\/span><\/p>\n<p>A Intelbras oferece solu\u00e7\u00f5es que v\u00e3o suprir as necessidades de seguran\u00e7a dos condom\u00ednios com qualidade e praticidade. S\u00e3o produtos com alta tecnologia para ampliar a seguran\u00e7a do patrim\u00f4nio e a tranquilidadedos usu\u00e1rios.<\/td>\n<\/tr>\n<\/tbody>\n<\/table>\n<hr \/>\n<table cellspacing=\"0\" cellpadding=\"0\">\n<tbody>\n<tr>\n<td class=\"cke-align-top\"><img decoding=\"async\" class=\"media-element file-default\" title=\"Linha comunica\u00e7\u00e3o condominial\" src=\"http:\/\/backend.intelbras.com\/sites\/default\/files\/2019-05\/flyer_digital_comunicacao_condominial_02.png\" alt=\"Linha comunica\u00e7\u00e3o condominial\" \/>Centrais de comunica\u00e7\u00e3o condominial<\/p>\n<p>As centrais de comunica\u00e7\u00e3o condominial Intelbras permitem liga\u00e7\u00f5es de 48 at\u00e9 656 pontos dentro de um condom\u00ednio.<\/td>\n<\/tr>\n<\/tbody>\n<\/table>\n<hr \/>\n<table cellspacing=\"0\" cellpadding=\"0\">\n<tbody>\n<tr>\n<td class=\"cke-align-top\"><img decoding=\"async\" class=\"media-element file-default\" title=\"Linha comunica\u00e7\u00e3o condominial\" src=\"http:\/\/backend.intelbras.com\/sites\/default\/files\/2019-05\/flyer_digital_comunicacao_condominial_03.png\" alt=\"Linha comunica\u00e7\u00e3o condominial\" \/><br \/>\nLinha de terminais dedicados porteiros eletr\u00f4nicos XPE<\/p>\n<p>Os terminais dedicados porteiros para condom\u00ednio da j\u00e1 consagrada linha XPE permitem, atrav\u00e9s das centrais de comunica\u00e7\u00e3o condominial, a comunica\u00e7\u00e3o com o apartamento, guarita ou empresa de portaria remota de forma r\u00e1pida e com \u00e1udio de qualidade. A linha possui modelos com leitor RFID, acesso por senha, fun\u00e7\u00e3o intertravamento e muito mais. Al\u00e9m da praticidade na instala\u00e7\u00e3o, qualidade e seguran\u00e7a da marca Intelbras.<\/td>\n<\/tr>\n<\/tbody>\n<\/table>\n<hr \/>\n<table cellspacing=\"0\" cellpadding=\"0\">\n<tbody>\n<tr>\n<td class=\"cke-align-top\"><img decoding=\"async\" class=\"media-element file-default\" title=\"Linha comunica\u00e7\u00e3o condominial\" src=\"http:\/\/backend.intelbras.com\/sites\/default\/files\/2019-05\/flyer_digital_comunicacao_condominial_04.png\" alt=\"Linha comunica\u00e7\u00e3o condominial\" \/><br \/>\n<span style=\"color: #33af2e;\"><b>Linhas de terminais<\/b>\u00a0<\/span><\/p>\n<p>Desenvolvido para complementar as centrais de Comunica\u00e7\u00e3o Condominial Intelbras, os terminais dedicados possuem design discreto, al\u00e9m de f\u00e1cil instala\u00e7\u00e3o e manuten\u00e7\u00e3o.<\/p>\n<p>&nbsp;<\/p>\n<p>Produto beneficiado pela legisla\u00e7\u00e3o da inform\u00e1tica.<\/td>\n<\/tr>\n<\/tbody>\n<\/table>\n<p>&nbsp;<\/p>\n","protected":false},"excerpt":{"rendered":"<p>XPE 1013 PLUS Pode ser usado em qualquer posi\u00e7\u00e3o de ramal de Centrais de Comunica\u00e7\u00e3o Condominial Intelbras. Al\u00e9m de possuir um design exclusivo e f\u00e1cil instala\u00e7\u00e3o, possui abertura de fechadura atrav\u00e9s do apartamento ou senha pessoal. \u00bb\u00a0Entrada para 2 botoeiras e 2 sensores de porta aberta \u00bb\u00a0Controle de intertravamento para entrada de pedestres (eclusa ou &hellip; <a href=\"https:\/\/www.lojamelhordosul.com.br\/site\/produto\/terminal-dedicado-porteiro-eletronico-de-13-teclas-xpe-1013-plus\/\" class=\"more-link\">Continuar lendo <span class=\"screen-reader-text\">Terminal dedicado porteiro eletr\u00f4nico de 13 teclas XPE 1013 Plus<\/span><\/a><\/p>\n","protected":false},"featured_media":14665,"comment_status":"closed","ping_status":"closed","template":"","meta":[],"product_brand":[],"product_cat":[2767,2769,2772],"product_tag":[],"class_list":{"0":"post-14664","1":"product","2":"type-product","3":"status-publish","4":"has-post-thumbnail","6":"product_cat-interfonia","7":"product_cat-porteiros-eletronicos","8":"product_cat-terminais-portaria","10":"first","11":"instock","12":"sale","13":"shipping-taxable","14":"purchasable","15":"product-type-simple"},"yoast_head":"<!-- This site is optimized with the Yoast SEO plugin v27.6 - https:\/\/yoast.com\/product\/yoast-seo-wordpress\/ -->\n<title>Terminal dedicado porteiro eletr\u00f4nico de 13 teclas XPE 1013 Plus - Loja Melhor do Sul Sistemas de Seguran\u00e7a<\/title>\n<meta name=\"robots\" content=\"index, follow, max-snippet:-1, max-image-preview:large, max-video-preview:-1\" \/>\n<link rel=\"canonical\" href=\"https:\/\/www.lojamelhordosul.com.br\/site\/produto\/terminal-dedicado-porteiro-eletronico-de-13-teclas-xpe-1013-plus\/\" \/>\n<meta property=\"og:locale\" content=\"pt_BR\" \/>\n<meta property=\"og:type\" content=\"article\" \/>\n<meta property=\"og:title\" content=\"Terminal dedicado porteiro eletr\u00f4nico de 13 teclas XPE 1013 Plus - Loja Melhor do Sul Sistemas de Seguran\u00e7a\" \/>\n<meta property=\"og:description\" content=\"XPE 1013 PLUS Pode ser usado em qualquer posi\u00e7\u00e3o de ramal de Centrais de Comunica\u00e7\u00e3o Condominial Intelbras. Al\u00e9m de possuir um design exclusivo e f\u00e1cil instala\u00e7\u00e3o, possui abertura de fechadura atrav\u00e9s do apartamento ou senha pessoal. \u00bb\u00a0Entrada para 2 botoeiras e 2 sensores de porta aberta \u00bb\u00a0Controle de intertravamento para entrada de pedestres (eclusa ou &hellip; Continuar lendo Terminal dedicado porteiro eletr\u00f4nico de 13 teclas XPE 1013 Plus\" \/>\n<meta property=\"og:url\" content=\"https:\/\/www.lojamelhordosul.com.br\/site\/produto\/terminal-dedicado-porteiro-eletronico-de-13-teclas-xpe-1013-plus\/\" \/>\n<meta property=\"og:site_name\" content=\"Loja Melhor do Sul Sistemas de Seguran\u00e7a\" \/>\n<meta property=\"article:modified_time\" content=\"2026-03-10T20:42:07+00:00\" \/>\n<meta property=\"og:image\" content=\"https:\/\/www.lojamelhordosul.com.br\/site\/wp-content\/uploads\/2024\/02\/Captura-de-tela-2024-02-28-171849.png\" \/>\n\t<meta property=\"og:image:width\" content=\"509\" \/>\n\t<meta property=\"og:image:height\" content=\"446\" \/>\n\t<meta property=\"og:image:type\" content=\"image\/png\" \/>\n<meta name=\"twitter:card\" content=\"summary_large_image\" \/>\n<meta name=\"twitter:label1\" content=\"Est. tempo de leitura\" \/>\n\t<meta name=\"twitter:data1\" content=\"3 minutos\" \/>\n<script type=\"application\/ld+json\" class=\"yoast-schema-graph\">{\"@context\":\"https:\\\/\\\/schema.org\",\"@graph\":[{\"@type\":\"WebPage\",\"@id\":\"https:\\\/\\\/www.lojamelhordosul.com.br\\\/site\\\/produto\\\/terminal-dedicado-porteiro-eletronico-de-13-teclas-xpe-1013-plus\\\/\",\"url\":\"https:\\\/\\\/www.lojamelhordosul.com.br\\\/site\\\/produto\\\/terminal-dedicado-porteiro-eletronico-de-13-teclas-xpe-1013-plus\\\/\",\"name\":\"Terminal dedicado porteiro eletr\u00f4nico de 13 teclas XPE 1013 Plus - Loja Melhor do Sul Sistemas de Seguran\u00e7a\",\"isPartOf\":{\"@id\":\"https:\\\/\\\/www.lojamelhordosul.com.br\\\/site\\\/#website\"},\"primaryImageOfPage\":{\"@id\":\"https:\\\/\\\/www.lojamelhordosul.com.br\\\/site\\\/produto\\\/terminal-dedicado-porteiro-eletronico-de-13-teclas-xpe-1013-plus\\\/#primaryimage\"},\"image\":{\"@id\":\"https:\\\/\\\/www.lojamelhordosul.com.br\\\/site\\\/produto\\\/terminal-dedicado-porteiro-eletronico-de-13-teclas-xpe-1013-plus\\\/#primaryimage\"},\"thumbnailUrl\":\"https:\\\/\\\/www.lojamelhordosul.com.br\\\/site\\\/wp-content\\\/uploads\\\/2024\\\/02\\\/Captura-de-tela-2024-02-28-171849.png\",\"datePublished\":\"2024-02-28T20:19:14+00:00\",\"dateModified\":\"2026-03-10T20:42:07+00:00\",\"breadcrumb\":{\"@id\":\"https:\\\/\\\/www.lojamelhordosul.com.br\\\/site\\\/produto\\\/terminal-dedicado-porteiro-eletronico-de-13-teclas-xpe-1013-plus\\\/#breadcrumb\"},\"inLanguage\":\"pt-BR\",\"potentialAction\":[{\"@type\":\"ReadAction\",\"target\":[\"https:\\\/\\\/www.lojamelhordosul.com.br\\\/site\\\/produto\\\/terminal-dedicado-porteiro-eletronico-de-13-teclas-xpe-1013-plus\\\/\"]}]},{\"@type\":\"ImageObject\",\"inLanguage\":\"pt-BR\",\"@id\":\"https:\\\/\\\/www.lojamelhordosul.com.br\\\/site\\\/produto\\\/terminal-dedicado-porteiro-eletronico-de-13-teclas-xpe-1013-plus\\\/#primaryimage\",\"url\":\"https:\\\/\\\/www.lojamelhordosul.com.br\\\/site\\\/wp-content\\\/uploads\\\/2024\\\/02\\\/Captura-de-tela-2024-02-28-171849.png\",\"contentUrl\":\"https:\\\/\\\/www.lojamelhordosul.com.br\\\/site\\\/wp-content\\\/uploads\\\/2024\\\/02\\\/Captura-de-tela-2024-02-28-171849.png\",\"width\":509,\"height\":446},{\"@type\":\"BreadcrumbList\",\"@id\":\"https:\\\/\\\/www.lojamelhordosul.com.br\\\/site\\\/produto\\\/terminal-dedicado-porteiro-eletronico-de-13-teclas-xpe-1013-plus\\\/#breadcrumb\",\"itemListElement\":[{\"@type\":\"ListItem\",\"position\":1,\"name\":\"In\u00edcio\",\"item\":\"https:\\\/\\\/www.lojamelhordosul.com.br\\\/site\\\/\"},{\"@type\":\"ListItem\",\"position\":2,\"name\":\"Loja\",\"item\":\"https:\\\/\\\/www.lojamelhordosul.com.br\\\/site\\\/loja\\\/\"},{\"@type\":\"ListItem\",\"position\":3,\"name\":\"Terminal dedicado porteiro eletr\u00f4nico de 13 teclas XPE 1013 Plus\"}]},{\"@type\":\"WebSite\",\"@id\":\"https:\\\/\\\/www.lojamelhordosul.com.br\\\/site\\\/#website\",\"url\":\"https:\\\/\\\/www.lojamelhordosul.com.br\\\/site\\\/\",\"name\":\"Loja Melhor do Sul Sistemas de Seguran\u00e7a\",\"description\":\"Loja Melhor do Sul - Revenda Ouro Intelbras em Porto Alegre\",\"publisher\":{\"@id\":\"https:\\\/\\\/www.lojamelhordosul.com.br\\\/site\\\/#organization\"},\"potentialAction\":[{\"@type\":\"SearchAction\",\"target\":{\"@type\":\"EntryPoint\",\"urlTemplate\":\"https:\\\/\\\/www.lojamelhordosul.com.br\\\/site\\\/?s={search_term_string}\"},\"query-input\":{\"@type\":\"PropertyValueSpecification\",\"valueRequired\":true,\"valueName\":\"search_term_string\"}}],\"inLanguage\":\"pt-BR\"},{\"@type\":\"Organization\",\"@id\":\"https:\\\/\\\/www.lojamelhordosul.com.br\\\/site\\\/#organization\",\"name\":\"Loja Melhor do Sul\",\"url\":\"https:\\\/\\\/www.lojamelhordosul.com.br\\\/site\\\/\",\"logo\":{\"@type\":\"ImageObject\",\"inLanguage\":\"pt-BR\",\"@id\":\"https:\\\/\\\/www.lojamelhordosul.com.br\\\/site\\\/#\\\/schema\\\/logo\\\/image\\\/\",\"url\":\"https:\\\/\\\/www.lojamelhordosul.com.br\\\/site\\\/wp-content\\\/uploads\\\/2019\\\/10\\\/logo-longo-da-loja.png\",\"contentUrl\":\"https:\\\/\\\/www.lojamelhordosul.com.br\\\/site\\\/wp-content\\\/uploads\\\/2019\\\/10\\\/logo-longo-da-loja.png\",\"width\":597,\"height\":114,\"caption\":\"Loja Melhor do Sul\"},\"image\":{\"@id\":\"https:\\\/\\\/www.lojamelhordosul.com.br\\\/site\\\/#\\\/schema\\\/logo\\\/image\\\/\"}}]}<\/script>\n<!-- \/ Yoast SEO plugin. -->","yoast_head_json":{"title":"Terminal dedicado porteiro eletr\u00f4nico de 13 teclas XPE 1013 Plus - Loja Melhor do Sul Sistemas de Seguran\u00e7a","robots":{"index":"index","follow":"follow","max-snippet":"max-snippet:-1","max-image-preview":"max-image-preview:large","max-video-preview":"max-video-preview:-1"},"canonical":"https:\/\/www.lojamelhordosul.com.br\/site\/produto\/terminal-dedicado-porteiro-eletronico-de-13-teclas-xpe-1013-plus\/","og_locale":"pt_BR","og_type":"article","og_title":"Terminal dedicado porteiro eletr\u00f4nico de 13 teclas XPE 1013 Plus - Loja Melhor do Sul Sistemas de Seguran\u00e7a","og_description":"XPE 1013 PLUS Pode ser usado em qualquer posi\u00e7\u00e3o de ramal de Centrais de Comunica\u00e7\u00e3o Condominial Intelbras. Al\u00e9m de possuir um design exclusivo e f\u00e1cil instala\u00e7\u00e3o, possui abertura de fechadura atrav\u00e9s do apartamento ou senha pessoal. \u00bb\u00a0Entrada para 2 botoeiras e 2 sensores de porta aberta \u00bb\u00a0Controle de intertravamento para entrada de pedestres (eclusa ou &hellip; Continuar lendo Terminal dedicado porteiro eletr\u00f4nico de 13 teclas XPE 1013 Plus","og_url":"https:\/\/www.lojamelhordosul.com.br\/site\/produto\/terminal-dedicado-porteiro-eletronico-de-13-teclas-xpe-1013-plus\/","og_site_name":"Loja Melhor do Sul Sistemas de Seguran\u00e7a","article_modified_time":"2026-03-10T20:42:07+00:00","og_image":[{"width":509,"height":446,"url":"https:\/\/www.lojamelhordosul.com.br\/site\/wp-content\/uploads\/2024\/02\/Captura-de-tela-2024-02-28-171849.png","type":"image\/png"}],"twitter_card":"summary_large_image","twitter_misc":{"Est. tempo de leitura":"3 minutos"},"schema":{"@context":"https:\/\/schema.org","@graph":[{"@type":"WebPage","@id":"https:\/\/www.lojamelhordosul.com.br\/site\/produto\/terminal-dedicado-porteiro-eletronico-de-13-teclas-xpe-1013-plus\/","url":"https:\/\/www.lojamelhordosul.com.br\/site\/produto\/terminal-dedicado-porteiro-eletronico-de-13-teclas-xpe-1013-plus\/","name":"Terminal dedicado porteiro eletr\u00f4nico de 13 teclas XPE 1013 Plus - Loja Melhor do Sul Sistemas de Seguran\u00e7a","isPartOf":{"@id":"https:\/\/www.lojamelhordosul.com.br\/site\/#website"},"primaryImageOfPage":{"@id":"https:\/\/www.lojamelhordosul.com.br\/site\/produto\/terminal-dedicado-porteiro-eletronico-de-13-teclas-xpe-1013-plus\/#primaryimage"},"image":{"@id":"https:\/\/www.lojamelhordosul.com.br\/site\/produto\/terminal-dedicado-porteiro-eletronico-de-13-teclas-xpe-1013-plus\/#primaryimage"},"thumbnailUrl":"https:\/\/www.lojamelhordosul.com.br\/site\/wp-content\/uploads\/2024\/02\/Captura-de-tela-2024-02-28-171849.png","datePublished":"2024-02-28T20:19:14+00:00","dateModified":"2026-03-10T20:42:07+00:00","breadcrumb":{"@id":"https:\/\/www.lojamelhordosul.com.br\/site\/produto\/terminal-dedicado-porteiro-eletronico-de-13-teclas-xpe-1013-plus\/#breadcrumb"},"inLanguage":"pt-BR","potentialAction":[{"@type":"ReadAction","target":["https:\/\/www.lojamelhordosul.com.br\/site\/produto\/terminal-dedicado-porteiro-eletronico-de-13-teclas-xpe-1013-plus\/"]}]},{"@type":"ImageObject","inLanguage":"pt-BR","@id":"https:\/\/www.lojamelhordosul.com.br\/site\/produto\/terminal-dedicado-porteiro-eletronico-de-13-teclas-xpe-1013-plus\/#primaryimage","url":"https:\/\/www.lojamelhordosul.com.br\/site\/wp-content\/uploads\/2024\/02\/Captura-de-tela-2024-02-28-171849.png","contentUrl":"https:\/\/www.lojamelhordosul.com.br\/site\/wp-content\/uploads\/2024\/02\/Captura-de-tela-2024-02-28-171849.png","width":509,"height":446},{"@type":"BreadcrumbList","@id":"https:\/\/www.lojamelhordosul.com.br\/site\/produto\/terminal-dedicado-porteiro-eletronico-de-13-teclas-xpe-1013-plus\/#breadcrumb","itemListElement":[{"@type":"ListItem","position":1,"name":"In\u00edcio","item":"https:\/\/www.lojamelhordosul.com.br\/site\/"},{"@type":"ListItem","position":2,"name":"Loja","item":"https:\/\/www.lojamelhordosul.com.br\/site\/loja\/"},{"@type":"ListItem","position":3,"name":"Terminal dedicado porteiro eletr\u00f4nico de 13 teclas XPE 1013 Plus"}]},{"@type":"WebSite","@id":"https:\/\/www.lojamelhordosul.com.br\/site\/#website","url":"https:\/\/www.lojamelhordosul.com.br\/site\/","name":"Loja Melhor do Sul Sistemas de Seguran\u00e7a","description":"Loja Melhor do Sul - Revenda Ouro Intelbras em Porto Alegre","publisher":{"@id":"https:\/\/www.lojamelhordosul.com.br\/site\/#organization"},"potentialAction":[{"@type":"SearchAction","target":{"@type":"EntryPoint","urlTemplate":"https:\/\/www.lojamelhordosul.com.br\/site\/?s={search_term_string}"},"query-input":{"@type":"PropertyValueSpecification","valueRequired":true,"valueName":"search_term_string"}}],"inLanguage":"pt-BR"},{"@type":"Organization","@id":"https:\/\/www.lojamelhordosul.com.br\/site\/#organization","name":"Loja Melhor do Sul","url":"https:\/\/www.lojamelhordosul.com.br\/site\/","logo":{"@type":"ImageObject","inLanguage":"pt-BR","@id":"https:\/\/www.lojamelhordosul.com.br\/site\/#\/schema\/logo\/image\/","url":"https:\/\/www.lojamelhordosul.com.br\/site\/wp-content\/uploads\/2019\/10\/logo-longo-da-loja.png","contentUrl":"https:\/\/www.lojamelhordosul.com.br\/site\/wp-content\/uploads\/2019\/10\/logo-longo-da-loja.png","width":597,"height":114,"caption":"Loja Melhor do Sul"},"image":{"@id":"https:\/\/www.lojamelhordosul.com.br\/site\/#\/schema\/logo\/image\/"}}]}},"_links":{"self":[{"href":"https:\/\/www.lojamelhordosul.com.br\/site\/wp-json\/wp\/v2\/product\/14664","targetHints":{"allow":["GET"]}}],"collection":[{"href":"https:\/\/www.lojamelhordosul.com.br\/site\/wp-json\/wp\/v2\/product"}],"about":[{"href":"https:\/\/www.lojamelhordosul.com.br\/site\/wp-json\/wp\/v2\/types\/product"}],"replies":[{"embeddable":true,"href":"https:\/\/www.lojamelhordosul.com.br\/site\/wp-json\/wp\/v2\/comments?post=14664"}],"wp:featuredmedia":[{"embeddable":true,"href":"https:\/\/www.lojamelhordosul.com.br\/site\/wp-json\/wp\/v2\/media\/14665"}],"wp:attachment":[{"href":"https:\/\/www.lojamelhordosul.com.br\/site\/wp-json\/wp\/v2\/media?parent=14664"}],"wp:term":[{"taxonomy":"product_brand","embeddable":true,"href":"https:\/\/www.lojamelhordosul.com.br\/site\/wp-json\/wp\/v2\/product_brand?post=14664"},{"taxonomy":"product_cat","embeddable":true,"href":"https:\/\/www.lojamelhordosul.com.br\/site\/wp-json\/wp\/v2\/product_cat?post=14664"},{"taxonomy":"product_tag","embeddable":true,"href":"https:\/\/www.lojamelhordosul.com.br\/site\/wp-json\/wp\/v2\/product_tag?post=14664"}],"curies":[{"name":"wp","href":"https:\/\/api.w.org\/{rel}","templated":true}]}}