{"id":14731,"date":"2024-06-06T15:10:30","date_gmt":"2024-06-06T18:10:30","guid":{"rendered":"https:\/\/www.lojamelhordosul.com.br\/site\/?post_type=product&#038;p=14731"},"modified":"2026-01-30T13:30:54","modified_gmt":"2026-01-30T16:30:54","slug":"controle-para-carro-com-camera-espia","status":"publish","type":"product","link":"https:\/\/www.lojamelhordosul.com.br\/site\/produto\/controle-para-carro-com-camera-espia\/","title":{"rendered":"Controle para carro com c\u00e2mera espi\u00e3"},"content":{"rendered":"<p>&nbsp;<\/p>\n<p><strong>Siga os passos nas instru\u00e7\u00f5es para configurar sua c\u00e2mera corretamente.<\/strong><\/p>\n<p>1-Pressione a tecla liga\/desliga para ligar a c\u00e2mera.<br \/>\nPressione a tecla liga\/desliga por 3 segundos para deslig\u00e1-la.<br \/>\n(Quando a c\u00e2mera estiver ligada, voc\u00ea pode pressionar reset por 5 segundos para reiniciar a c\u00e2mera para as configura\u00e7\u00f5es de f\u00e1brica).<\/p>\n<p>Modo I- Representado pela luz vermelha do indicador-chave \u00e9 o indicador de energia, que est\u00e1 sempre ligado quando a energia est\u00e1 ligada. A luz azul \u00e9 o indicador Wi-Fi.<br \/>\nModo espec\u00edfico \u00e9 o seguinte: 1- Modo ponto a ponto: a luz azul pisca lentamente.<br \/>\nConfigura\u00e7\u00e3o da c\u00e2mera remota conclu\u00edda: a luz azul est\u00e1 sempre acesa.<br \/>\nSe voc\u00ea n\u00e3o tiver certeza de qual modo \u00e9, reinicie a c\u00e2mera e coloque-a no modo ponto a ponto. nota: esta redefini\u00e7\u00e3o funciona apenas quando a luz azul est\u00e1 sempre acesa ou pisca lentamente. pressione a tecla reset por cerca de 5 segundos at\u00e9 que todos os indicadores se apaguem e solte at\u00e9 a c\u00e2mera iniciar (cerca de 30 segundos).<\/p>\n<p>II. Baixe o software APP<br \/>\nM\u00e9todo 1. Digitalize o c\u00f3digo QR (Figura 1) e entre na p\u00e1gina de download (Figura 2).<br \/>\nOpte por baixar o software de acordo com o sistema do celular.<br \/>\nBaixe e instale o cliente do computador atrav\u00e9s do endere\u00e7o de download http:\/\/lookcam.ffvv.xyz:8800\/lookcam_download.html<\/p>\n<p>Clique no \u00edcone de configura\u00e7\u00e3o &#8211; Configura\u00e7\u00e3o avan\u00e7ada &#8211; Configura\u00e7\u00e3o de conex\u00e3o WiFi &#8211; Encontrar WiFi &#8211; Digite a senha &#8211; Clique em OK e a c\u00e2mera ser\u00e1 reiniciada automaticamente.<br \/>\n(Aguarde a c\u00e2mera reiniciar (cerca de 40 segundos).<br \/>\nA c\u00e2mera deixar\u00e1 de estar off-line, momento em que o v\u00eddeo vis\u00edvel poder\u00e1 ser acessado remotamente.)<\/p>\n<p>Ao conectar ao controle remoto, certifique-se de inserir a senha WIFI correta. Caso contr\u00e1rio, a c\u00e2mera ser\u00e1 reiniciada automaticamente ap\u00f3s clicar em OK.<br \/>\nNo entanto, devido \u00e0 senha errada, a c\u00e2mera n\u00e3o estar\u00e1 on-line e ser\u00e1 necess\u00e1rio redefini-la e emparelh\u00e1-la novamente.<\/p>\n<p>Especifica\u00e7\u00f5es e par\u00e2metros<br \/>\nQual cart\u00e3o Micro SD \u00e9 necess\u00e1rio para grava\u00e7\u00e3o?<br \/>\nPor que posso usar meu cart\u00e3o Micro SD para grava\u00e7\u00e3o? A c\u00e2mera suporta cart\u00e3o Micro SD de at\u00e9 128 GB. Voc\u00ea deve formatar o Micro SD antes de us\u00e1-lo. Se o cart\u00e3o SD n\u00e3o for reconhecido quando inserido na c\u00e2mera, basta remov\u00ea-lo e inseri-lo novamente.<br \/>\nPor que a c\u00e2mera n\u00e3o consegue ficar online?<br \/>\n1. Impotente.<br \/>\n2. Verifique se o seu roteador est\u00e1 funcionando corretamente ou n\u00e3o.<br \/>\n3. Sinal Wi-Fi fraco.<br \/>\n4. Senha errada durante a configura\u00e7\u00e3o do Wi-Fi.<br \/>\nPor que o monitoramento remoto n\u00e3o \u00e9 tranquilo? Voc\u00ea deve escolher uma resolu\u00e7\u00e3o adequada para assistir de acordo com a velocidade da sua internet.<br \/>\nPor que n\u00e3o consigo salvar no meu cart\u00e3o SD? O cart\u00e3o SD deve ser formatado se esta for a primeira vez que o utiliza.<br \/>\nComo fa\u00e7o quando esqueci minha senha? Pressione a tecla reset por 10 segundos e restaure a configura\u00e7\u00e3o de f\u00e1brica.<br \/>\n5. A senha inicial para cada c\u00e2mera \u00e9 123456. Altere a senha para garantir a seguran\u00e7a de sua c\u00e2mera.<br \/>\n6. Se a c\u00e2mera n\u00e3o puder ser conectada ao roteador, reinicie e conecte os pontos de acesso antes de concluir a configura\u00e7\u00e3o.<\/p>\n","protected":false},"excerpt":{"rendered":"<p>&nbsp; Siga os passos nas instru\u00e7\u00f5es para configurar sua c\u00e2mera corretamente. 1-Pressione a tecla liga\/desliga para ligar a c\u00e2mera. Pressione a tecla liga\/desliga por 3 segundos para deslig\u00e1-la. (Quando a c\u00e2mera estiver ligada, voc\u00ea pode pressionar reset por 5 segundos para reiniciar a c\u00e2mera para as configura\u00e7\u00f5es de f\u00e1brica). Modo I- Representado pela luz vermelha &hellip; <a href=\"https:\/\/www.lojamelhordosul.com.br\/site\/produto\/controle-para-carro-com-camera-espia\/\" class=\"more-link\">Continuar lendo <span class=\"screen-reader-text\">Controle para carro com c\u00e2mera espi\u00e3<\/span><\/a><\/p>\n","protected":false},"featured_media":14732,"comment_status":"closed","ping_status":"closed","template":"","meta":[],"product_brand":[],"product_cat":[2735],"product_tag":[],"class_list":{"0":"post-14731","1":"product","2":"type-product","3":"status-publish","4":"has-post-thumbnail","6":"product_cat-linha-espia","8":"first","9":"onbackorder","10":"shipping-taxable","11":"purchasable","12":"product-type-simple"},"yoast_head":"<!-- This site is optimized with the Yoast SEO plugin v27.4 - https:\/\/yoast.com\/product\/yoast-seo-wordpress\/ -->\n<title>Controle para carro com c\u00e2mera espi\u00e3 - Loja Melhor do Sul Sistemas de Seguran\u00e7a<\/title>\n<meta name=\"robots\" content=\"index, follow, max-snippet:-1, max-image-preview:large, max-video-preview:-1\" \/>\n<link rel=\"canonical\" href=\"https:\/\/www.lojamelhordosul.com.br\/site\/produto\/controle-para-carro-com-camera-espia\/\" \/>\n<meta property=\"og:locale\" content=\"pt_BR\" \/>\n<meta property=\"og:type\" content=\"article\" \/>\n<meta property=\"og:title\" content=\"Controle para carro com c\u00e2mera espi\u00e3 - Loja Melhor do Sul Sistemas de Seguran\u00e7a\" \/>\n<meta property=\"og:description\" content=\"&nbsp; Siga os passos nas instru\u00e7\u00f5es para configurar sua c\u00e2mera corretamente. 1-Pressione a tecla liga\/desliga para ligar a c\u00e2mera. Pressione a tecla liga\/desliga por 3 segundos para deslig\u00e1-la. (Quando a c\u00e2mera estiver ligada, voc\u00ea pode pressionar reset por 5 segundos para reiniciar a c\u00e2mera para as configura\u00e7\u00f5es de f\u00e1brica). Modo I- Representado pela luz vermelha &hellip; Continuar lendo Controle para carro com c\u00e2mera espi\u00e3\" \/>\n<meta property=\"og:url\" content=\"https:\/\/www.lojamelhordosul.com.br\/site\/produto\/controle-para-carro-com-camera-espia\/\" \/>\n<meta property=\"og:site_name\" content=\"Loja Melhor do Sul Sistemas de Seguran\u00e7a\" \/>\n<meta property=\"article:modified_time\" content=\"2026-01-30T16:30:54+00:00\" \/>\n<meta property=\"og:image\" content=\"https:\/\/www.lojamelhordosul.com.br\/site\/wp-content\/uploads\/2024\/06\/Captura-de-tela-2024-06-06-150854.png\" \/>\n\t<meta property=\"og:image:width\" content=\"627\" \/>\n\t<meta property=\"og:image:height\" content=\"595\" \/>\n\t<meta property=\"og:image:type\" content=\"image\/png\" \/>\n<meta name=\"twitter:card\" content=\"summary_large_image\" \/>\n<meta name=\"twitter:label1\" content=\"Est. tempo de leitura\" \/>\n\t<meta name=\"twitter:data1\" content=\"3 minutos\" \/>\n<script type=\"application\/ld+json\" class=\"yoast-schema-graph\">{\"@context\":\"https:\\\/\\\/schema.org\",\"@graph\":[{\"@type\":\"WebPage\",\"@id\":\"https:\\\/\\\/www.lojamelhordosul.com.br\\\/site\\\/produto\\\/controle-para-carro-com-camera-espia\\\/\",\"url\":\"https:\\\/\\\/www.lojamelhordosul.com.br\\\/site\\\/produto\\\/controle-para-carro-com-camera-espia\\\/\",\"name\":\"Controle para carro com c\u00e2mera espi\u00e3 - Loja Melhor do Sul Sistemas de Seguran\u00e7a\",\"isPartOf\":{\"@id\":\"https:\\\/\\\/www.lojamelhordosul.com.br\\\/site\\\/#website\"},\"primaryImageOfPage\":{\"@id\":\"https:\\\/\\\/www.lojamelhordosul.com.br\\\/site\\\/produto\\\/controle-para-carro-com-camera-espia\\\/#primaryimage\"},\"image\":{\"@id\":\"https:\\\/\\\/www.lojamelhordosul.com.br\\\/site\\\/produto\\\/controle-para-carro-com-camera-espia\\\/#primaryimage\"},\"thumbnailUrl\":\"https:\\\/\\\/www.lojamelhordosul.com.br\\\/site\\\/wp-content\\\/uploads\\\/2024\\\/06\\\/Captura-de-tela-2024-06-06-150854.png\",\"datePublished\":\"2024-06-06T18:10:30+00:00\",\"dateModified\":\"2026-01-30T16:30:54+00:00\",\"breadcrumb\":{\"@id\":\"https:\\\/\\\/www.lojamelhordosul.com.br\\\/site\\\/produto\\\/controle-para-carro-com-camera-espia\\\/#breadcrumb\"},\"inLanguage\":\"pt-BR\",\"potentialAction\":[{\"@type\":\"ReadAction\",\"target\":[\"https:\\\/\\\/www.lojamelhordosul.com.br\\\/site\\\/produto\\\/controle-para-carro-com-camera-espia\\\/\"]}]},{\"@type\":\"ImageObject\",\"inLanguage\":\"pt-BR\",\"@id\":\"https:\\\/\\\/www.lojamelhordosul.com.br\\\/site\\\/produto\\\/controle-para-carro-com-camera-espia\\\/#primaryimage\",\"url\":\"https:\\\/\\\/www.lojamelhordosul.com.br\\\/site\\\/wp-content\\\/uploads\\\/2024\\\/06\\\/Captura-de-tela-2024-06-06-150854.png\",\"contentUrl\":\"https:\\\/\\\/www.lojamelhordosul.com.br\\\/site\\\/wp-content\\\/uploads\\\/2024\\\/06\\\/Captura-de-tela-2024-06-06-150854.png\",\"width\":\"627\",\"height\":\"595\"},{\"@type\":\"BreadcrumbList\",\"@id\":\"https:\\\/\\\/www.lojamelhordosul.com.br\\\/site\\\/produto\\\/controle-para-carro-com-camera-espia\\\/#breadcrumb\",\"itemListElement\":[{\"@type\":\"ListItem\",\"position\":1,\"name\":\"In\u00edcio\",\"item\":\"https:\\\/\\\/www.lojamelhordosul.com.br\\\/site\\\/\"},{\"@type\":\"ListItem\",\"position\":2,\"name\":\"Loja\",\"item\":\"https:\\\/\\\/www.lojamelhordosul.com.br\\\/site\\\/loja\\\/\"},{\"@type\":\"ListItem\",\"position\":3,\"name\":\"Controle para carro com c\u00e2mera espi\u00e3\"}]},{\"@type\":\"WebSite\",\"@id\":\"https:\\\/\\\/www.lojamelhordosul.com.br\\\/site\\\/#website\",\"url\":\"https:\\\/\\\/www.lojamelhordosul.com.br\\\/site\\\/\",\"name\":\"Loja Melhor do Sul Sistemas de Seguran\u00e7a\",\"description\":\"Loja Melhor do Sul - Revenda Ouro Intelbras em Porto Alegre\",\"publisher\":{\"@id\":\"https:\\\/\\\/www.lojamelhordosul.com.br\\\/site\\\/#organization\"},\"potentialAction\":[{\"@type\":\"SearchAction\",\"target\":{\"@type\":\"EntryPoint\",\"urlTemplate\":\"https:\\\/\\\/www.lojamelhordosul.com.br\\\/site\\\/?s={search_term_string}\"},\"query-input\":{\"@type\":\"PropertyValueSpecification\",\"valueRequired\":true,\"valueName\":\"search_term_string\"}}],\"inLanguage\":\"pt-BR\"},{\"@type\":\"Organization\",\"@id\":\"https:\\\/\\\/www.lojamelhordosul.com.br\\\/site\\\/#organization\",\"name\":\"Loja Melhor do Sul\",\"url\":\"https:\\\/\\\/www.lojamelhordosul.com.br\\\/site\\\/\",\"logo\":{\"@type\":\"ImageObject\",\"inLanguage\":\"pt-BR\",\"@id\":\"https:\\\/\\\/www.lojamelhordosul.com.br\\\/site\\\/#\\\/schema\\\/logo\\\/image\\\/\",\"url\":\"https:\\\/\\\/www.lojamelhordosul.com.br\\\/site\\\/wp-content\\\/uploads\\\/2019\\\/10\\\/logo-longo-da-loja.png\",\"contentUrl\":\"https:\\\/\\\/www.lojamelhordosul.com.br\\\/site\\\/wp-content\\\/uploads\\\/2019\\\/10\\\/logo-longo-da-loja.png\",\"width\":597,\"height\":114,\"caption\":\"Loja Melhor do Sul\"},\"image\":{\"@id\":\"https:\\\/\\\/www.lojamelhordosul.com.br\\\/site\\\/#\\\/schema\\\/logo\\\/image\\\/\"}}]}<\/script>\n<!-- \/ Yoast SEO plugin. -->","yoast_head_json":{"title":"Controle para carro com c\u00e2mera espi\u00e3 - Loja Melhor do Sul Sistemas de Seguran\u00e7a","robots":{"index":"index","follow":"follow","max-snippet":"max-snippet:-1","max-image-preview":"max-image-preview:large","max-video-preview":"max-video-preview:-1"},"canonical":"https:\/\/www.lojamelhordosul.com.br\/site\/produto\/controle-para-carro-com-camera-espia\/","og_locale":"pt_BR","og_type":"article","og_title":"Controle para carro com c\u00e2mera espi\u00e3 - Loja Melhor do Sul Sistemas de Seguran\u00e7a","og_description":"&nbsp; Siga os passos nas instru\u00e7\u00f5es para configurar sua c\u00e2mera corretamente. 1-Pressione a tecla liga\/desliga para ligar a c\u00e2mera. Pressione a tecla liga\/desliga por 3 segundos para deslig\u00e1-la. (Quando a c\u00e2mera estiver ligada, voc\u00ea pode pressionar reset por 5 segundos para reiniciar a c\u00e2mera para as configura\u00e7\u00f5es de f\u00e1brica). Modo I- Representado pela luz vermelha &hellip; Continuar lendo Controle para carro com c\u00e2mera espi\u00e3","og_url":"https:\/\/www.lojamelhordosul.com.br\/site\/produto\/controle-para-carro-com-camera-espia\/","og_site_name":"Loja Melhor do Sul Sistemas de Seguran\u00e7a","article_modified_time":"2026-01-30T16:30:54+00:00","og_image":[{"width":627,"height":595,"url":"https:\/\/www.lojamelhordosul.com.br\/site\/wp-content\/uploads\/2024\/06\/Captura-de-tela-2024-06-06-150854.png","type":"image\/png"}],"twitter_card":"summary_large_image","twitter_misc":{"Est. tempo de leitura":"3 minutos"},"schema":{"@context":"https:\/\/schema.org","@graph":[{"@type":"WebPage","@id":"https:\/\/www.lojamelhordosul.com.br\/site\/produto\/controle-para-carro-com-camera-espia\/","url":"https:\/\/www.lojamelhordosul.com.br\/site\/produto\/controle-para-carro-com-camera-espia\/","name":"Controle para carro com c\u00e2mera espi\u00e3 - Loja Melhor do Sul Sistemas de Seguran\u00e7a","isPartOf":{"@id":"https:\/\/www.lojamelhordosul.com.br\/site\/#website"},"primaryImageOfPage":{"@id":"https:\/\/www.lojamelhordosul.com.br\/site\/produto\/controle-para-carro-com-camera-espia\/#primaryimage"},"image":{"@id":"https:\/\/www.lojamelhordosul.com.br\/site\/produto\/controle-para-carro-com-camera-espia\/#primaryimage"},"thumbnailUrl":"https:\/\/www.lojamelhordosul.com.br\/site\/wp-content\/uploads\/2024\/06\/Captura-de-tela-2024-06-06-150854.png","datePublished":"2024-06-06T18:10:30+00:00","dateModified":"2026-01-30T16:30:54+00:00","breadcrumb":{"@id":"https:\/\/www.lojamelhordosul.com.br\/site\/produto\/controle-para-carro-com-camera-espia\/#breadcrumb"},"inLanguage":"pt-BR","potentialAction":[{"@type":"ReadAction","target":["https:\/\/www.lojamelhordosul.com.br\/site\/produto\/controle-para-carro-com-camera-espia\/"]}]},{"@type":"ImageObject","inLanguage":"pt-BR","@id":"https:\/\/www.lojamelhordosul.com.br\/site\/produto\/controle-para-carro-com-camera-espia\/#primaryimage","url":"https:\/\/www.lojamelhordosul.com.br\/site\/wp-content\/uploads\/2024\/06\/Captura-de-tela-2024-06-06-150854.png","contentUrl":"https:\/\/www.lojamelhordosul.com.br\/site\/wp-content\/uploads\/2024\/06\/Captura-de-tela-2024-06-06-150854.png","width":"627","height":"595"},{"@type":"BreadcrumbList","@id":"https:\/\/www.lojamelhordosul.com.br\/site\/produto\/controle-para-carro-com-camera-espia\/#breadcrumb","itemListElement":[{"@type":"ListItem","position":1,"name":"In\u00edcio","item":"https:\/\/www.lojamelhordosul.com.br\/site\/"},{"@type":"ListItem","position":2,"name":"Loja","item":"https:\/\/www.lojamelhordosul.com.br\/site\/loja\/"},{"@type":"ListItem","position":3,"name":"Controle para carro com c\u00e2mera espi\u00e3"}]},{"@type":"WebSite","@id":"https:\/\/www.lojamelhordosul.com.br\/site\/#website","url":"https:\/\/www.lojamelhordosul.com.br\/site\/","name":"Loja Melhor do Sul Sistemas de Seguran\u00e7a","description":"Loja Melhor do Sul - Revenda Ouro Intelbras em Porto Alegre","publisher":{"@id":"https:\/\/www.lojamelhordosul.com.br\/site\/#organization"},"potentialAction":[{"@type":"SearchAction","target":{"@type":"EntryPoint","urlTemplate":"https:\/\/www.lojamelhordosul.com.br\/site\/?s={search_term_string}"},"query-input":{"@type":"PropertyValueSpecification","valueRequired":true,"valueName":"search_term_string"}}],"inLanguage":"pt-BR"},{"@type":"Organization","@id":"https:\/\/www.lojamelhordosul.com.br\/site\/#organization","name":"Loja Melhor do Sul","url":"https:\/\/www.lojamelhordosul.com.br\/site\/","logo":{"@type":"ImageObject","inLanguage":"pt-BR","@id":"https:\/\/www.lojamelhordosul.com.br\/site\/#\/schema\/logo\/image\/","url":"https:\/\/www.lojamelhordosul.com.br\/site\/wp-content\/uploads\/2019\/10\/logo-longo-da-loja.png","contentUrl":"https:\/\/www.lojamelhordosul.com.br\/site\/wp-content\/uploads\/2019\/10\/logo-longo-da-loja.png","width":597,"height":114,"caption":"Loja Melhor do Sul"},"image":{"@id":"https:\/\/www.lojamelhordosul.com.br\/site\/#\/schema\/logo\/image\/"}}]}},"_links":{"self":[{"href":"https:\/\/www.lojamelhordosul.com.br\/site\/wp-json\/wp\/v2\/product\/14731","targetHints":{"allow":["GET"]}}],"collection":[{"href":"https:\/\/www.lojamelhordosul.com.br\/site\/wp-json\/wp\/v2\/product"}],"about":[{"href":"https:\/\/www.lojamelhordosul.com.br\/site\/wp-json\/wp\/v2\/types\/product"}],"replies":[{"embeddable":true,"href":"https:\/\/www.lojamelhordosul.com.br\/site\/wp-json\/wp\/v2\/comments?post=14731"}],"wp:featuredmedia":[{"embeddable":true,"href":"https:\/\/www.lojamelhordosul.com.br\/site\/wp-json\/wp\/v2\/media\/14732"}],"wp:attachment":[{"href":"https:\/\/www.lojamelhordosul.com.br\/site\/wp-json\/wp\/v2\/media?parent=14731"}],"wp:term":[{"taxonomy":"product_brand","embeddable":true,"href":"https:\/\/www.lojamelhordosul.com.br\/site\/wp-json\/wp\/v2\/product_brand?post=14731"},{"taxonomy":"product_cat","embeddable":true,"href":"https:\/\/www.lojamelhordosul.com.br\/site\/wp-json\/wp\/v2\/product_cat?post=14731"},{"taxonomy":"product_tag","embeddable":true,"href":"https:\/\/www.lojamelhordosul.com.br\/site\/wp-json\/wp\/v2\/product_tag?post=14731"}],"curies":[{"name":"wp","href":"https:\/\/api.w.org\/{rel}","templated":true}]}}