{"id":15083,"date":"2025-04-29T16:14:49","date_gmt":"2025-04-29T19:14:49","guid":{"rendered":"https:\/\/www.lojamelhordosul.com.br\/site\/?post_type=product&#038;p=15083"},"modified":"2026-03-20T15:50:46","modified_gmt":"2026-03-20T18:50:46","slug":"telefone-headset-hsb-50","status":"publish","type":"product","link":"https:\/\/www.lojamelhordosul.com.br\/site\/produto\/telefone-headset-hsb-50\/","title":{"rendered":"Telefone headset &#8211; HSB 50"},"content":{"rendered":"<table border=\"0\" cellspacing=\"0\" cellpadding=\"0\">\n<tbody>\n<tr>\n<td class=\"cke-align-top\"><img decoding=\"async\" class=\"media-element file-default\" title=\"HSB 50\" src=\"https:\/\/suporte-tecnico.intelbras.com.br\/sites\/default\/files\/flyer_digital_site_headsets_empresas_01_0.png\" alt=\"HSB 50\" \/><br \/>\nO telefone headset HSB 50 da Intelbras facilita a vida dos profissionais que falam muito ao telefone. Desenvolvido para linhas anal\u00f3gicas, \u00e9 ideal para operadores de telemarketing, \u00e1rea comercial e atendimento ao cliente.Tamb\u00e9m \u00e9 perfeito para confer\u00eancias, pois se integra a softwares de comunica\u00e7\u00e3o unificada e permite mais liberdade de movimentos, deixando o usu\u00e1rio com as m\u00e3os livres.<\/p>\n<p><img decoding=\"async\" class=\"media-element file-default\" title=\"HSB 50\" src=\"https:\/\/suporte-tecnico.intelbras.com.br\/sites\/default\/files\/flyer_digital_site_headsets_empresas_02_0.png\" alt=\"HSB 50\" \/><\/td>\n<\/tr>\n<\/tbody>\n<\/table>\n<hr \/>\n<table border=\"0\" cellspacing=\"0\" cellpadding=\"0\">\n<tbody>\n<tr>\n<td class=\"cke-align-top\"><img decoding=\"async\" class=\"media-element file-default\" title=\"HSB 50\" src=\"https:\/\/suporte-tecnico.intelbras.com.br\/sites\/default\/files\/flyer_digital_site_headsets_empresas_03_0.png\" alt=\"HSB 50\" \/><br \/>\nBenef\u00edcios<span class=\"cke-bold\">\u00bb Melhora na ergonomia:\u00a0<\/span>pr\u00e1tico e ergon\u00f4mico, o HSB 50 proporciona conforto a seus usu\u00e1rios, reduzindo dores e afastamentos por LER (Les\u00e3o por Esfor\u00e7o Repetitivo).<\/p>\n<p><span class=\"cke-bold\">\u00bb Maior mobilidade:<\/span>\u00a0o HSB 50 otimiza o desempenho profissional e oferece liberdade de movimento para as atividades do dia a dia.<\/p>\n<p><span class=\"cke-bold\">\u00bb Aumento na qualidade sonora:\u00a0<\/span>o microfone com cancelador de ru\u00eddo reduz os sons indesej\u00e1veis do ambiente e aumenta o desempenho dos usu\u00e1rios.<\/td>\n<\/tr>\n<\/tbody>\n<\/table>\n<hr \/>\n<table border=\"0\" cellspacing=\"0\" cellpadding=\"0\">\n<tbody>\n<tr>\n<td class=\"cke-align-top\"><img decoding=\"async\" class=\"media-element file-default\" title=\"HSB 50\" src=\"https:\/\/suporte-tecnico.intelbras.com.br\/sites\/default\/files\/flyer_digital_site_headsets_empresas_04_0.png\" alt=\"HSB 50\" \/><\/p>\n<p>&nbsp;<\/p>\n<p>Uso em call centers<\/p>\n<p>Para manter o foco no atendimento aos clientes, o ambiente corporativo deve ter conforto e qualidade de \u00e1udio nas liga\u00e7\u00f5es.<br \/>\nOs headsets Intelbras com microfones canceladores de ru\u00eddo ambiente atenuam os sons externos \u00e0 liga\u00e7\u00e3o. As formas de uso mais comuns de headsets em escrit\u00f3rios s\u00e3o com bases discadoras, terminais inteligentes e softphones. Conhe\u00e7a a linha completa.<\/td>\n<\/tr>\n<\/tbody>\n<\/table>\n<hr \/>\n<table border=\"0\" cellspacing=\"0\" cellpadding=\"0\">\n<tbody>\n<tr>\n<td class=\"cke-align-top\"><img decoding=\"async\" class=\"media-element file-default\" title=\"HSB 50\" src=\"https:\/\/suporte-tecnico.intelbras.com.br\/sites\/default\/files\/hsb_50_0.png\" alt=\"HSB 50\" \/>HSB 50<\/p>\n<p>O telefone headset HBS 50 \u00e9 uma solu\u00e7\u00e3o completa para uso em linhas telef\u00f4nicas anal\u00f3gicas. Apresenta headset robusto com microfone cancelador de ru\u00eddo ambiente, volume digital de recep\u00e7\u00e3o, teclado emborrachado e flash ajust\u00e1vel (100, 300 e 600 ms).<\/td>\n<\/tr>\n<\/tbody>\n<\/table>\n<hr \/>\n<table border=\"0\" cellspacing=\"0\" cellpadding=\"0\">\n<tbody>\n<tr>\n<td class=\"cke-align-top\">Tiara headset CHS 55<\/p>\n<p>Geralmente usada com bases discadoras e terminais inteligentes, a tiara headset CHS 55 oferece alta durabilidade e acabamento perfeito. Apresentando qualidade sonora indiscut\u00edvel, \u00e9 ideal para quem busca qualidade de \u00e1udio sem interfer\u00eancia de sons externos, indicado para ambientes ruidosos e escrit\u00f3rios. Al\u00e9m disso, o modelo possui caracter\u00edsticas que aumentam a produtividade dos usu\u00e1rios:<\/p>\n<p>\u00bb Microfone revers\u00edvel com cancelador de ru\u00eddo<br \/>\n\u00bb Tiara ajust\u00e1vel com revestimento em PVC<br \/>\n\u00bb Protetor auricular em espuma e revestimento<br \/>\n\u00bb Compat\u00edvel com a base discadora Intelbras<br \/>\n\u00bb De acordo com a NR 17<\/p>\n<p><img decoding=\"async\" class=\"media-element file-default\" title=\"HSB 50\" src=\"https:\/\/suporte-tecnico.intelbras.com.br\/sites\/default\/files\/headset_caracteristicas.png\" alt=\"HSB 50\" \/><\/td>\n<\/tr>\n<\/tbody>\n<\/table>\n<hr \/>\n<table border=\"0\" cellspacing=\"0\" cellpadding=\"0\">\n<tbody>\n<tr>\n<td class=\"cke-align-top\">Base discadora BDI 10<\/p>\n<p><img decoding=\"async\" class=\"media-element file-default\" title=\"HSB 50\" src=\"https:\/\/suporte-tecnico.intelbras.com.br\/sites\/default\/files\/flyer_digital_site_headsets_empresas_bdi10_09_0.png\" alt=\"HSB 50\" \/><\/p>\n<p>A BDI 10 \u00e9 uma base discadora com ajuste digital do volume de recep\u00e7\u00e3o. Seu uso \u00e9 dedicado para a utiliza\u00e7\u00e3o de headsets, o que garante melhor ergonomia e produtividade nas liga\u00e7\u00f5es do dia a dia.<\/p>\n<p>\u00bb Flash ajust\u00e1vel (100, 300 e 600 ms)<br \/>\n\u00bb Teclado emborrachado<br \/>\n\u00bb Volume digital de recep\u00e7\u00e3o<\/td>\n<\/tr>\n<\/tbody>\n<\/table>\n","protected":false},"excerpt":{"rendered":"<p>O telefone headset HSB 50 da Intelbras facilita a vida dos profissionais que falam muito ao telefone.<\/p>\n","protected":false},"featured_media":15086,"comment_status":"closed","ping_status":"closed","template":"","meta":[],"product_brand":[],"product_cat":[2784,2792],"product_tag":[],"class_list":{"0":"post-15083","1":"product","2":"type-product","3":"status-publish","4":"has-post-thumbnail","6":"product_cat-area-comunicacao","7":"product_cat-headsets-acessorios-telefonia","9":"first","10":"instock","11":"shipping-taxable","12":"purchasable","13":"product-type-simple"},"yoast_head":"<!-- This site is optimized with the Yoast SEO plugin v27.3 - https:\/\/yoast.com\/product\/yoast-seo-wordpress\/ -->\n<title>Telefone headset - HSB 50 - Loja Melhor do Sul Sistemas de Seguran\u00e7a<\/title>\n<meta name=\"robots\" content=\"index, follow, max-snippet:-1, max-image-preview:large, max-video-preview:-1\" \/>\n<link rel=\"canonical\" href=\"https:\/\/www.lojamelhordosul.com.br\/site\/produto\/telefone-headset-hsb-50\/\" \/>\n<meta property=\"og:locale\" content=\"pt_BR\" \/>\n<meta property=\"og:type\" content=\"article\" \/>\n<meta property=\"og:title\" content=\"Telefone headset - HSB 50 - Loja Melhor do Sul Sistemas de Seguran\u00e7a\" \/>\n<meta property=\"og:description\" content=\"O telefone headset HSB 50 da Intelbras facilita a vida dos profissionais que falam muito ao telefone.\" \/>\n<meta property=\"og:url\" content=\"https:\/\/www.lojamelhordosul.com.br\/site\/produto\/telefone-headset-hsb-50\/\" \/>\n<meta property=\"og:site_name\" content=\"Loja Melhor do Sul Sistemas de Seguran\u00e7a\" \/>\n<meta property=\"article:modified_time\" content=\"2026-03-20T18:50:46+00:00\" \/>\n<meta property=\"og:image\" content=\"https:\/\/www.lojamelhordosul.com.br\/site\/wp-content\/uploads\/2025\/04\/HSB-50.png\" \/>\n\t<meta property=\"og:image:width\" content=\"347\" \/>\n\t<meta property=\"og:image:height\" content=\"346\" \/>\n\t<meta property=\"og:image:type\" content=\"image\/png\" \/>\n<meta name=\"twitter:card\" content=\"summary_large_image\" \/>\n<meta name=\"twitter:label1\" content=\"Est. tempo de leitura\" \/>\n\t<meta name=\"twitter:data1\" content=\"4 minutos\" \/>\n<script type=\"application\/ld+json\" class=\"yoast-schema-graph\">{\"@context\":\"https:\\\/\\\/schema.org\",\"@graph\":[{\"@type\":\"WebPage\",\"@id\":\"https:\\\/\\\/www.lojamelhordosul.com.br\\\/site\\\/produto\\\/telefone-headset-hsb-50\\\/\",\"url\":\"https:\\\/\\\/www.lojamelhordosul.com.br\\\/site\\\/produto\\\/telefone-headset-hsb-50\\\/\",\"name\":\"Telefone headset - HSB 50 - Loja Melhor do Sul Sistemas de Seguran\u00e7a\",\"isPartOf\":{\"@id\":\"https:\\\/\\\/www.lojamelhordosul.com.br\\\/site\\\/#website\"},\"primaryImageOfPage\":{\"@id\":\"https:\\\/\\\/www.lojamelhordosul.com.br\\\/site\\\/produto\\\/telefone-headset-hsb-50\\\/#primaryimage\"},\"image\":{\"@id\":\"https:\\\/\\\/www.lojamelhordosul.com.br\\\/site\\\/produto\\\/telefone-headset-hsb-50\\\/#primaryimage\"},\"thumbnailUrl\":\"https:\\\/\\\/www.lojamelhordosul.com.br\\\/site\\\/wp-content\\\/uploads\\\/2025\\\/04\\\/HSB-50.png\",\"datePublished\":\"2025-04-29T19:14:49+00:00\",\"dateModified\":\"2026-03-20T18:50:46+00:00\",\"breadcrumb\":{\"@id\":\"https:\\\/\\\/www.lojamelhordosul.com.br\\\/site\\\/produto\\\/telefone-headset-hsb-50\\\/#breadcrumb\"},\"inLanguage\":\"pt-BR\",\"potentialAction\":[{\"@type\":\"ReadAction\",\"target\":[\"https:\\\/\\\/www.lojamelhordosul.com.br\\\/site\\\/produto\\\/telefone-headset-hsb-50\\\/\"]}]},{\"@type\":\"ImageObject\",\"inLanguage\":\"pt-BR\",\"@id\":\"https:\\\/\\\/www.lojamelhordosul.com.br\\\/site\\\/produto\\\/telefone-headset-hsb-50\\\/#primaryimage\",\"url\":\"https:\\\/\\\/www.lojamelhordosul.com.br\\\/site\\\/wp-content\\\/uploads\\\/2025\\\/04\\\/HSB-50.png\",\"contentUrl\":\"https:\\\/\\\/www.lojamelhordosul.com.br\\\/site\\\/wp-content\\\/uploads\\\/2025\\\/04\\\/HSB-50.png\",\"width\":347,\"height\":346},{\"@type\":\"BreadcrumbList\",\"@id\":\"https:\\\/\\\/www.lojamelhordosul.com.br\\\/site\\\/produto\\\/telefone-headset-hsb-50\\\/#breadcrumb\",\"itemListElement\":[{\"@type\":\"ListItem\",\"position\":1,\"name\":\"In\u00edcio\",\"item\":\"https:\\\/\\\/www.lojamelhordosul.com.br\\\/site\\\/\"},{\"@type\":\"ListItem\",\"position\":2,\"name\":\"Loja\",\"item\":\"https:\\\/\\\/www.lojamelhordosul.com.br\\\/site\\\/loja\\\/\"},{\"@type\":\"ListItem\",\"position\":3,\"name\":\"Telefone headset &#8211; HSB 50\"}]},{\"@type\":\"WebSite\",\"@id\":\"https:\\\/\\\/www.lojamelhordosul.com.br\\\/site\\\/#website\",\"url\":\"https:\\\/\\\/www.lojamelhordosul.com.br\\\/site\\\/\",\"name\":\"Loja Melhor do Sul Sistemas de Seguran\u00e7a\",\"description\":\"Loja Melhor do Sul - Revenda Ouro Intelbras em Porto Alegre\",\"publisher\":{\"@id\":\"https:\\\/\\\/www.lojamelhordosul.com.br\\\/site\\\/#organization\"},\"potentialAction\":[{\"@type\":\"SearchAction\",\"target\":{\"@type\":\"EntryPoint\",\"urlTemplate\":\"https:\\\/\\\/www.lojamelhordosul.com.br\\\/site\\\/?s={search_term_string}\"},\"query-input\":{\"@type\":\"PropertyValueSpecification\",\"valueRequired\":true,\"valueName\":\"search_term_string\"}}],\"inLanguage\":\"pt-BR\"},{\"@type\":\"Organization\",\"@id\":\"https:\\\/\\\/www.lojamelhordosul.com.br\\\/site\\\/#organization\",\"name\":\"Loja Melhor do Sul\",\"url\":\"https:\\\/\\\/www.lojamelhordosul.com.br\\\/site\\\/\",\"logo\":{\"@type\":\"ImageObject\",\"inLanguage\":\"pt-BR\",\"@id\":\"https:\\\/\\\/www.lojamelhordosul.com.br\\\/site\\\/#\\\/schema\\\/logo\\\/image\\\/\",\"url\":\"https:\\\/\\\/www.lojamelhordosul.com.br\\\/site\\\/wp-content\\\/uploads\\\/2019\\\/10\\\/logo-longo-da-loja.png\",\"contentUrl\":\"https:\\\/\\\/www.lojamelhordosul.com.br\\\/site\\\/wp-content\\\/uploads\\\/2019\\\/10\\\/logo-longo-da-loja.png\",\"width\":597,\"height\":114,\"caption\":\"Loja Melhor do Sul\"},\"image\":{\"@id\":\"https:\\\/\\\/www.lojamelhordosul.com.br\\\/site\\\/#\\\/schema\\\/logo\\\/image\\\/\"}}]}<\/script>\n<!-- \/ Yoast SEO plugin. -->","yoast_head_json":{"title":"Telefone headset - HSB 50 - Loja Melhor do Sul Sistemas de Seguran\u00e7a","robots":{"index":"index","follow":"follow","max-snippet":"max-snippet:-1","max-image-preview":"max-image-preview:large","max-video-preview":"max-video-preview:-1"},"canonical":"https:\/\/www.lojamelhordosul.com.br\/site\/produto\/telefone-headset-hsb-50\/","og_locale":"pt_BR","og_type":"article","og_title":"Telefone headset - HSB 50 - Loja Melhor do Sul Sistemas de Seguran\u00e7a","og_description":"O telefone headset HSB 50 da Intelbras facilita a vida dos profissionais que falam muito ao telefone.","og_url":"https:\/\/www.lojamelhordosul.com.br\/site\/produto\/telefone-headset-hsb-50\/","og_site_name":"Loja Melhor do Sul Sistemas de Seguran\u00e7a","article_modified_time":"2026-03-20T18:50:46+00:00","og_image":[{"width":347,"height":346,"url":"https:\/\/www.lojamelhordosul.com.br\/site\/wp-content\/uploads\/2025\/04\/HSB-50.png","type":"image\/png"}],"twitter_card":"summary_large_image","twitter_misc":{"Est. tempo de leitura":"4 minutos"},"schema":{"@context":"https:\/\/schema.org","@graph":[{"@type":"WebPage","@id":"https:\/\/www.lojamelhordosul.com.br\/site\/produto\/telefone-headset-hsb-50\/","url":"https:\/\/www.lojamelhordosul.com.br\/site\/produto\/telefone-headset-hsb-50\/","name":"Telefone headset - HSB 50 - Loja Melhor do Sul Sistemas de Seguran\u00e7a","isPartOf":{"@id":"https:\/\/www.lojamelhordosul.com.br\/site\/#website"},"primaryImageOfPage":{"@id":"https:\/\/www.lojamelhordosul.com.br\/site\/produto\/telefone-headset-hsb-50\/#primaryimage"},"image":{"@id":"https:\/\/www.lojamelhordosul.com.br\/site\/produto\/telefone-headset-hsb-50\/#primaryimage"},"thumbnailUrl":"https:\/\/www.lojamelhordosul.com.br\/site\/wp-content\/uploads\/2025\/04\/HSB-50.png","datePublished":"2025-04-29T19:14:49+00:00","dateModified":"2026-03-20T18:50:46+00:00","breadcrumb":{"@id":"https:\/\/www.lojamelhordosul.com.br\/site\/produto\/telefone-headset-hsb-50\/#breadcrumb"},"inLanguage":"pt-BR","potentialAction":[{"@type":"ReadAction","target":["https:\/\/www.lojamelhordosul.com.br\/site\/produto\/telefone-headset-hsb-50\/"]}]},{"@type":"ImageObject","inLanguage":"pt-BR","@id":"https:\/\/www.lojamelhordosul.com.br\/site\/produto\/telefone-headset-hsb-50\/#primaryimage","url":"https:\/\/www.lojamelhordosul.com.br\/site\/wp-content\/uploads\/2025\/04\/HSB-50.png","contentUrl":"https:\/\/www.lojamelhordosul.com.br\/site\/wp-content\/uploads\/2025\/04\/HSB-50.png","width":347,"height":346},{"@type":"BreadcrumbList","@id":"https:\/\/www.lojamelhordosul.com.br\/site\/produto\/telefone-headset-hsb-50\/#breadcrumb","itemListElement":[{"@type":"ListItem","position":1,"name":"In\u00edcio","item":"https:\/\/www.lojamelhordosul.com.br\/site\/"},{"@type":"ListItem","position":2,"name":"Loja","item":"https:\/\/www.lojamelhordosul.com.br\/site\/loja\/"},{"@type":"ListItem","position":3,"name":"Telefone headset &#8211; HSB 50"}]},{"@type":"WebSite","@id":"https:\/\/www.lojamelhordosul.com.br\/site\/#website","url":"https:\/\/www.lojamelhordosul.com.br\/site\/","name":"Loja Melhor do Sul Sistemas de Seguran\u00e7a","description":"Loja Melhor do Sul - Revenda Ouro Intelbras em Porto Alegre","publisher":{"@id":"https:\/\/www.lojamelhordosul.com.br\/site\/#organization"},"potentialAction":[{"@type":"SearchAction","target":{"@type":"EntryPoint","urlTemplate":"https:\/\/www.lojamelhordosul.com.br\/site\/?s={search_term_string}"},"query-input":{"@type":"PropertyValueSpecification","valueRequired":true,"valueName":"search_term_string"}}],"inLanguage":"pt-BR"},{"@type":"Organization","@id":"https:\/\/www.lojamelhordosul.com.br\/site\/#organization","name":"Loja Melhor do Sul","url":"https:\/\/www.lojamelhordosul.com.br\/site\/","logo":{"@type":"ImageObject","inLanguage":"pt-BR","@id":"https:\/\/www.lojamelhordosul.com.br\/site\/#\/schema\/logo\/image\/","url":"https:\/\/www.lojamelhordosul.com.br\/site\/wp-content\/uploads\/2019\/10\/logo-longo-da-loja.png","contentUrl":"https:\/\/www.lojamelhordosul.com.br\/site\/wp-content\/uploads\/2019\/10\/logo-longo-da-loja.png","width":597,"height":114,"caption":"Loja Melhor do Sul"},"image":{"@id":"https:\/\/www.lojamelhordosul.com.br\/site\/#\/schema\/logo\/image\/"}}]}},"_links":{"self":[{"href":"https:\/\/www.lojamelhordosul.com.br\/site\/wp-json\/wp\/v2\/product\/15083","targetHints":{"allow":["GET"]}}],"collection":[{"href":"https:\/\/www.lojamelhordosul.com.br\/site\/wp-json\/wp\/v2\/product"}],"about":[{"href":"https:\/\/www.lojamelhordosul.com.br\/site\/wp-json\/wp\/v2\/types\/product"}],"replies":[{"embeddable":true,"href":"https:\/\/www.lojamelhordosul.com.br\/site\/wp-json\/wp\/v2\/comments?post=15083"}],"wp:featuredmedia":[{"embeddable":true,"href":"https:\/\/www.lojamelhordosul.com.br\/site\/wp-json\/wp\/v2\/media\/15086"}],"wp:attachment":[{"href":"https:\/\/www.lojamelhordosul.com.br\/site\/wp-json\/wp\/v2\/media?parent=15083"}],"wp:term":[{"taxonomy":"product_brand","embeddable":true,"href":"https:\/\/www.lojamelhordosul.com.br\/site\/wp-json\/wp\/v2\/product_brand?post=15083"},{"taxonomy":"product_cat","embeddable":true,"href":"https:\/\/www.lojamelhordosul.com.br\/site\/wp-json\/wp\/v2\/product_cat?post=15083"},{"taxonomy":"product_tag","embeddable":true,"href":"https:\/\/www.lojamelhordosul.com.br\/site\/wp-json\/wp\/v2\/product_tag?post=15083"}],"curies":[{"name":"wp","href":"https:\/\/api.w.org\/{rel}","templated":true}]}}