{"id":15117,"date":"2025-05-20T14:32:54","date_gmt":"2025-05-20T17:32:54","guid":{"rendered":"https:\/\/www.lojamelhordosul.com.br\/site\/?post_type=product&#038;p=15117"},"modified":"2026-01-28T17:00:20","modified_gmt":"2026-01-28T20:00:20","slug":"mini-camera-wifi-1080p-carregador-usb-com-micro-camera-de-video-gravacao-de-audio","status":"publish","type":"product","link":"https:\/\/www.lojamelhordosul.com.br\/site\/produto\/mini-camera-wifi-1080p-carregador-usb-com-micro-camera-de-video-gravacao-de-audio\/","title":{"rendered":"Mini C\u00e2mera WiFi 1080P Carregador USB Com Micro C\u00e2mera De V\u00eddeo Grava\u00e7\u00e3o de \u00c1udio"},"content":{"rendered":"<p><strong>Micro c\u00e2mera\u00a0 filmadora espi\u00e3 em formato de carregador USB<\/strong><\/p>\n<p>C\u00e2mera oculta imposs\u00edvel ser descoberta pois \u00e9 um pequeno carregador USB que carrega seus dispositivos port\u00e1teis enquanto grava v\u00eddeo 1080P Full HD acompanha Micro SD 32GB WD Intelbras. Sempre saiba o que est\u00e1 acontecendo!<\/p>\n<p>Parece um carregador de parede normal, ningu\u00e9m vai observar que \u00e9 uma minic\u00e2mera e \u00e9 indetect\u00e1vel.<\/p>\n<p>C\u00e2mera secreta grava automaticamente v\u00eddeo HD 1080P completo quando o menor movimento \u00e9 detectado e salva os dados no cart\u00e3o micro SD. Esta c\u00e2mera espi\u00e3 escondida \u00e9 muito \u00fatil para vigil\u00e2ncia em casa \/ escrit\u00f3rio.<\/p>\n<p>Este pequeno carregador de c\u00e2mera espi\u00e3 suporta as fun\u00e7\u00f5es de Grava\u00e7\u00e3o de \u00c1udio.<\/p>\n<p>Grava\u00e7\u00e3o em loop quando o cart\u00e3o micro SD estiver cheio, substituir\u00e1 automaticamente parte do arquivo de v\u00eddeo que est\u00e1 mais distante do tempo atual para obter parte do espa\u00e7o, que pode habilite a grava\u00e7\u00e3o para continuar.<\/p>\n<p>Obs. A op\u00e7\u00e3o Wifi suporta apenas banda sem fio de 2,4 GHz, n\u00e3o suporta rede 5G.<\/p>\n<p><strong>Descri\u00e7\u00e3o t\u00e9cnica:<\/strong><\/p>\n<p>Tipo de cart\u00e3o de mem\u00f3ria: MicroSD classe 10<br \/>\nInternet: Wifi<br \/>\nTecnologia do Sensor CMOS<br \/>\nSuporte de alta defini\u00e7\u00e3o: 1080P (total-HD)<br \/>\nFabricante: China<br \/>\nTipo: Mini<br \/>\nTipo de produto: Mini C\u00e2mera<br \/>\nNome do produto: C\u00e2mera WiFi<br \/>\nNome do App: Lookcam<br \/>\nFormato de v\u00eddeo: AVI<br \/>\nCart\u00e3o TF de suporte m\u00e1ximo: Suporte m\u00e1ximo 128G<\/p>\n","protected":false},"excerpt":{"rendered":"<p>Micro c\u00e2mera\u00a0 filmadora espi\u00e3 em formato de carregador USB C\u00e2mera oculta imposs\u00edvel ser descoberta pois \u00e9 um pequeno carregador USB que carrega seus dispositivos port\u00e1teis enquanto grava v\u00eddeo 1080P Full HD acompanha Micro SD 32GB WD Intelbras. Sempre saiba o que est\u00e1 acontecendo! Parece um carregador de parede normal, ningu\u00e9m vai observar que \u00e9 uma &hellip; <a href=\"https:\/\/www.lojamelhordosul.com.br\/site\/produto\/mini-camera-wifi-1080p-carregador-usb-com-micro-camera-de-video-gravacao-de-audio\/\" class=\"more-link\">Continuar lendo <span class=\"screen-reader-text\">Mini C\u00e2mera WiFi 1080P Carregador USB Com Micro C\u00e2mera De V\u00eddeo Grava\u00e7\u00e3o de \u00c1udio<\/span><\/a><\/p>\n","protected":false},"featured_media":15125,"comment_status":"closed","ping_status":"closed","template":"","meta":[],"product_brand":[],"product_cat":[2735],"product_tag":[392,401,407,481,736,2830,394,406],"class_list":{"0":"post-15117","1":"product","2":"type-product","3":"status-publish","4":"has-post-thumbnail","6":"product_cat-linha-espia","7":"product_tag-camera-espia","8":"product_tag-camera-espia-com-internet","9":"product_tag-camera-espia-longa-duracao","10":"product_tag-espia-cftv","11":"product_tag-filmadora-escondida","12":"product_tag-gravador-espiao","13":"product_tag-micro-camera","14":"product_tag-mini-camera-wifi","16":"first","17":"onbackorder","18":"shipping-taxable","19":"purchasable","20":"product-type-simple"},"yoast_head":"<!-- This site is optimized with the Yoast SEO plugin v27.5 - https:\/\/yoast.com\/product\/yoast-seo-wordpress\/ -->\n<title>Mini C\u00e2mera WiFi 1080P Carregador USB Com Micro C\u00e2mera De V\u00eddeo Grava\u00e7\u00e3o de \u00c1udio - Loja Melhor do Sul Sistemas de Seguran\u00e7a<\/title>\n<meta name=\"robots\" content=\"index, follow, max-snippet:-1, max-image-preview:large, max-video-preview:-1\" \/>\n<link rel=\"canonical\" href=\"https:\/\/www.lojamelhordosul.com.br\/site\/produto\/mini-camera-wifi-1080p-carregador-usb-com-micro-camera-de-video-gravacao-de-audio\/\" \/>\n<meta property=\"og:locale\" content=\"pt_BR\" \/>\n<meta property=\"og:type\" content=\"article\" \/>\n<meta property=\"og:title\" content=\"Mini C\u00e2mera WiFi 1080P Carregador USB Com Micro C\u00e2mera De V\u00eddeo Grava\u00e7\u00e3o de \u00c1udio - Loja Melhor do Sul Sistemas de Seguran\u00e7a\" \/>\n<meta property=\"og:description\" content=\"Micro c\u00e2mera\u00a0 filmadora espi\u00e3 em formato de carregador USB C\u00e2mera oculta imposs\u00edvel ser descoberta pois \u00e9 um pequeno carregador USB que carrega seus dispositivos port\u00e1teis enquanto grava v\u00eddeo 1080P Full HD acompanha Micro SD 32GB WD Intelbras. Sempre saiba o que est\u00e1 acontecendo! Parece um carregador de parede normal, ningu\u00e9m vai observar que \u00e9 uma &hellip; Continuar lendo Mini C\u00e2mera WiFi 1080P Carregador USB Com Micro C\u00e2mera De V\u00eddeo Grava\u00e7\u00e3o de \u00c1udio\" \/>\n<meta property=\"og:url\" content=\"https:\/\/www.lojamelhordosul.com.br\/site\/produto\/mini-camera-wifi-1080p-carregador-usb-com-micro-camera-de-video-gravacao-de-audio\/\" \/>\n<meta property=\"og:site_name\" content=\"Loja Melhor do Sul Sistemas de Seguran\u00e7a\" \/>\n<meta property=\"article:modified_time\" content=\"2026-01-28T20:00:20+00:00\" \/>\n<meta property=\"og:image\" content=\"https:\/\/www.lojamelhordosul.com.br\/site\/wp-content\/uploads\/2025\/05\/Carregador-espiao.png\" \/>\n\t<meta property=\"og:image:width\" content=\"496\" \/>\n\t<meta property=\"og:image:height\" content=\"451\" \/>\n\t<meta property=\"og:image:type\" content=\"image\/png\" \/>\n<meta name=\"twitter:card\" content=\"summary_large_image\" \/>\n<meta name=\"twitter:label1\" content=\"Est. tempo de leitura\" \/>\n\t<meta name=\"twitter:data1\" content=\"2 minutos\" \/>\n<script type=\"application\/ld+json\" class=\"yoast-schema-graph\">{\"@context\":\"https:\\\/\\\/schema.org\",\"@graph\":[{\"@type\":\"WebPage\",\"@id\":\"https:\\\/\\\/www.lojamelhordosul.com.br\\\/site\\\/produto\\\/mini-camera-wifi-1080p-carregador-usb-com-micro-camera-de-video-gravacao-de-audio\\\/\",\"url\":\"https:\\\/\\\/www.lojamelhordosul.com.br\\\/site\\\/produto\\\/mini-camera-wifi-1080p-carregador-usb-com-micro-camera-de-video-gravacao-de-audio\\\/\",\"name\":\"Mini C\u00e2mera WiFi 1080P Carregador USB Com Micro C\u00e2mera De V\u00eddeo Grava\u00e7\u00e3o de \u00c1udio - Loja Melhor do Sul Sistemas de Seguran\u00e7a\",\"isPartOf\":{\"@id\":\"https:\\\/\\\/www.lojamelhordosul.com.br\\\/site\\\/#website\"},\"primaryImageOfPage\":{\"@id\":\"https:\\\/\\\/www.lojamelhordosul.com.br\\\/site\\\/produto\\\/mini-camera-wifi-1080p-carregador-usb-com-micro-camera-de-video-gravacao-de-audio\\\/#primaryimage\"},\"image\":{\"@id\":\"https:\\\/\\\/www.lojamelhordosul.com.br\\\/site\\\/produto\\\/mini-camera-wifi-1080p-carregador-usb-com-micro-camera-de-video-gravacao-de-audio\\\/#primaryimage\"},\"thumbnailUrl\":\"https:\\\/\\\/www.lojamelhordosul.com.br\\\/site\\\/wp-content\\\/uploads\\\/2025\\\/05\\\/Carregador-espiao.png\",\"datePublished\":\"2025-05-20T17:32:54+00:00\",\"dateModified\":\"2026-01-28T20:00:20+00:00\",\"breadcrumb\":{\"@id\":\"https:\\\/\\\/www.lojamelhordosul.com.br\\\/site\\\/produto\\\/mini-camera-wifi-1080p-carregador-usb-com-micro-camera-de-video-gravacao-de-audio\\\/#breadcrumb\"},\"inLanguage\":\"pt-BR\",\"potentialAction\":[{\"@type\":\"ReadAction\",\"target\":[\"https:\\\/\\\/www.lojamelhordosul.com.br\\\/site\\\/produto\\\/mini-camera-wifi-1080p-carregador-usb-com-micro-camera-de-video-gravacao-de-audio\\\/\"]}]},{\"@type\":\"ImageObject\",\"inLanguage\":\"pt-BR\",\"@id\":\"https:\\\/\\\/www.lojamelhordosul.com.br\\\/site\\\/produto\\\/mini-camera-wifi-1080p-carregador-usb-com-micro-camera-de-video-gravacao-de-audio\\\/#primaryimage\",\"url\":\"https:\\\/\\\/www.lojamelhordosul.com.br\\\/site\\\/wp-content\\\/uploads\\\/2025\\\/05\\\/Carregador-espiao.png\",\"contentUrl\":\"https:\\\/\\\/www.lojamelhordosul.com.br\\\/site\\\/wp-content\\\/uploads\\\/2025\\\/05\\\/Carregador-espiao.png\",\"width\":496,\"height\":451},{\"@type\":\"BreadcrumbList\",\"@id\":\"https:\\\/\\\/www.lojamelhordosul.com.br\\\/site\\\/produto\\\/mini-camera-wifi-1080p-carregador-usb-com-micro-camera-de-video-gravacao-de-audio\\\/#breadcrumb\",\"itemListElement\":[{\"@type\":\"ListItem\",\"position\":1,\"name\":\"In\u00edcio\",\"item\":\"https:\\\/\\\/www.lojamelhordosul.com.br\\\/site\\\/\"},{\"@type\":\"ListItem\",\"position\":2,\"name\":\"Loja\",\"item\":\"https:\\\/\\\/www.lojamelhordosul.com.br\\\/site\\\/loja\\\/\"},{\"@type\":\"ListItem\",\"position\":3,\"name\":\"Mini C\u00e2mera WiFi 1080P Carregador USB Com Micro C\u00e2mera De V\u00eddeo Grava\u00e7\u00e3o de \u00c1udio\"}]},{\"@type\":\"WebSite\",\"@id\":\"https:\\\/\\\/www.lojamelhordosul.com.br\\\/site\\\/#website\",\"url\":\"https:\\\/\\\/www.lojamelhordosul.com.br\\\/site\\\/\",\"name\":\"Loja Melhor do Sul Sistemas de Seguran\u00e7a\",\"description\":\"Loja Melhor do Sul - Revenda Ouro Intelbras em Porto Alegre\",\"publisher\":{\"@id\":\"https:\\\/\\\/www.lojamelhordosul.com.br\\\/site\\\/#organization\"},\"potentialAction\":[{\"@type\":\"SearchAction\",\"target\":{\"@type\":\"EntryPoint\",\"urlTemplate\":\"https:\\\/\\\/www.lojamelhordosul.com.br\\\/site\\\/?s={search_term_string}\"},\"query-input\":{\"@type\":\"PropertyValueSpecification\",\"valueRequired\":true,\"valueName\":\"search_term_string\"}}],\"inLanguage\":\"pt-BR\"},{\"@type\":\"Organization\",\"@id\":\"https:\\\/\\\/www.lojamelhordosul.com.br\\\/site\\\/#organization\",\"name\":\"Loja Melhor do Sul\",\"url\":\"https:\\\/\\\/www.lojamelhordosul.com.br\\\/site\\\/\",\"logo\":{\"@type\":\"ImageObject\",\"inLanguage\":\"pt-BR\",\"@id\":\"https:\\\/\\\/www.lojamelhordosul.com.br\\\/site\\\/#\\\/schema\\\/logo\\\/image\\\/\",\"url\":\"https:\\\/\\\/www.lojamelhordosul.com.br\\\/site\\\/wp-content\\\/uploads\\\/2019\\\/10\\\/logo-longo-da-loja.png\",\"contentUrl\":\"https:\\\/\\\/www.lojamelhordosul.com.br\\\/site\\\/wp-content\\\/uploads\\\/2019\\\/10\\\/logo-longo-da-loja.png\",\"width\":597,\"height\":114,\"caption\":\"Loja Melhor do Sul\"},\"image\":{\"@id\":\"https:\\\/\\\/www.lojamelhordosul.com.br\\\/site\\\/#\\\/schema\\\/logo\\\/image\\\/\"}}]}<\/script>\n<!-- \/ Yoast SEO plugin. -->","yoast_head_json":{"title":"Mini C\u00e2mera WiFi 1080P Carregador USB Com Micro C\u00e2mera De V\u00eddeo Grava\u00e7\u00e3o de \u00c1udio - Loja Melhor do Sul Sistemas de Seguran\u00e7a","robots":{"index":"index","follow":"follow","max-snippet":"max-snippet:-1","max-image-preview":"max-image-preview:large","max-video-preview":"max-video-preview:-1"},"canonical":"https:\/\/www.lojamelhordosul.com.br\/site\/produto\/mini-camera-wifi-1080p-carregador-usb-com-micro-camera-de-video-gravacao-de-audio\/","og_locale":"pt_BR","og_type":"article","og_title":"Mini C\u00e2mera WiFi 1080P Carregador USB Com Micro C\u00e2mera De V\u00eddeo Grava\u00e7\u00e3o de \u00c1udio - Loja Melhor do Sul Sistemas de Seguran\u00e7a","og_description":"Micro c\u00e2mera\u00a0 filmadora espi\u00e3 em formato de carregador USB C\u00e2mera oculta imposs\u00edvel ser descoberta pois \u00e9 um pequeno carregador USB que carrega seus dispositivos port\u00e1teis enquanto grava v\u00eddeo 1080P Full HD acompanha Micro SD 32GB WD Intelbras. Sempre saiba o que est\u00e1 acontecendo! Parece um carregador de parede normal, ningu\u00e9m vai observar que \u00e9 uma &hellip; Continuar lendo Mini C\u00e2mera WiFi 1080P Carregador USB Com Micro C\u00e2mera De V\u00eddeo Grava\u00e7\u00e3o de \u00c1udio","og_url":"https:\/\/www.lojamelhordosul.com.br\/site\/produto\/mini-camera-wifi-1080p-carregador-usb-com-micro-camera-de-video-gravacao-de-audio\/","og_site_name":"Loja Melhor do Sul Sistemas de Seguran\u00e7a","article_modified_time":"2026-01-28T20:00:20+00:00","og_image":[{"width":496,"height":451,"url":"https:\/\/www.lojamelhordosul.com.br\/site\/wp-content\/uploads\/2025\/05\/Carregador-espiao.png","type":"image\/png"}],"twitter_card":"summary_large_image","twitter_misc":{"Est. tempo de leitura":"2 minutos"},"schema":{"@context":"https:\/\/schema.org","@graph":[{"@type":"WebPage","@id":"https:\/\/www.lojamelhordosul.com.br\/site\/produto\/mini-camera-wifi-1080p-carregador-usb-com-micro-camera-de-video-gravacao-de-audio\/","url":"https:\/\/www.lojamelhordosul.com.br\/site\/produto\/mini-camera-wifi-1080p-carregador-usb-com-micro-camera-de-video-gravacao-de-audio\/","name":"Mini C\u00e2mera WiFi 1080P Carregador USB Com Micro C\u00e2mera De V\u00eddeo Grava\u00e7\u00e3o de \u00c1udio - Loja Melhor do Sul Sistemas de Seguran\u00e7a","isPartOf":{"@id":"https:\/\/www.lojamelhordosul.com.br\/site\/#website"},"primaryImageOfPage":{"@id":"https:\/\/www.lojamelhordosul.com.br\/site\/produto\/mini-camera-wifi-1080p-carregador-usb-com-micro-camera-de-video-gravacao-de-audio\/#primaryimage"},"image":{"@id":"https:\/\/www.lojamelhordosul.com.br\/site\/produto\/mini-camera-wifi-1080p-carregador-usb-com-micro-camera-de-video-gravacao-de-audio\/#primaryimage"},"thumbnailUrl":"https:\/\/www.lojamelhordosul.com.br\/site\/wp-content\/uploads\/2025\/05\/Carregador-espiao.png","datePublished":"2025-05-20T17:32:54+00:00","dateModified":"2026-01-28T20:00:20+00:00","breadcrumb":{"@id":"https:\/\/www.lojamelhordosul.com.br\/site\/produto\/mini-camera-wifi-1080p-carregador-usb-com-micro-camera-de-video-gravacao-de-audio\/#breadcrumb"},"inLanguage":"pt-BR","potentialAction":[{"@type":"ReadAction","target":["https:\/\/www.lojamelhordosul.com.br\/site\/produto\/mini-camera-wifi-1080p-carregador-usb-com-micro-camera-de-video-gravacao-de-audio\/"]}]},{"@type":"ImageObject","inLanguage":"pt-BR","@id":"https:\/\/www.lojamelhordosul.com.br\/site\/produto\/mini-camera-wifi-1080p-carregador-usb-com-micro-camera-de-video-gravacao-de-audio\/#primaryimage","url":"https:\/\/www.lojamelhordosul.com.br\/site\/wp-content\/uploads\/2025\/05\/Carregador-espiao.png","contentUrl":"https:\/\/www.lojamelhordosul.com.br\/site\/wp-content\/uploads\/2025\/05\/Carregador-espiao.png","width":496,"height":451},{"@type":"BreadcrumbList","@id":"https:\/\/www.lojamelhordosul.com.br\/site\/produto\/mini-camera-wifi-1080p-carregador-usb-com-micro-camera-de-video-gravacao-de-audio\/#breadcrumb","itemListElement":[{"@type":"ListItem","position":1,"name":"In\u00edcio","item":"https:\/\/www.lojamelhordosul.com.br\/site\/"},{"@type":"ListItem","position":2,"name":"Loja","item":"https:\/\/www.lojamelhordosul.com.br\/site\/loja\/"},{"@type":"ListItem","position":3,"name":"Mini C\u00e2mera WiFi 1080P Carregador USB Com Micro C\u00e2mera De V\u00eddeo Grava\u00e7\u00e3o de \u00c1udio"}]},{"@type":"WebSite","@id":"https:\/\/www.lojamelhordosul.com.br\/site\/#website","url":"https:\/\/www.lojamelhordosul.com.br\/site\/","name":"Loja Melhor do Sul Sistemas de Seguran\u00e7a","description":"Loja Melhor do Sul - Revenda Ouro Intelbras em Porto Alegre","publisher":{"@id":"https:\/\/www.lojamelhordosul.com.br\/site\/#organization"},"potentialAction":[{"@type":"SearchAction","target":{"@type":"EntryPoint","urlTemplate":"https:\/\/www.lojamelhordosul.com.br\/site\/?s={search_term_string}"},"query-input":{"@type":"PropertyValueSpecification","valueRequired":true,"valueName":"search_term_string"}}],"inLanguage":"pt-BR"},{"@type":"Organization","@id":"https:\/\/www.lojamelhordosul.com.br\/site\/#organization","name":"Loja Melhor do Sul","url":"https:\/\/www.lojamelhordosul.com.br\/site\/","logo":{"@type":"ImageObject","inLanguage":"pt-BR","@id":"https:\/\/www.lojamelhordosul.com.br\/site\/#\/schema\/logo\/image\/","url":"https:\/\/www.lojamelhordosul.com.br\/site\/wp-content\/uploads\/2019\/10\/logo-longo-da-loja.png","contentUrl":"https:\/\/www.lojamelhordosul.com.br\/site\/wp-content\/uploads\/2019\/10\/logo-longo-da-loja.png","width":597,"height":114,"caption":"Loja Melhor do Sul"},"image":{"@id":"https:\/\/www.lojamelhordosul.com.br\/site\/#\/schema\/logo\/image\/"}}]}},"_links":{"self":[{"href":"https:\/\/www.lojamelhordosul.com.br\/site\/wp-json\/wp\/v2\/product\/15117","targetHints":{"allow":["GET"]}}],"collection":[{"href":"https:\/\/www.lojamelhordosul.com.br\/site\/wp-json\/wp\/v2\/product"}],"about":[{"href":"https:\/\/www.lojamelhordosul.com.br\/site\/wp-json\/wp\/v2\/types\/product"}],"replies":[{"embeddable":true,"href":"https:\/\/www.lojamelhordosul.com.br\/site\/wp-json\/wp\/v2\/comments?post=15117"}],"wp:featuredmedia":[{"embeddable":true,"href":"https:\/\/www.lojamelhordosul.com.br\/site\/wp-json\/wp\/v2\/media\/15125"}],"wp:attachment":[{"href":"https:\/\/www.lojamelhordosul.com.br\/site\/wp-json\/wp\/v2\/media?parent=15117"}],"wp:term":[{"taxonomy":"product_brand","embeddable":true,"href":"https:\/\/www.lojamelhordosul.com.br\/site\/wp-json\/wp\/v2\/product_brand?post=15117"},{"taxonomy":"product_cat","embeddable":true,"href":"https:\/\/www.lojamelhordosul.com.br\/site\/wp-json\/wp\/v2\/product_cat?post=15117"},{"taxonomy":"product_tag","embeddable":true,"href":"https:\/\/www.lojamelhordosul.com.br\/site\/wp-json\/wp\/v2\/product_tag?post=15117"}],"curies":[{"name":"wp","href":"https:\/\/api.w.org\/{rel}","templated":true}]}}