{"id":15131,"date":"2025-05-20T14:43:34","date_gmt":"2025-05-20T17:43:34","guid":{"rendered":"https:\/\/www.lojamelhordosul.com.br\/site\/?post_type=product&#038;p=15131"},"modified":"2025-12-16T17:03:35","modified_gmt":"2025-12-16T20:03:35","slug":"switch-16-portas-haiz-hz-1016gbpoe","status":"publish","type":"product","link":"https:\/\/www.lojamelhordosul.com.br\/site\/produto\/switch-16-portas-haiz-hz-1016gbpoe\/","title":{"rendered":"Switch 16 Portas Haiz Hz-1016GbPoe"},"content":{"rendered":"<p>HZ-1016GBPOE<\/p>\n<p>Caracter\u00edsticas<br \/>\nMarca: Haiz<br \/>\nModelo: SMART POE SWITCH 16G+2G<br \/>\nProduct SKU: HZ-1016GBPOE<br \/>\nPse Output: 48V 220W Max<br \/>\nPadr\u00e3o POE &#8211; IEEE802.3AF, IEEE802.3AT<br \/>\nPortas inclu\u00eddas: 16 portas POE Gigabit 1G<br \/>\nTipo de telecomunica\u00e7\u00e3o: Store and forward<br \/>\nCapacidade de comuta\u00e7\u00e3o: 18 GBs<br \/>\nAdministr\u00e1vel: N\u00e3o<br \/>\nMontado em rack: Sim (Aletas de fixa\u00e7\u00e3o inclusas)<\/p>\n<p>Descri\u00e7\u00e3o<\/p>\n<p>Switch para Rack 16 Portas + 2 portas Uplink Gigabits<\/p>\n<p>&#8211; Vlan Switch Mode<br \/>\n&#8211; Em concord\u00e2ncia com IEEE 802.3, IEEE 802.3u, IEEE 802.3ab.<br \/>\n&#8211; POE internacional de padr\u00e3o IEEE 802.3af\/at, suporta funcionalidade de detec\u00e7\u00e3o autom\u00e1tica<br \/>\n&#8211; Suporta suprimento de energia em dispositivos POE como wireless APS atrav\u00e9s de cabos ethernet categoria 5\/6 e c\u00e2meras de vigil\u00e2ncia<br \/>\n&#8211; Controle de fluxo: full duplex utiliza padr\u00e3o IEEE 802.3x, half duplex utiliza controle de press\u00e3o reversa<br \/>\n&#8211; Suporta port auto MDI\/MDIX<br \/>\n&#8211; Voltagem de porta POE \u00fanica Max 30W<br \/>\n&#8211; Compat\u00edvel com c\u00e2meras at\u00e9 48V (N\u00e3o compat\u00edvel com 24V)<br \/>\n&#8211; Compat\u00edvel com c\u00e2meras Poe de 12V<br \/>\n&#8211; Compat\u00edvel com c\u00e2meras IP n\u00e3o Poe<br \/>\n&#8211; Modos de monitoramento e rede de troca suportados<br \/>\n&#8211; Todas as portas suportam linha r\u00e1pida de troca e transmiss\u00e3o jumbo frame<br \/>\n&#8211; Fun\u00e7\u00e3o de configura\u00e7\u00e3o autom\u00e1tica, fornece energia para adaptar dispositivos automaticamente<br \/>\n&#8211; Painel indicador de luzes para monitoramento de esta\u00e7\u00f5es de trabalho e aux\u00edlio na resolu\u00e7\u00e3o de problemas.<\/p>\n<p>Garantia do vendedor: 90 dias<\/p>\n","protected":false},"excerpt":{"rendered":"<p>SWITCH POE 10\/100\/1000 HAIZ 16 PORTAS GIGABIT + 02 PORTAS UPLINK GIGABIT<\/p>\n","protected":false},"featured_media":15132,"comment_status":"closed","ping_status":"closed","template":"","meta":[],"product_brand":[],"product_cat":[2774,2781],"product_tag":[],"class_list":{"0":"post-15131","1":"product","2":"type-product","3":"status-publish","4":"has-post-thumbnail","6":"product_cat-redes","7":"product_cat-redes-switches","9":"first","10":"onbackorder","11":"shipping-taxable","12":"purchasable","13":"product-type-simple"},"yoast_head":"<!-- This site is optimized with the Yoast SEO plugin v27.5 - https:\/\/yoast.com\/product\/yoast-seo-wordpress\/ -->\n<title>Switch 16 Portas Haiz Hz-1016GbPoe - Loja Melhor do Sul Sistemas de Seguran\u00e7a<\/title>\n<meta name=\"robots\" content=\"index, follow, max-snippet:-1, max-image-preview:large, max-video-preview:-1\" \/>\n<link rel=\"canonical\" href=\"https:\/\/www.lojamelhordosul.com.br\/site\/produto\/switch-16-portas-haiz-hz-1016gbpoe\/\" \/>\n<meta property=\"og:locale\" content=\"pt_BR\" \/>\n<meta property=\"og:type\" content=\"article\" \/>\n<meta property=\"og:title\" content=\"Switch 16 Portas Haiz Hz-1016GbPoe - Loja Melhor do Sul Sistemas de Seguran\u00e7a\" \/>\n<meta property=\"og:description\" content=\"SWITCH POE 10\/100\/1000 HAIZ 16 PORTAS GIGABIT + 02 PORTAS UPLINK GIGABIT\" \/>\n<meta property=\"og:url\" content=\"https:\/\/www.lojamelhordosul.com.br\/site\/produto\/switch-16-portas-haiz-hz-1016gbpoe\/\" \/>\n<meta property=\"og:site_name\" content=\"Loja Melhor do Sul Sistemas de Seguran\u00e7a\" \/>\n<meta property=\"article:modified_time\" content=\"2025-12-16T20:03:35+00:00\" \/>\n<meta property=\"og:image\" content=\"https:\/\/www.lojamelhordosul.com.br\/site\/wp-content\/uploads\/2025\/05\/Captura-de-tela-2025-05-20-144244.png\" \/>\n\t<meta property=\"og:image:width\" content=\"711\" \/>\n\t<meta property=\"og:image:height\" content=\"371\" \/>\n\t<meta property=\"og:image:type\" content=\"image\/png\" \/>\n<meta name=\"twitter:card\" content=\"summary_large_image\" \/>\n<meta name=\"twitter:label1\" content=\"Est. tempo de leitura\" \/>\n\t<meta name=\"twitter:data1\" content=\"2 minutos\" \/>\n<script type=\"application\/ld+json\" class=\"yoast-schema-graph\">{\"@context\":\"https:\\\/\\\/schema.org\",\"@graph\":[{\"@type\":\"WebPage\",\"@id\":\"https:\\\/\\\/www.lojamelhordosul.com.br\\\/site\\\/produto\\\/switch-16-portas-haiz-hz-1016gbpoe\\\/\",\"url\":\"https:\\\/\\\/www.lojamelhordosul.com.br\\\/site\\\/produto\\\/switch-16-portas-haiz-hz-1016gbpoe\\\/\",\"name\":\"Switch 16 Portas Haiz Hz-1016GbPoe - Loja Melhor do Sul Sistemas de Seguran\u00e7a\",\"isPartOf\":{\"@id\":\"https:\\\/\\\/www.lojamelhordosul.com.br\\\/site\\\/#website\"},\"primaryImageOfPage\":{\"@id\":\"https:\\\/\\\/www.lojamelhordosul.com.br\\\/site\\\/produto\\\/switch-16-portas-haiz-hz-1016gbpoe\\\/#primaryimage\"},\"image\":{\"@id\":\"https:\\\/\\\/www.lojamelhordosul.com.br\\\/site\\\/produto\\\/switch-16-portas-haiz-hz-1016gbpoe\\\/#primaryimage\"},\"thumbnailUrl\":\"https:\\\/\\\/www.lojamelhordosul.com.br\\\/site\\\/wp-content\\\/uploads\\\/2025\\\/05\\\/Captura-de-tela-2025-05-20-144244.png\",\"datePublished\":\"2025-05-20T17:43:34+00:00\",\"dateModified\":\"2025-12-16T20:03:35+00:00\",\"breadcrumb\":{\"@id\":\"https:\\\/\\\/www.lojamelhordosul.com.br\\\/site\\\/produto\\\/switch-16-portas-haiz-hz-1016gbpoe\\\/#breadcrumb\"},\"inLanguage\":\"pt-BR\",\"potentialAction\":[{\"@type\":\"ReadAction\",\"target\":[\"https:\\\/\\\/www.lojamelhordosul.com.br\\\/site\\\/produto\\\/switch-16-portas-haiz-hz-1016gbpoe\\\/\"]}]},{\"@type\":\"ImageObject\",\"inLanguage\":\"pt-BR\",\"@id\":\"https:\\\/\\\/www.lojamelhordosul.com.br\\\/site\\\/produto\\\/switch-16-portas-haiz-hz-1016gbpoe\\\/#primaryimage\",\"url\":\"https:\\\/\\\/www.lojamelhordosul.com.br\\\/site\\\/wp-content\\\/uploads\\\/2025\\\/05\\\/Captura-de-tela-2025-05-20-144244.png\",\"contentUrl\":\"https:\\\/\\\/www.lojamelhordosul.com.br\\\/site\\\/wp-content\\\/uploads\\\/2025\\\/05\\\/Captura-de-tela-2025-05-20-144244.png\",\"width\":711,\"height\":371},{\"@type\":\"BreadcrumbList\",\"@id\":\"https:\\\/\\\/www.lojamelhordosul.com.br\\\/site\\\/produto\\\/switch-16-portas-haiz-hz-1016gbpoe\\\/#breadcrumb\",\"itemListElement\":[{\"@type\":\"ListItem\",\"position\":1,\"name\":\"In\u00edcio\",\"item\":\"https:\\\/\\\/www.lojamelhordosul.com.br\\\/site\\\/\"},{\"@type\":\"ListItem\",\"position\":2,\"name\":\"Loja\",\"item\":\"https:\\\/\\\/www.lojamelhordosul.com.br\\\/site\\\/loja\\\/\"},{\"@type\":\"ListItem\",\"position\":3,\"name\":\"Switch 16 Portas Haiz Hz-1016GbPoe\"}]},{\"@type\":\"WebSite\",\"@id\":\"https:\\\/\\\/www.lojamelhordosul.com.br\\\/site\\\/#website\",\"url\":\"https:\\\/\\\/www.lojamelhordosul.com.br\\\/site\\\/\",\"name\":\"Loja Melhor do Sul Sistemas de Seguran\u00e7a\",\"description\":\"Loja Melhor do Sul - Revenda Ouro Intelbras em Porto Alegre\",\"publisher\":{\"@id\":\"https:\\\/\\\/www.lojamelhordosul.com.br\\\/site\\\/#organization\"},\"potentialAction\":[{\"@type\":\"SearchAction\",\"target\":{\"@type\":\"EntryPoint\",\"urlTemplate\":\"https:\\\/\\\/www.lojamelhordosul.com.br\\\/site\\\/?s={search_term_string}\"},\"query-input\":{\"@type\":\"PropertyValueSpecification\",\"valueRequired\":true,\"valueName\":\"search_term_string\"}}],\"inLanguage\":\"pt-BR\"},{\"@type\":\"Organization\",\"@id\":\"https:\\\/\\\/www.lojamelhordosul.com.br\\\/site\\\/#organization\",\"name\":\"Loja Melhor do Sul\",\"url\":\"https:\\\/\\\/www.lojamelhordosul.com.br\\\/site\\\/\",\"logo\":{\"@type\":\"ImageObject\",\"inLanguage\":\"pt-BR\",\"@id\":\"https:\\\/\\\/www.lojamelhordosul.com.br\\\/site\\\/#\\\/schema\\\/logo\\\/image\\\/\",\"url\":\"https:\\\/\\\/www.lojamelhordosul.com.br\\\/site\\\/wp-content\\\/uploads\\\/2019\\\/10\\\/logo-longo-da-loja.png\",\"contentUrl\":\"https:\\\/\\\/www.lojamelhordosul.com.br\\\/site\\\/wp-content\\\/uploads\\\/2019\\\/10\\\/logo-longo-da-loja.png\",\"width\":597,\"height\":114,\"caption\":\"Loja Melhor do Sul\"},\"image\":{\"@id\":\"https:\\\/\\\/www.lojamelhordosul.com.br\\\/site\\\/#\\\/schema\\\/logo\\\/image\\\/\"}}]}<\/script>\n<!-- \/ Yoast SEO plugin. -->","yoast_head_json":{"title":"Switch 16 Portas Haiz Hz-1016GbPoe - Loja Melhor do Sul Sistemas de Seguran\u00e7a","robots":{"index":"index","follow":"follow","max-snippet":"max-snippet:-1","max-image-preview":"max-image-preview:large","max-video-preview":"max-video-preview:-1"},"canonical":"https:\/\/www.lojamelhordosul.com.br\/site\/produto\/switch-16-portas-haiz-hz-1016gbpoe\/","og_locale":"pt_BR","og_type":"article","og_title":"Switch 16 Portas Haiz Hz-1016GbPoe - Loja Melhor do Sul Sistemas de Seguran\u00e7a","og_description":"SWITCH POE 10\/100\/1000 HAIZ 16 PORTAS GIGABIT + 02 PORTAS UPLINK GIGABIT","og_url":"https:\/\/www.lojamelhordosul.com.br\/site\/produto\/switch-16-portas-haiz-hz-1016gbpoe\/","og_site_name":"Loja Melhor do Sul Sistemas de Seguran\u00e7a","article_modified_time":"2025-12-16T20:03:35+00:00","og_image":[{"width":711,"height":371,"url":"https:\/\/www.lojamelhordosul.com.br\/site\/wp-content\/uploads\/2025\/05\/Captura-de-tela-2025-05-20-144244.png","type":"image\/png"}],"twitter_card":"summary_large_image","twitter_misc":{"Est. tempo de leitura":"2 minutos"},"schema":{"@context":"https:\/\/schema.org","@graph":[{"@type":"WebPage","@id":"https:\/\/www.lojamelhordosul.com.br\/site\/produto\/switch-16-portas-haiz-hz-1016gbpoe\/","url":"https:\/\/www.lojamelhordosul.com.br\/site\/produto\/switch-16-portas-haiz-hz-1016gbpoe\/","name":"Switch 16 Portas Haiz Hz-1016GbPoe - Loja Melhor do Sul Sistemas de Seguran\u00e7a","isPartOf":{"@id":"https:\/\/www.lojamelhordosul.com.br\/site\/#website"},"primaryImageOfPage":{"@id":"https:\/\/www.lojamelhordosul.com.br\/site\/produto\/switch-16-portas-haiz-hz-1016gbpoe\/#primaryimage"},"image":{"@id":"https:\/\/www.lojamelhordosul.com.br\/site\/produto\/switch-16-portas-haiz-hz-1016gbpoe\/#primaryimage"},"thumbnailUrl":"https:\/\/www.lojamelhordosul.com.br\/site\/wp-content\/uploads\/2025\/05\/Captura-de-tela-2025-05-20-144244.png","datePublished":"2025-05-20T17:43:34+00:00","dateModified":"2025-12-16T20:03:35+00:00","breadcrumb":{"@id":"https:\/\/www.lojamelhordosul.com.br\/site\/produto\/switch-16-portas-haiz-hz-1016gbpoe\/#breadcrumb"},"inLanguage":"pt-BR","potentialAction":[{"@type":"ReadAction","target":["https:\/\/www.lojamelhordosul.com.br\/site\/produto\/switch-16-portas-haiz-hz-1016gbpoe\/"]}]},{"@type":"ImageObject","inLanguage":"pt-BR","@id":"https:\/\/www.lojamelhordosul.com.br\/site\/produto\/switch-16-portas-haiz-hz-1016gbpoe\/#primaryimage","url":"https:\/\/www.lojamelhordosul.com.br\/site\/wp-content\/uploads\/2025\/05\/Captura-de-tela-2025-05-20-144244.png","contentUrl":"https:\/\/www.lojamelhordosul.com.br\/site\/wp-content\/uploads\/2025\/05\/Captura-de-tela-2025-05-20-144244.png","width":711,"height":371},{"@type":"BreadcrumbList","@id":"https:\/\/www.lojamelhordosul.com.br\/site\/produto\/switch-16-portas-haiz-hz-1016gbpoe\/#breadcrumb","itemListElement":[{"@type":"ListItem","position":1,"name":"In\u00edcio","item":"https:\/\/www.lojamelhordosul.com.br\/site\/"},{"@type":"ListItem","position":2,"name":"Loja","item":"https:\/\/www.lojamelhordosul.com.br\/site\/loja\/"},{"@type":"ListItem","position":3,"name":"Switch 16 Portas Haiz Hz-1016GbPoe"}]},{"@type":"WebSite","@id":"https:\/\/www.lojamelhordosul.com.br\/site\/#website","url":"https:\/\/www.lojamelhordosul.com.br\/site\/","name":"Loja Melhor do Sul Sistemas de Seguran\u00e7a","description":"Loja Melhor do Sul - Revenda Ouro Intelbras em Porto Alegre","publisher":{"@id":"https:\/\/www.lojamelhordosul.com.br\/site\/#organization"},"potentialAction":[{"@type":"SearchAction","target":{"@type":"EntryPoint","urlTemplate":"https:\/\/www.lojamelhordosul.com.br\/site\/?s={search_term_string}"},"query-input":{"@type":"PropertyValueSpecification","valueRequired":true,"valueName":"search_term_string"}}],"inLanguage":"pt-BR"},{"@type":"Organization","@id":"https:\/\/www.lojamelhordosul.com.br\/site\/#organization","name":"Loja Melhor do Sul","url":"https:\/\/www.lojamelhordosul.com.br\/site\/","logo":{"@type":"ImageObject","inLanguage":"pt-BR","@id":"https:\/\/www.lojamelhordosul.com.br\/site\/#\/schema\/logo\/image\/","url":"https:\/\/www.lojamelhordosul.com.br\/site\/wp-content\/uploads\/2019\/10\/logo-longo-da-loja.png","contentUrl":"https:\/\/www.lojamelhordosul.com.br\/site\/wp-content\/uploads\/2019\/10\/logo-longo-da-loja.png","width":597,"height":114,"caption":"Loja Melhor do Sul"},"image":{"@id":"https:\/\/www.lojamelhordosul.com.br\/site\/#\/schema\/logo\/image\/"}}]}},"_links":{"self":[{"href":"https:\/\/www.lojamelhordosul.com.br\/site\/wp-json\/wp\/v2\/product\/15131","targetHints":{"allow":["GET"]}}],"collection":[{"href":"https:\/\/www.lojamelhordosul.com.br\/site\/wp-json\/wp\/v2\/product"}],"about":[{"href":"https:\/\/www.lojamelhordosul.com.br\/site\/wp-json\/wp\/v2\/types\/product"}],"replies":[{"embeddable":true,"href":"https:\/\/www.lojamelhordosul.com.br\/site\/wp-json\/wp\/v2\/comments?post=15131"}],"wp:featuredmedia":[{"embeddable":true,"href":"https:\/\/www.lojamelhordosul.com.br\/site\/wp-json\/wp\/v2\/media\/15132"}],"wp:attachment":[{"href":"https:\/\/www.lojamelhordosul.com.br\/site\/wp-json\/wp\/v2\/media?parent=15131"}],"wp:term":[{"taxonomy":"product_brand","embeddable":true,"href":"https:\/\/www.lojamelhordosul.com.br\/site\/wp-json\/wp\/v2\/product_brand?post=15131"},{"taxonomy":"product_cat","embeddable":true,"href":"https:\/\/www.lojamelhordosul.com.br\/site\/wp-json\/wp\/v2\/product_cat?post=15131"},{"taxonomy":"product_tag","embeddable":true,"href":"https:\/\/www.lojamelhordosul.com.br\/site\/wp-json\/wp\/v2\/product_tag?post=15131"}],"curies":[{"name":"wp","href":"https:\/\/api.w.org\/{rel}","templated":true}]}}