{"id":16012,"date":"2025-09-01T10:35:56","date_gmt":"2025-09-01T13:35:56","guid":{"rendered":"https:\/\/www.lojamelhordosul.com.br\/site\/?post_type=product&#038;p=16012"},"modified":"2026-03-13T10:41:57","modified_gmt":"2026-03-13T13:41:57","slug":"fonte-chaveada-poe-48v-05a-giga","status":"publish","type":"product","link":"https:\/\/www.lojamelhordosul.com.br\/site\/produto\/fonte-chaveada-poe-48v-05a-giga\/","title":{"rendered":"Fonte Chaveada POE 48V\/0,5A Giga"},"content":{"rendered":"","protected":false},"excerpt":{"rendered":"<ul class=\"ui-vpp-highlighted-specs__features-list\">\n<li class=\"ui-vpp-highlighted-specs__features-list-item ui-pdp-color--BLACK ui-pdp-size--XSMALL ui-pdp-family--REGULAR\">Conta com uma voltagem de sa\u00edda de 48.<\/li>\n<li class=\"ui-vpp-highlighted-specs__features-list-item ui-pdp-color--BLACK ui-pdp-size--XSMALL ui-pdp-family--REGULAR\">Padr\u00e3o PoE: IEEE 802.3af.<\/li>\n<li class=\"ui-vpp-highlighted-specs__features-list-item ui-pdp-color--BLACK ui-pdp-size--XSMALL ui-pdp-family--REGULAR\">Com velocidade m\u00e1xima de conex\u00e3o suportada de 125MB\/s.<\/li>\n<li class=\"ui-vpp-highlighted-specs__features-list-item ui-pdp-color--BLACK ui-pdp-size--XSMALL ui-pdp-family--REGULAR\">O produto possui 2 portas.<\/li>\n<li class=\"ui-vpp-highlighted-specs__features-list-item ui-pdp-color--BLACK ui-pdp-size--XSMALL ui-pdp-family--REGULAR\">Dimens\u00f5es: 5cm de altura, 5cm de largura, 5cm de comprimento.<\/li>\n<li class=\"ui-vpp-highlighted-specs__features-list-item ui-pdp-color--BLACK ui-pdp-size--XSMALL ui-pdp-family--REGULAR\">Homologa\u00e7\u00e3o Anatel N\u00ba 006521911575.<\/li>\n<\/ul>\n<p>Fonte de alimenta\u00e7\u00e3o chaveada PoE que possui dois conectores RJ45 em sua sa\u00edda, sendo um LAN e um PoE &#8211; compat\u00edvel com a norma IEEE 802.3.AT\/AF (pinos 4 e 5 positivo\/ 7 e 8 negativo). Permite a transmiss\u00e3o de dados e energia pelo mesmo cabo UTP, em GIGABIT. Possui entrada Full Range e tens\u00e3o de sa\u00edda cont\u00ednua em 48VDC\/0,5A. Indicado para aplica\u00e7\u00f5es em VOIP, c\u00e2meras, Switches, alarmes, r\u00e1dios, entre outros.<br \/>\nInforma\u00e7\u00f5es T\u00e9cnicas<\/p>\n<p>ENTRADA<br \/>\nTens\u00e3o: 90 ~ 240Vac ( Full Range )<br \/>\nFrequ\u00eancia: 50\/60Hz<br \/>\nRendimento: &gt;85%<br \/>\nSA\u00cdDA<br \/>\nTens\u00e3o: 48VDC<br \/>\nCorrente: 0,5A<br \/>\nPot\u00eancia: 24W<br \/>\nConex\u00e3o: RJ45, sendo um LAN e um PoE (Pinos 4 e 5 positivo, 7 e 8 negativo)<br \/>\nTRANSMISS\u00c3O DE DADOS<br \/>\nVelocidade: Gigabit Ethernet (10\/100\/1000Mbps)<br \/>\nPROTE\u00c7\u00d5ES:<br \/>\nEntrada: Surtos de tens\u00e3o e surtos de corrente<br \/>\nOUTROS<br \/>\nDimens\u00f5es: LxPxA &#8211; 65 x 118 x 50 mm<br \/>\nPeso: 0,275 Kg<br \/>\nMTBF: &gt;60.000 horas (estimado)<br \/>\nTemperatura de opera\u00e7\u00e3o 0 a +40\u00baC<\/p>\n<p>Garantia do vendedor: 3 meses<\/p>\n","protected":false},"featured_media":16013,"comment_status":"closed","ping_status":"closed","template":"","meta":[],"product_brand":[],"product_cat":[2799,2802],"product_tag":[],"class_list":{"0":"post-16012","1":"product","2":"type-product","3":"status-publish","4":"has-post-thumbnail","6":"product_cat-linha-de-energia","7":"product_cat-energia-fontes","9":"first","10":"outofstock","11":"shipping-taxable","12":"purchasable","13":"product-type-simple"},"yoast_head":"<!-- This site is optimized with the Yoast SEO plugin v27.5 - https:\/\/yoast.com\/product\/yoast-seo-wordpress\/ -->\n<title>Fonte Chaveada POE 48V\/0,5A Giga - Loja Melhor do Sul Sistemas de Seguran\u00e7a<\/title>\n<meta name=\"robots\" content=\"index, follow, max-snippet:-1, max-image-preview:large, max-video-preview:-1\" \/>\n<link rel=\"canonical\" href=\"https:\/\/www.lojamelhordosul.com.br\/site\/produto\/fonte-chaveada-poe-48v-05a-giga\/\" \/>\n<meta property=\"og:locale\" content=\"pt_BR\" \/>\n<meta property=\"og:type\" content=\"article\" \/>\n<meta property=\"og:title\" content=\"Fonte Chaveada POE 48V\/0,5A Giga - Loja Melhor do Sul Sistemas de Seguran\u00e7a\" \/>\n<meta property=\"og:description\" content=\"Conta com uma voltagem de sa\u00edda de 48.  Padr\u00e3o PoE: IEEE 802.3af.  Com velocidade m\u00e1xima de conex\u00e3o suportada de 125MB\/s.  O produto possui 2 portas.  Dimens\u00f5es: 5cm de altura, 5cm de largura, 5cm de comprimento.  Homologa\u00e7\u00e3o Anatel N\u00ba 006521911575.  Fonte de alimenta\u00e7\u00e3o chaveada PoE que possui dois conectores RJ45 em sua sa\u00edda, sendo um LAN e um PoE - compat\u00edvel com a norma IEEE 802.3.AT\/AF (pinos 4 e 5 positivo\/ 7 e 8 negativo). Permite a transmiss\u00e3o de dados e energia pelo mesmo cabo UTP, em GIGABIT. Possui entrada Full Range e tens\u00e3o de sa\u00edda cont\u00ednua em 48VDC\/0,5A. Indicado para aplica\u00e7\u00f5es em VOIP, c\u00e2meras, Switches, alarmes, r\u00e1dios, entre outros. Informa\u00e7\u00f5es T\u00e9cnicas  ENTRADA Tens\u00e3o: 90 ~ 240Vac ( Full Range ) Frequ\u00eancia: 50\/60Hz Rendimento: &gt;85% SA\u00cdDA Tens\u00e3o: 48VDC Corrente: 0,5A Pot\u00eancia: 24W Conex\u00e3o: RJ45, sendo um LAN e um PoE (Pinos 4 e 5 positivo, 7 e 8 negativo) TRANSMISS\u00c3O DE DADOS Velocidade: Gigabit Ethernet (10\/100\/1000Mbps) PROTE\u00c7\u00d5ES: Entrada: Surtos de tens\u00e3o e surtos de corrente OUTROS Dimens\u00f5es: LxPxA - 65 x 118 x 50 mm Peso: 0,275 Kg MTBF: &gt;60.000 horas (estimado) Temperatura de opera\u00e7\u00e3o 0 a +40\u00baC  Garantia do vendedor: 3 meses\" \/>\n<meta property=\"og:url\" content=\"https:\/\/www.lojamelhordosul.com.br\/site\/produto\/fonte-chaveada-poe-48v-05a-giga\/\" \/>\n<meta property=\"og:site_name\" content=\"Loja Melhor do Sul Sistemas de Seguran\u00e7a\" \/>\n<meta property=\"article:modified_time\" content=\"2026-03-13T13:41:57+00:00\" \/>\n<meta property=\"og:image\" content=\"https:\/\/www.lojamelhordosul.com.br\/site\/wp-content\/uploads\/2025\/09\/fonte-poe-48v-giga.png\" \/>\n\t<meta property=\"og:image:width\" content=\"340\" \/>\n\t<meta property=\"og:image:height\" content=\"340\" \/>\n\t<meta property=\"og:image:type\" content=\"image\/png\" \/>\n<meta name=\"twitter:card\" content=\"summary_large_image\" \/>\n<meta name=\"twitter:label1\" content=\"Est. tempo de leitura\" \/>\n\t<meta name=\"twitter:data1\" content=\"1 minuto\" \/>\n<script type=\"application\/ld+json\" class=\"yoast-schema-graph\">{\"@context\":\"https:\\\/\\\/schema.org\",\"@graph\":[{\"@type\":\"WebPage\",\"@id\":\"https:\\\/\\\/www.lojamelhordosul.com.br\\\/site\\\/produto\\\/fonte-chaveada-poe-48v-05a-giga\\\/\",\"url\":\"https:\\\/\\\/www.lojamelhordosul.com.br\\\/site\\\/produto\\\/fonte-chaveada-poe-48v-05a-giga\\\/\",\"name\":\"Fonte Chaveada POE 48V\\\/0,5A Giga - Loja Melhor do Sul Sistemas de Seguran\u00e7a\",\"isPartOf\":{\"@id\":\"https:\\\/\\\/www.lojamelhordosul.com.br\\\/site\\\/#website\"},\"primaryImageOfPage\":{\"@id\":\"https:\\\/\\\/www.lojamelhordosul.com.br\\\/site\\\/produto\\\/fonte-chaveada-poe-48v-05a-giga\\\/#primaryimage\"},\"image\":{\"@id\":\"https:\\\/\\\/www.lojamelhordosul.com.br\\\/site\\\/produto\\\/fonte-chaveada-poe-48v-05a-giga\\\/#primaryimage\"},\"thumbnailUrl\":\"https:\\\/\\\/www.lojamelhordosul.com.br\\\/site\\\/wp-content\\\/uploads\\\/2025\\\/09\\\/fonte-poe-48v-giga.png\",\"datePublished\":\"2025-09-01T13:35:56+00:00\",\"dateModified\":\"2026-03-13T13:41:57+00:00\",\"breadcrumb\":{\"@id\":\"https:\\\/\\\/www.lojamelhordosul.com.br\\\/site\\\/produto\\\/fonte-chaveada-poe-48v-05a-giga\\\/#breadcrumb\"},\"inLanguage\":\"pt-BR\",\"potentialAction\":[{\"@type\":\"ReadAction\",\"target\":[\"https:\\\/\\\/www.lojamelhordosul.com.br\\\/site\\\/produto\\\/fonte-chaveada-poe-48v-05a-giga\\\/\"]}]},{\"@type\":\"ImageObject\",\"inLanguage\":\"pt-BR\",\"@id\":\"https:\\\/\\\/www.lojamelhordosul.com.br\\\/site\\\/produto\\\/fonte-chaveada-poe-48v-05a-giga\\\/#primaryimage\",\"url\":\"https:\\\/\\\/www.lojamelhordosul.com.br\\\/site\\\/wp-content\\\/uploads\\\/2025\\\/09\\\/fonte-poe-48v-giga.png\",\"contentUrl\":\"https:\\\/\\\/www.lojamelhordosul.com.br\\\/site\\\/wp-content\\\/uploads\\\/2025\\\/09\\\/fonte-poe-48v-giga.png\",\"width\":340,\"height\":340},{\"@type\":\"BreadcrumbList\",\"@id\":\"https:\\\/\\\/www.lojamelhordosul.com.br\\\/site\\\/produto\\\/fonte-chaveada-poe-48v-05a-giga\\\/#breadcrumb\",\"itemListElement\":[{\"@type\":\"ListItem\",\"position\":1,\"name\":\"In\u00edcio\",\"item\":\"https:\\\/\\\/www.lojamelhordosul.com.br\\\/site\\\/\"},{\"@type\":\"ListItem\",\"position\":2,\"name\":\"Loja\",\"item\":\"https:\\\/\\\/www.lojamelhordosul.com.br\\\/site\\\/loja\\\/\"},{\"@type\":\"ListItem\",\"position\":3,\"name\":\"Fonte Chaveada POE 48V\\\/0,5A Giga\"}]},{\"@type\":\"WebSite\",\"@id\":\"https:\\\/\\\/www.lojamelhordosul.com.br\\\/site\\\/#website\",\"url\":\"https:\\\/\\\/www.lojamelhordosul.com.br\\\/site\\\/\",\"name\":\"Loja Melhor do Sul Sistemas de Seguran\u00e7a\",\"description\":\"Loja Melhor do Sul - Revenda Ouro Intelbras em Porto Alegre\",\"publisher\":{\"@id\":\"https:\\\/\\\/www.lojamelhordosul.com.br\\\/site\\\/#organization\"},\"potentialAction\":[{\"@type\":\"SearchAction\",\"target\":{\"@type\":\"EntryPoint\",\"urlTemplate\":\"https:\\\/\\\/www.lojamelhordosul.com.br\\\/site\\\/?s={search_term_string}\"},\"query-input\":{\"@type\":\"PropertyValueSpecification\",\"valueRequired\":true,\"valueName\":\"search_term_string\"}}],\"inLanguage\":\"pt-BR\"},{\"@type\":\"Organization\",\"@id\":\"https:\\\/\\\/www.lojamelhordosul.com.br\\\/site\\\/#organization\",\"name\":\"Loja Melhor do Sul\",\"url\":\"https:\\\/\\\/www.lojamelhordosul.com.br\\\/site\\\/\",\"logo\":{\"@type\":\"ImageObject\",\"inLanguage\":\"pt-BR\",\"@id\":\"https:\\\/\\\/www.lojamelhordosul.com.br\\\/site\\\/#\\\/schema\\\/logo\\\/image\\\/\",\"url\":\"https:\\\/\\\/www.lojamelhordosul.com.br\\\/site\\\/wp-content\\\/uploads\\\/2019\\\/10\\\/logo-longo-da-loja.png\",\"contentUrl\":\"https:\\\/\\\/www.lojamelhordosul.com.br\\\/site\\\/wp-content\\\/uploads\\\/2019\\\/10\\\/logo-longo-da-loja.png\",\"width\":597,\"height\":114,\"caption\":\"Loja Melhor do Sul\"},\"image\":{\"@id\":\"https:\\\/\\\/www.lojamelhordosul.com.br\\\/site\\\/#\\\/schema\\\/logo\\\/image\\\/\"}}]}<\/script>\n<!-- \/ Yoast SEO plugin. -->","yoast_head_json":{"title":"Fonte Chaveada POE 48V\/0,5A Giga - Loja Melhor do Sul Sistemas de Seguran\u00e7a","robots":{"index":"index","follow":"follow","max-snippet":"max-snippet:-1","max-image-preview":"max-image-preview:large","max-video-preview":"max-video-preview:-1"},"canonical":"https:\/\/www.lojamelhordosul.com.br\/site\/produto\/fonte-chaveada-poe-48v-05a-giga\/","og_locale":"pt_BR","og_type":"article","og_title":"Fonte Chaveada POE 48V\/0,5A Giga - Loja Melhor do Sul Sistemas de Seguran\u00e7a","og_description":"Conta com uma voltagem de sa\u00edda de 48.  Padr\u00e3o PoE: IEEE 802.3af.  Com velocidade m\u00e1xima de conex\u00e3o suportada de 125MB\/s.  O produto possui 2 portas.  Dimens\u00f5es: 5cm de altura, 5cm de largura, 5cm de comprimento.  Homologa\u00e7\u00e3o Anatel N\u00ba 006521911575.  Fonte de alimenta\u00e7\u00e3o chaveada PoE que possui dois conectores RJ45 em sua sa\u00edda, sendo um LAN e um PoE - compat\u00edvel com a norma IEEE 802.3.AT\/AF (pinos 4 e 5 positivo\/ 7 e 8 negativo). Permite a transmiss\u00e3o de dados e energia pelo mesmo cabo UTP, em GIGABIT. Possui entrada Full Range e tens\u00e3o de sa\u00edda cont\u00ednua em 48VDC\/0,5A. Indicado para aplica\u00e7\u00f5es em VOIP, c\u00e2meras, Switches, alarmes, r\u00e1dios, entre outros. Informa\u00e7\u00f5es T\u00e9cnicas  ENTRADA Tens\u00e3o: 90 ~ 240Vac ( Full Range ) Frequ\u00eancia: 50\/60Hz Rendimento: &gt;85% SA\u00cdDA Tens\u00e3o: 48VDC Corrente: 0,5A Pot\u00eancia: 24W Conex\u00e3o: RJ45, sendo um LAN e um PoE (Pinos 4 e 5 positivo, 7 e 8 negativo) TRANSMISS\u00c3O DE DADOS Velocidade: Gigabit Ethernet (10\/100\/1000Mbps) PROTE\u00c7\u00d5ES: Entrada: Surtos de tens\u00e3o e surtos de corrente OUTROS Dimens\u00f5es: LxPxA - 65 x 118 x 50 mm Peso: 0,275 Kg MTBF: &gt;60.000 horas (estimado) Temperatura de opera\u00e7\u00e3o 0 a +40\u00baC  Garantia do vendedor: 3 meses","og_url":"https:\/\/www.lojamelhordosul.com.br\/site\/produto\/fonte-chaveada-poe-48v-05a-giga\/","og_site_name":"Loja Melhor do Sul Sistemas de Seguran\u00e7a","article_modified_time":"2026-03-13T13:41:57+00:00","og_image":[{"width":340,"height":340,"url":"https:\/\/www.lojamelhordosul.com.br\/site\/wp-content\/uploads\/2025\/09\/fonte-poe-48v-giga.png","type":"image\/png"}],"twitter_card":"summary_large_image","twitter_misc":{"Est. tempo de leitura":"1 minuto"},"schema":{"@context":"https:\/\/schema.org","@graph":[{"@type":"WebPage","@id":"https:\/\/www.lojamelhordosul.com.br\/site\/produto\/fonte-chaveada-poe-48v-05a-giga\/","url":"https:\/\/www.lojamelhordosul.com.br\/site\/produto\/fonte-chaveada-poe-48v-05a-giga\/","name":"Fonte Chaveada POE 48V\/0,5A Giga - Loja Melhor do Sul Sistemas de Seguran\u00e7a","isPartOf":{"@id":"https:\/\/www.lojamelhordosul.com.br\/site\/#website"},"primaryImageOfPage":{"@id":"https:\/\/www.lojamelhordosul.com.br\/site\/produto\/fonte-chaveada-poe-48v-05a-giga\/#primaryimage"},"image":{"@id":"https:\/\/www.lojamelhordosul.com.br\/site\/produto\/fonte-chaveada-poe-48v-05a-giga\/#primaryimage"},"thumbnailUrl":"https:\/\/www.lojamelhordosul.com.br\/site\/wp-content\/uploads\/2025\/09\/fonte-poe-48v-giga.png","datePublished":"2025-09-01T13:35:56+00:00","dateModified":"2026-03-13T13:41:57+00:00","breadcrumb":{"@id":"https:\/\/www.lojamelhordosul.com.br\/site\/produto\/fonte-chaveada-poe-48v-05a-giga\/#breadcrumb"},"inLanguage":"pt-BR","potentialAction":[{"@type":"ReadAction","target":["https:\/\/www.lojamelhordosul.com.br\/site\/produto\/fonte-chaveada-poe-48v-05a-giga\/"]}]},{"@type":"ImageObject","inLanguage":"pt-BR","@id":"https:\/\/www.lojamelhordosul.com.br\/site\/produto\/fonte-chaveada-poe-48v-05a-giga\/#primaryimage","url":"https:\/\/www.lojamelhordosul.com.br\/site\/wp-content\/uploads\/2025\/09\/fonte-poe-48v-giga.png","contentUrl":"https:\/\/www.lojamelhordosul.com.br\/site\/wp-content\/uploads\/2025\/09\/fonte-poe-48v-giga.png","width":340,"height":340},{"@type":"BreadcrumbList","@id":"https:\/\/www.lojamelhordosul.com.br\/site\/produto\/fonte-chaveada-poe-48v-05a-giga\/#breadcrumb","itemListElement":[{"@type":"ListItem","position":1,"name":"In\u00edcio","item":"https:\/\/www.lojamelhordosul.com.br\/site\/"},{"@type":"ListItem","position":2,"name":"Loja","item":"https:\/\/www.lojamelhordosul.com.br\/site\/loja\/"},{"@type":"ListItem","position":3,"name":"Fonte Chaveada POE 48V\/0,5A Giga"}]},{"@type":"WebSite","@id":"https:\/\/www.lojamelhordosul.com.br\/site\/#website","url":"https:\/\/www.lojamelhordosul.com.br\/site\/","name":"Loja Melhor do Sul Sistemas de Seguran\u00e7a","description":"Loja Melhor do Sul - Revenda Ouro Intelbras em Porto Alegre","publisher":{"@id":"https:\/\/www.lojamelhordosul.com.br\/site\/#organization"},"potentialAction":[{"@type":"SearchAction","target":{"@type":"EntryPoint","urlTemplate":"https:\/\/www.lojamelhordosul.com.br\/site\/?s={search_term_string}"},"query-input":{"@type":"PropertyValueSpecification","valueRequired":true,"valueName":"search_term_string"}}],"inLanguage":"pt-BR"},{"@type":"Organization","@id":"https:\/\/www.lojamelhordosul.com.br\/site\/#organization","name":"Loja Melhor do Sul","url":"https:\/\/www.lojamelhordosul.com.br\/site\/","logo":{"@type":"ImageObject","inLanguage":"pt-BR","@id":"https:\/\/www.lojamelhordosul.com.br\/site\/#\/schema\/logo\/image\/","url":"https:\/\/www.lojamelhordosul.com.br\/site\/wp-content\/uploads\/2019\/10\/logo-longo-da-loja.png","contentUrl":"https:\/\/www.lojamelhordosul.com.br\/site\/wp-content\/uploads\/2019\/10\/logo-longo-da-loja.png","width":597,"height":114,"caption":"Loja Melhor do Sul"},"image":{"@id":"https:\/\/www.lojamelhordosul.com.br\/site\/#\/schema\/logo\/image\/"}}]}},"_links":{"self":[{"href":"https:\/\/www.lojamelhordosul.com.br\/site\/wp-json\/wp\/v2\/product\/16012","targetHints":{"allow":["GET"]}}],"collection":[{"href":"https:\/\/www.lojamelhordosul.com.br\/site\/wp-json\/wp\/v2\/product"}],"about":[{"href":"https:\/\/www.lojamelhordosul.com.br\/site\/wp-json\/wp\/v2\/types\/product"}],"replies":[{"embeddable":true,"href":"https:\/\/www.lojamelhordosul.com.br\/site\/wp-json\/wp\/v2\/comments?post=16012"}],"wp:featuredmedia":[{"embeddable":true,"href":"https:\/\/www.lojamelhordosul.com.br\/site\/wp-json\/wp\/v2\/media\/16013"}],"wp:attachment":[{"href":"https:\/\/www.lojamelhordosul.com.br\/site\/wp-json\/wp\/v2\/media?parent=16012"}],"wp:term":[{"taxonomy":"product_brand","embeddable":true,"href":"https:\/\/www.lojamelhordosul.com.br\/site\/wp-json\/wp\/v2\/product_brand?post=16012"},{"taxonomy":"product_cat","embeddable":true,"href":"https:\/\/www.lojamelhordosul.com.br\/site\/wp-json\/wp\/v2\/product_cat?post=16012"},{"taxonomy":"product_tag","embeddable":true,"href":"https:\/\/www.lojamelhordosul.com.br\/site\/wp-json\/wp\/v2\/product_tag?post=16012"}],"curies":[{"name":"wp","href":"https:\/\/api.w.org\/{rel}","templated":true}]}}