{"id":16051,"date":"2025-09-17T12:59:44","date_gmt":"2025-09-17T15:59:44","guid":{"rendered":"https:\/\/www.lojamelhordosul.com.br\/site\/?post_type=product&#038;p=16051"},"modified":"2026-03-10T15:20:35","modified_gmt":"2026-03-10T18:20:35","slug":"gravador-digital-de-video-ip-com-32-canais-nvd-invd-3032","status":"publish","type":"product","link":"https:\/\/www.lojamelhordosul.com.br\/site\/produto\/gravador-digital-de-video-ip-com-32-canais-nvd-invd-3032\/","title":{"rendered":"Gravador digital de v\u00eddeo IP com 32 canais NVD INVD 3032"},"content":{"rendered":"","protected":false},"excerpt":{"rendered":"<p>Com mais de 40 anos no mercado, a Intelbras \u00e9 uma empresa brasileira que oferece produtos inovadores e de qualidade para os seus clientes, com o objetivo de melhorar a forma como eles se protegem, conectam-se e se comunicam. Os produtos da marca se destacam por incorporar tecnologias de ponta, mantendo a simplicidade no seu uso.<\/p>\n<p>O gravador iNVD 3032 \u00e9 uma nova gera\u00e7\u00e3o de gravadores de rede que oferece recursos avan\u00e7ados de decodifica\u00e7\u00e3o e grande largura de banda.<\/p>\n<p>Ela apresenta reconhecimento facial de alta precis\u00e3o, Intelig\u00eancias de v\u00eddeo (linha e cerca virtual) e detec\u00e7\u00e3o inteligente de pessoas e ve\u00edculos. Esse gravador de rede n\u00e3o \u00e9 apenas econ\u00f4mico, mas tamb\u00e9m compat\u00edvel com dispositivos de terceiros, o que o torna uma \u00f3tima op\u00e7\u00e3o para pequenas e m\u00e9dias empresas.<\/p>\n<p>IA pela c\u00e2mera: Detec\u00e7\u00e3o de face, Reconhecimento facial, Intelig\u00eancias de v\u00eddeo, An\u00e1lise comportamental, Aglomera\u00e7\u00e3o, Contagem de pessoas, Mapa de calor, Leitura de placas (LPR) Detec\u00e7\u00e3o Inteligente de pessoas e ve\u00edculos.<br \/>\nIA pelo gravador: Detec\u00e7\u00e3o e reconhecimento facial, Intelig\u00eancia de v\u00eddeo e Detec\u00e7\u00e3o Inteligente de pessoas e ve\u00edculos<br \/>\nSuporta 2 HDs SATA<br \/>\nCompress\u00e3o de v\u00eddeo H.265 \/ H.265+ \/ H.264 \/ H.264+ \/ MJPEG<br \/>\nThroughput de 165 Mbps<br \/>\nResolu\u00e7\u00e3o at\u00e9 16MP<br \/>\nCompatibilidade com protocolo Onvif<br \/>\n10 bancos de faces com at\u00e9 20 mil faces cadastradas<\/p>\n<p>Tecnologia de Reconhecimento Facial em Tempo Real<br \/>\nAumente a seguran\u00e7a com c\u00e2meras equipadas com Detec\u00e7\u00e3o de Face.<\/p>\n<p>Compare instantaneamente com as imagens armazenadas em seu banco de dados para uma verifica\u00e7\u00e3o r\u00e1pida e precisa. Consulte o manual para verificar a compatibilidade das c\u00e2meras com esta fun\u00e7\u00e3o.<\/p>\n","protected":false},"featured_media":16052,"comment_status":"closed","ping_status":"closed","template":"","meta":[],"product_brand":[],"product_cat":[2664],"product_tag":[],"class_list":{"0":"post-16051","1":"product","2":"type-product","3":"status-publish","4":"has-post-thumbnail","6":"product_cat-nvr-gravador-seguranca","8":"first","9":"instock","10":"shipping-taxable","11":"purchasable","12":"product-type-simple"},"yoast_head":"<!-- This site is optimized with the Yoast SEO plugin v27.5 - https:\/\/yoast.com\/product\/yoast-seo-wordpress\/ -->\n<title>Gravador digital de v\u00eddeo IP com 32 canais NVD INVD 3032 - Loja Melhor do Sul Sistemas de Seguran\u00e7a<\/title>\n<meta name=\"robots\" content=\"index, follow, max-snippet:-1, max-image-preview:large, max-video-preview:-1\" \/>\n<link rel=\"canonical\" href=\"https:\/\/www.lojamelhordosul.com.br\/site\/produto\/gravador-digital-de-video-ip-com-32-canais-nvd-invd-3032\/\" \/>\n<meta property=\"og:locale\" content=\"pt_BR\" \/>\n<meta property=\"og:type\" content=\"article\" \/>\n<meta property=\"og:title\" content=\"Gravador digital de v\u00eddeo IP com 32 canais NVD INVD 3032 - Loja Melhor do Sul Sistemas de Seguran\u00e7a\" \/>\n<meta property=\"og:description\" content=\"Com mais de 40 anos no mercado, a Intelbras \u00e9 uma empresa brasileira que oferece produtos inovadores e de qualidade para os seus clientes, com o objetivo de melhorar a forma como eles se protegem, conectam-se e se comunicam. Os produtos da marca se destacam por incorporar tecnologias de ponta, mantendo a simplicidade no seu uso.   O gravador iNVD 3032 \u00e9 uma nova gera\u00e7\u00e3o de gravadores de rede que oferece recursos avan\u00e7ados de decodifica\u00e7\u00e3o e grande largura de banda.  Ela apresenta reconhecimento facial de alta precis\u00e3o, Intelig\u00eancias de v\u00eddeo (linha e cerca virtual) e detec\u00e7\u00e3o inteligente de pessoas e ve\u00edculos. Esse gravador de rede n\u00e3o \u00e9 apenas econ\u00f4mico, mas tamb\u00e9m compat\u00edvel com dispositivos de terceiros, o que o torna uma \u00f3tima op\u00e7\u00e3o para pequenas e m\u00e9dias empresas.  IA pela c\u00e2mera: Detec\u00e7\u00e3o de face, Reconhecimento facial, Intelig\u00eancias de v\u00eddeo, An\u00e1lise comportamental, Aglomera\u00e7\u00e3o, Contagem de pessoas, Mapa de calor, Leitura de placas (LPR) Detec\u00e7\u00e3o Inteligente de pessoas e ve\u00edculos. IA pelo gravador: Detec\u00e7\u00e3o e reconhecimento facial, Intelig\u00eancia de v\u00eddeo e Detec\u00e7\u00e3o Inteligente de pessoas e ve\u00edculos Suporta 2 HDs SATA Compress\u00e3o de v\u00eddeo H.265 \/ H.265+ \/ H.264 \/ H.264+ \/ MJPEG Throughput de 165 Mbps Resolu\u00e7\u00e3o at\u00e9 16MP Compatibilidade com protocolo Onvif 10 bancos de faces com at\u00e9 20 mil faces cadastradas  Tecnologia de Reconhecimento Facial em Tempo Real Aumente a seguran\u00e7a com c\u00e2meras equipadas com Detec\u00e7\u00e3o de Face.  Compare instantaneamente com as imagens armazenadas em seu banco de dados para uma verifica\u00e7\u00e3o r\u00e1pida e precisa. Consulte o manual para verificar a compatibilidade das c\u00e2meras com esta fun\u00e7\u00e3o.\" \/>\n<meta property=\"og:url\" content=\"https:\/\/www.lojamelhordosul.com.br\/site\/produto\/gravador-digital-de-video-ip-com-32-canais-nvd-invd-3032\/\" \/>\n<meta property=\"og:site_name\" content=\"Loja Melhor do Sul Sistemas de Seguran\u00e7a\" \/>\n<meta property=\"article:modified_time\" content=\"2026-03-10T18:20:35+00:00\" \/>\n<meta property=\"og:image\" content=\"https:\/\/www.lojamelhordosul.com.br\/site\/wp-content\/uploads\/2025\/09\/Captura-de-tela-2025-09-17-124441.png\" \/>\n\t<meta property=\"og:image:width\" content=\"578\" \/>\n\t<meta property=\"og:image:height\" content=\"343\" \/>\n\t<meta property=\"og:image:type\" content=\"image\/png\" \/>\n<meta name=\"twitter:card\" content=\"summary_large_image\" \/>\n<meta name=\"twitter:label1\" content=\"Est. tempo de leitura\" \/>\n\t<meta name=\"twitter:data1\" content=\"1 minuto\" \/>\n<script type=\"application\/ld+json\" class=\"yoast-schema-graph\">{\"@context\":\"https:\\\/\\\/schema.org\",\"@graph\":[{\"@type\":\"WebPage\",\"@id\":\"https:\\\/\\\/www.lojamelhordosul.com.br\\\/site\\\/produto\\\/gravador-digital-de-video-ip-com-32-canais-nvd-invd-3032\\\/\",\"url\":\"https:\\\/\\\/www.lojamelhordosul.com.br\\\/site\\\/produto\\\/gravador-digital-de-video-ip-com-32-canais-nvd-invd-3032\\\/\",\"name\":\"Gravador digital de v\u00eddeo IP com 32 canais NVD INVD 3032 - Loja Melhor do Sul Sistemas de Seguran\u00e7a\",\"isPartOf\":{\"@id\":\"https:\\\/\\\/www.lojamelhordosul.com.br\\\/site\\\/#website\"},\"primaryImageOfPage\":{\"@id\":\"https:\\\/\\\/www.lojamelhordosul.com.br\\\/site\\\/produto\\\/gravador-digital-de-video-ip-com-32-canais-nvd-invd-3032\\\/#primaryimage\"},\"image\":{\"@id\":\"https:\\\/\\\/www.lojamelhordosul.com.br\\\/site\\\/produto\\\/gravador-digital-de-video-ip-com-32-canais-nvd-invd-3032\\\/#primaryimage\"},\"thumbnailUrl\":\"https:\\\/\\\/www.lojamelhordosul.com.br\\\/site\\\/wp-content\\\/uploads\\\/2025\\\/09\\\/Captura-de-tela-2025-09-17-124441.png\",\"datePublished\":\"2025-09-17T15:59:44+00:00\",\"dateModified\":\"2026-03-10T18:20:35+00:00\",\"breadcrumb\":{\"@id\":\"https:\\\/\\\/www.lojamelhordosul.com.br\\\/site\\\/produto\\\/gravador-digital-de-video-ip-com-32-canais-nvd-invd-3032\\\/#breadcrumb\"},\"inLanguage\":\"pt-BR\",\"potentialAction\":[{\"@type\":\"ReadAction\",\"target\":[\"https:\\\/\\\/www.lojamelhordosul.com.br\\\/site\\\/produto\\\/gravador-digital-de-video-ip-com-32-canais-nvd-invd-3032\\\/\"]}]},{\"@type\":\"ImageObject\",\"inLanguage\":\"pt-BR\",\"@id\":\"https:\\\/\\\/www.lojamelhordosul.com.br\\\/site\\\/produto\\\/gravador-digital-de-video-ip-com-32-canais-nvd-invd-3032\\\/#primaryimage\",\"url\":\"https:\\\/\\\/www.lojamelhordosul.com.br\\\/site\\\/wp-content\\\/uploads\\\/2025\\\/09\\\/Captura-de-tela-2025-09-17-124441.png\",\"contentUrl\":\"https:\\\/\\\/www.lojamelhordosul.com.br\\\/site\\\/wp-content\\\/uploads\\\/2025\\\/09\\\/Captura-de-tela-2025-09-17-124441.png\",\"width\":578,\"height\":343},{\"@type\":\"BreadcrumbList\",\"@id\":\"https:\\\/\\\/www.lojamelhordosul.com.br\\\/site\\\/produto\\\/gravador-digital-de-video-ip-com-32-canais-nvd-invd-3032\\\/#breadcrumb\",\"itemListElement\":[{\"@type\":\"ListItem\",\"position\":1,\"name\":\"In\u00edcio\",\"item\":\"https:\\\/\\\/www.lojamelhordosul.com.br\\\/site\\\/\"},{\"@type\":\"ListItem\",\"position\":2,\"name\":\"Loja\",\"item\":\"https:\\\/\\\/www.lojamelhordosul.com.br\\\/site\\\/loja\\\/\"},{\"@type\":\"ListItem\",\"position\":3,\"name\":\"Gravador digital de v\u00eddeo IP com 32 canais NVD INVD 3032\"}]},{\"@type\":\"WebSite\",\"@id\":\"https:\\\/\\\/www.lojamelhordosul.com.br\\\/site\\\/#website\",\"url\":\"https:\\\/\\\/www.lojamelhordosul.com.br\\\/site\\\/\",\"name\":\"Loja Melhor do Sul Sistemas de Seguran\u00e7a\",\"description\":\"Loja Melhor do Sul - Revenda Ouro Intelbras em Porto Alegre\",\"publisher\":{\"@id\":\"https:\\\/\\\/www.lojamelhordosul.com.br\\\/site\\\/#organization\"},\"potentialAction\":[{\"@type\":\"SearchAction\",\"target\":{\"@type\":\"EntryPoint\",\"urlTemplate\":\"https:\\\/\\\/www.lojamelhordosul.com.br\\\/site\\\/?s={search_term_string}\"},\"query-input\":{\"@type\":\"PropertyValueSpecification\",\"valueRequired\":true,\"valueName\":\"search_term_string\"}}],\"inLanguage\":\"pt-BR\"},{\"@type\":\"Organization\",\"@id\":\"https:\\\/\\\/www.lojamelhordosul.com.br\\\/site\\\/#organization\",\"name\":\"Loja Melhor do Sul\",\"url\":\"https:\\\/\\\/www.lojamelhordosul.com.br\\\/site\\\/\",\"logo\":{\"@type\":\"ImageObject\",\"inLanguage\":\"pt-BR\",\"@id\":\"https:\\\/\\\/www.lojamelhordosul.com.br\\\/site\\\/#\\\/schema\\\/logo\\\/image\\\/\",\"url\":\"https:\\\/\\\/www.lojamelhordosul.com.br\\\/site\\\/wp-content\\\/uploads\\\/2019\\\/10\\\/logo-longo-da-loja.png\",\"contentUrl\":\"https:\\\/\\\/www.lojamelhordosul.com.br\\\/site\\\/wp-content\\\/uploads\\\/2019\\\/10\\\/logo-longo-da-loja.png\",\"width\":597,\"height\":114,\"caption\":\"Loja Melhor do Sul\"},\"image\":{\"@id\":\"https:\\\/\\\/www.lojamelhordosul.com.br\\\/site\\\/#\\\/schema\\\/logo\\\/image\\\/\"}}]}<\/script>\n<!-- \/ Yoast SEO plugin. -->","yoast_head_json":{"title":"Gravador digital de v\u00eddeo IP com 32 canais NVD INVD 3032 - Loja Melhor do Sul Sistemas de Seguran\u00e7a","robots":{"index":"index","follow":"follow","max-snippet":"max-snippet:-1","max-image-preview":"max-image-preview:large","max-video-preview":"max-video-preview:-1"},"canonical":"https:\/\/www.lojamelhordosul.com.br\/site\/produto\/gravador-digital-de-video-ip-com-32-canais-nvd-invd-3032\/","og_locale":"pt_BR","og_type":"article","og_title":"Gravador digital de v\u00eddeo IP com 32 canais NVD INVD 3032 - Loja Melhor do Sul Sistemas de Seguran\u00e7a","og_description":"Com mais de 40 anos no mercado, a Intelbras \u00e9 uma empresa brasileira que oferece produtos inovadores e de qualidade para os seus clientes, com o objetivo de melhorar a forma como eles se protegem, conectam-se e se comunicam. Os produtos da marca se destacam por incorporar tecnologias de ponta, mantendo a simplicidade no seu uso.   O gravador iNVD 3032 \u00e9 uma nova gera\u00e7\u00e3o de gravadores de rede que oferece recursos avan\u00e7ados de decodifica\u00e7\u00e3o e grande largura de banda.  Ela apresenta reconhecimento facial de alta precis\u00e3o, Intelig\u00eancias de v\u00eddeo (linha e cerca virtual) e detec\u00e7\u00e3o inteligente de pessoas e ve\u00edculos. Esse gravador de rede n\u00e3o \u00e9 apenas econ\u00f4mico, mas tamb\u00e9m compat\u00edvel com dispositivos de terceiros, o que o torna uma \u00f3tima op\u00e7\u00e3o para pequenas e m\u00e9dias empresas.  IA pela c\u00e2mera: Detec\u00e7\u00e3o de face, Reconhecimento facial, Intelig\u00eancias de v\u00eddeo, An\u00e1lise comportamental, Aglomera\u00e7\u00e3o, Contagem de pessoas, Mapa de calor, Leitura de placas (LPR) Detec\u00e7\u00e3o Inteligente de pessoas e ve\u00edculos. IA pelo gravador: Detec\u00e7\u00e3o e reconhecimento facial, Intelig\u00eancia de v\u00eddeo e Detec\u00e7\u00e3o Inteligente de pessoas e ve\u00edculos Suporta 2 HDs SATA Compress\u00e3o de v\u00eddeo H.265 \/ H.265+ \/ H.264 \/ H.264+ \/ MJPEG Throughput de 165 Mbps Resolu\u00e7\u00e3o at\u00e9 16MP Compatibilidade com protocolo Onvif 10 bancos de faces com at\u00e9 20 mil faces cadastradas  Tecnologia de Reconhecimento Facial em Tempo Real Aumente a seguran\u00e7a com c\u00e2meras equipadas com Detec\u00e7\u00e3o de Face.  Compare instantaneamente com as imagens armazenadas em seu banco de dados para uma verifica\u00e7\u00e3o r\u00e1pida e precisa. Consulte o manual para verificar a compatibilidade das c\u00e2meras com esta fun\u00e7\u00e3o.","og_url":"https:\/\/www.lojamelhordosul.com.br\/site\/produto\/gravador-digital-de-video-ip-com-32-canais-nvd-invd-3032\/","og_site_name":"Loja Melhor do Sul Sistemas de Seguran\u00e7a","article_modified_time":"2026-03-10T18:20:35+00:00","og_image":[{"width":578,"height":343,"url":"https:\/\/www.lojamelhordosul.com.br\/site\/wp-content\/uploads\/2025\/09\/Captura-de-tela-2025-09-17-124441.png","type":"image\/png"}],"twitter_card":"summary_large_image","twitter_misc":{"Est. tempo de leitura":"1 minuto"},"schema":{"@context":"https:\/\/schema.org","@graph":[{"@type":"WebPage","@id":"https:\/\/www.lojamelhordosul.com.br\/site\/produto\/gravador-digital-de-video-ip-com-32-canais-nvd-invd-3032\/","url":"https:\/\/www.lojamelhordosul.com.br\/site\/produto\/gravador-digital-de-video-ip-com-32-canais-nvd-invd-3032\/","name":"Gravador digital de v\u00eddeo IP com 32 canais NVD INVD 3032 - Loja Melhor do Sul Sistemas de Seguran\u00e7a","isPartOf":{"@id":"https:\/\/www.lojamelhordosul.com.br\/site\/#website"},"primaryImageOfPage":{"@id":"https:\/\/www.lojamelhordosul.com.br\/site\/produto\/gravador-digital-de-video-ip-com-32-canais-nvd-invd-3032\/#primaryimage"},"image":{"@id":"https:\/\/www.lojamelhordosul.com.br\/site\/produto\/gravador-digital-de-video-ip-com-32-canais-nvd-invd-3032\/#primaryimage"},"thumbnailUrl":"https:\/\/www.lojamelhordosul.com.br\/site\/wp-content\/uploads\/2025\/09\/Captura-de-tela-2025-09-17-124441.png","datePublished":"2025-09-17T15:59:44+00:00","dateModified":"2026-03-10T18:20:35+00:00","breadcrumb":{"@id":"https:\/\/www.lojamelhordosul.com.br\/site\/produto\/gravador-digital-de-video-ip-com-32-canais-nvd-invd-3032\/#breadcrumb"},"inLanguage":"pt-BR","potentialAction":[{"@type":"ReadAction","target":["https:\/\/www.lojamelhordosul.com.br\/site\/produto\/gravador-digital-de-video-ip-com-32-canais-nvd-invd-3032\/"]}]},{"@type":"ImageObject","inLanguage":"pt-BR","@id":"https:\/\/www.lojamelhordosul.com.br\/site\/produto\/gravador-digital-de-video-ip-com-32-canais-nvd-invd-3032\/#primaryimage","url":"https:\/\/www.lojamelhordosul.com.br\/site\/wp-content\/uploads\/2025\/09\/Captura-de-tela-2025-09-17-124441.png","contentUrl":"https:\/\/www.lojamelhordosul.com.br\/site\/wp-content\/uploads\/2025\/09\/Captura-de-tela-2025-09-17-124441.png","width":578,"height":343},{"@type":"BreadcrumbList","@id":"https:\/\/www.lojamelhordosul.com.br\/site\/produto\/gravador-digital-de-video-ip-com-32-canais-nvd-invd-3032\/#breadcrumb","itemListElement":[{"@type":"ListItem","position":1,"name":"In\u00edcio","item":"https:\/\/www.lojamelhordosul.com.br\/site\/"},{"@type":"ListItem","position":2,"name":"Loja","item":"https:\/\/www.lojamelhordosul.com.br\/site\/loja\/"},{"@type":"ListItem","position":3,"name":"Gravador digital de v\u00eddeo IP com 32 canais NVD INVD 3032"}]},{"@type":"WebSite","@id":"https:\/\/www.lojamelhordosul.com.br\/site\/#website","url":"https:\/\/www.lojamelhordosul.com.br\/site\/","name":"Loja Melhor do Sul Sistemas de Seguran\u00e7a","description":"Loja Melhor do Sul - Revenda Ouro Intelbras em Porto Alegre","publisher":{"@id":"https:\/\/www.lojamelhordosul.com.br\/site\/#organization"},"potentialAction":[{"@type":"SearchAction","target":{"@type":"EntryPoint","urlTemplate":"https:\/\/www.lojamelhordosul.com.br\/site\/?s={search_term_string}"},"query-input":{"@type":"PropertyValueSpecification","valueRequired":true,"valueName":"search_term_string"}}],"inLanguage":"pt-BR"},{"@type":"Organization","@id":"https:\/\/www.lojamelhordosul.com.br\/site\/#organization","name":"Loja Melhor do Sul","url":"https:\/\/www.lojamelhordosul.com.br\/site\/","logo":{"@type":"ImageObject","inLanguage":"pt-BR","@id":"https:\/\/www.lojamelhordosul.com.br\/site\/#\/schema\/logo\/image\/","url":"https:\/\/www.lojamelhordosul.com.br\/site\/wp-content\/uploads\/2019\/10\/logo-longo-da-loja.png","contentUrl":"https:\/\/www.lojamelhordosul.com.br\/site\/wp-content\/uploads\/2019\/10\/logo-longo-da-loja.png","width":597,"height":114,"caption":"Loja Melhor do Sul"},"image":{"@id":"https:\/\/www.lojamelhordosul.com.br\/site\/#\/schema\/logo\/image\/"}}]}},"_links":{"self":[{"href":"https:\/\/www.lojamelhordosul.com.br\/site\/wp-json\/wp\/v2\/product\/16051","targetHints":{"allow":["GET"]}}],"collection":[{"href":"https:\/\/www.lojamelhordosul.com.br\/site\/wp-json\/wp\/v2\/product"}],"about":[{"href":"https:\/\/www.lojamelhordosul.com.br\/site\/wp-json\/wp\/v2\/types\/product"}],"replies":[{"embeddable":true,"href":"https:\/\/www.lojamelhordosul.com.br\/site\/wp-json\/wp\/v2\/comments?post=16051"}],"wp:featuredmedia":[{"embeddable":true,"href":"https:\/\/www.lojamelhordosul.com.br\/site\/wp-json\/wp\/v2\/media\/16052"}],"wp:attachment":[{"href":"https:\/\/www.lojamelhordosul.com.br\/site\/wp-json\/wp\/v2\/media?parent=16051"}],"wp:term":[{"taxonomy":"product_brand","embeddable":true,"href":"https:\/\/www.lojamelhordosul.com.br\/site\/wp-json\/wp\/v2\/product_brand?post=16051"},{"taxonomy":"product_cat","embeddable":true,"href":"https:\/\/www.lojamelhordosul.com.br\/site\/wp-json\/wp\/v2\/product_cat?post=16051"},{"taxonomy":"product_tag","embeddable":true,"href":"https:\/\/www.lojamelhordosul.com.br\/site\/wp-json\/wp\/v2\/product_tag?post=16051"}],"curies":[{"name":"wp","href":"https:\/\/api.w.org\/{rel}","templated":true}]}}