{"id":16126,"date":"2025-11-05T10:47:43","date_gmt":"2025-11-05T13:47:43","guid":{"rendered":"https:\/\/www.lojamelhordosul.com.br\/site\/?post_type=product&#038;p=16126"},"modified":"2026-03-10T14:54:11","modified_gmt":"2026-03-10T17:54:11","slug":"mini-rack-montado-de-parede-5u-19-x-370-mm-intelbras-mrm-537","status":"publish","type":"product","link":"https:\/\/www.lojamelhordosul.com.br\/site\/produto\/mini-rack-montado-de-parede-5u-19-x-370-mm-intelbras-mrm-537\/","title":{"rendered":"Mini Rack Montado de Parede 5U \u2013 19\u201d x 370 mm &#8211; Intelbras MRM 537"},"content":{"rendered":"<p><img decoding=\"async\" src=\"https:\/\/backend.intelbras.com\/sites\/default\/files\/styles\/large\/public\/2021-01\/seguran%C3%A7a-reforcada-mini-rack-de-parede-mrm-537.jpg\" alt=\"seguran\u00e7a-reforcada-mini-rack-de-parede-mrm-537\" \/><\/p>\n<div class=\"mt2 mb2  \">\n<div class=\"grid-container  \">\n<div class=\"block-mini-banner is-product-page\" data-ga-name=\"section-mini-banner\">\n<div class=\"grid-x grid-container align-middle\">\n<div class=\"cell medium-auto medium-order-1\">\n<div class=\"block-mini-banner__content\">\n<div class=\"mt2 mb2 \">\n<h2 class=\"weight--small-300 weight--large-200 block-mini-banner__title h3\">Seguran\u00e7a refor\u00e7ada<\/h2>\n<\/div>\n<div class=\"text text--300\">\n<div class=\"block-template overflow-hidden\">\n<p>Mant\u00e9m a organiza\u00e7\u00e3o e garante alta prote\u00e7\u00e3o de equipamentos, como switches, DVRs e NVRs.<\/p>\n<p>&nbsp;<\/p>\n<p>&nbsp;<\/p>\n<\/div>\n<\/div>\n<\/div>\n<\/div>\n<\/div>\n<\/div>\n<\/div>\n<\/div>\n<div class=\"mt2 mb2  \">\n<div class=\"grid-container  \">\n<div class=\"block-mini-banner is-product-page\" data-ga-name=\"section-mini-banner\">\n<div class=\"grid-x grid-container align-middle\">\n<div class=\"cell media-cell medium-6\">\n<div class=\"block-mini-banner__media\">\n<figure class=\"text-center  object-fit--contain\"><img decoding=\"async\" src=\"https:\/\/backend.intelbras.com\/sites\/default\/files\/styles\/large\/public\/2021-01\/leve-robusto-resistente-mini-rack-de-parede-montado-mrm-537.jpg\" alt=\"leve-robusto-resistente-mini-rack-de-parede-montado-mrm-537\" \/><\/figure>\n<\/div>\n<\/div>\n<div class=\"cell medium-auto\">\n<div class=\"block-mini-banner__content\">\n<div class=\"mt2 mb2 \">\n<h2 class=\"weight--small-300 weight--large-200 block-mini-banner__title h3\">Leve, robusto e resistente<\/h2>\n<\/div>\n<div class=\"text text--300\">\n<div class=\"block-template overflow-hidden\">\n<p>Produzido com materiais de alta qualidade, o mini rack combina robustez, praticidade e durabilidade.<\/p>\n<p>&nbsp;<\/p>\n<p>&nbsp;<\/p>\n<\/div>\n<\/div>\n<\/div>\n<\/div>\n<\/div>\n<\/div>\n<\/div>\n<\/div>\n<div class=\"mt2 mb2  \">\n<div class=\"grid-container  \">\n<div class=\"block-mini-banner is-product-page\" data-ga-name=\"section-mini-banner\">\n<div class=\"grid-x grid-container align-middle\">\n<div class=\"cell media-cell medium-6 medium-order-2 large-offset-1\">\n<div class=\"block-mini-banner__media\">\n<figure class=\"text-center  object-fit--contain\"><img decoding=\"async\" src=\"https:\/\/backend.intelbras.com\/sites\/default\/files\/styles\/large\/public\/2021-01\/para-atender-a-necessidade-de-cada-cliente-mini-rack-de-parede-montado-mrm-537.jpg\" alt=\"para-atender-a-necessidade-de-cada-cliente-mini-rack-de-parede-montado-mrm-537\" \/><\/figure>\n<\/div>\n<\/div>\n<div class=\"cell medium-auto medium-order-1\">\n<div class=\"block-mini-banner__content\">\n<div class=\"mt2 mb2 \">\n<h2 class=\"weight--small-300 weight--large-200 block-mini-banner__title h3\">Sob medida para a necessidade de cada cliente<\/h2>\n<\/div>\n<div class=\"text text--300\">\n<div class=\"block-template overflow-hidden\">\n<p>100% aprovado nos testes de qualidade, pensado e desenvolvido junto ao cliente, para atender sua necessidade. Dispon\u00edvel nos tamanhos 3U e 5U.<\/p>\n<\/div>\n<\/div>\n<\/div>\n<\/div>\n<\/div>\n<\/div>\n<\/div>\n<\/div>\n","protected":false},"excerpt":{"rendered":"<div class=\"text text--300\">\n<div class=\"block-template overflow-hidden\">O investimento certo para elevar o padr\u00e3o de seguran\u00e7a de seus equipamentos.<\/div>\n<\/div>\n<div class=\"element-color-selector\"><\/div>\n<div>\u00bb Ideal para pequenos projetos de Redes, Telecom e CFTV;<\/div>\n<div>\n\u00bb Robusto e leve: Projetado para garantir a robustez que um Rack precisa e leve para instala\u00e7\u00e3o;<\/div>\n<div>\n\u00bb Profundidade total de 370mm oferecendo o espa\u00e7o ideal para o armazenamento dos equipamentos;<\/div>\n<div>\n\u00bb Lateral com venezianas para ventila\u00e7\u00e3o;<\/div>\n<div>\n\u00bb Compat\u00edvel com a norma IEC 60297<\/div>\n","protected":false},"featured_media":16127,"comment_status":"closed","ping_status":"closed","template":"","meta":{"rs_blank_template":"","rs_page_bg_color":"","slide_template_v7":""},"product_brand":[],"product_cat":[2719,2724],"product_tag":[],"class_list":["post-16126","product","type-product","status-publish","has-post-thumbnail","product_cat-acessorios-cftv","product_cat-acessorios-racks-organizadores","first","instock","shipping-taxable","purchasable","product-type-simple"],"_links":{"self":[{"href":"https:\/\/www.lojamelhordosul.com.br\/site\/wp-json\/wp\/v2\/product\/16126","targetHints":{"allow":["GET"]}}],"collection":[{"href":"https:\/\/www.lojamelhordosul.com.br\/site\/wp-json\/wp\/v2\/product"}],"about":[{"href":"https:\/\/www.lojamelhordosul.com.br\/site\/wp-json\/wp\/v2\/types\/product"}],"replies":[{"embeddable":true,"href":"https:\/\/www.lojamelhordosul.com.br\/site\/wp-json\/wp\/v2\/comments?post=16126"}],"wp:featuredmedia":[{"embeddable":true,"href":"https:\/\/www.lojamelhordosul.com.br\/site\/wp-json\/wp\/v2\/media\/16127"}],"wp:attachment":[{"href":"https:\/\/www.lojamelhordosul.com.br\/site\/wp-json\/wp\/v2\/media?parent=16126"}],"wp:term":[{"taxonomy":"product_brand","embeddable":true,"href":"https:\/\/www.lojamelhordosul.com.br\/site\/wp-json\/wp\/v2\/product_brand?post=16126"},{"taxonomy":"product_cat","embeddable":true,"href":"https:\/\/www.lojamelhordosul.com.br\/site\/wp-json\/wp\/v2\/product_cat?post=16126"},{"taxonomy":"product_tag","embeddable":true,"href":"https:\/\/www.lojamelhordosul.com.br\/site\/wp-json\/wp\/v2\/product_tag?post=16126"}],"curies":[{"name":"wp","href":"https:\/\/api.w.org\/{rel}","templated":true}]}}

<p><img decoding="async" src="https://backend.intelbras.com/sites/default/files/styles/large/public/2021-01/seguran%C3%A7a-reforcada-mini-rack-de-parede-mrm-537.jpg" alt="segurança-reforcada-mini-rack-de-parede-mrm-537" /></p>
<div class="mt2 mb2  ">
<div class="grid-container  ">
<div class="block-mini-banner is-product-page" data-ga-name="section-mini-banner">
<div class="grid-x grid-container align-middle">
<div class="cell medium-auto medium-order-1">
<div class="block-mini-banner__content">
<div class="mt2 mb2 ">
<h2 class="weight--small-300 weight--large-200 block-mini-banner__title h3">Segurança reforçada</h2>
</div>
<div class="text text--300">
<div class="block-template overflow-hidden">
<p>Mantém a organização e garante alta proteção de equipamentos, como switches, DVRs e NVRs.</p>
<p>&nbsp;</p>
<p>&nbsp;</p>
</div>
</div>
</div>
</div>
</div>
</div>
</div>
</div>
<div class="mt2 mb2  ">
<div class="grid-container  ">
<div class="block-mini-banner is-product-page" data-ga-name="section-mini-banner">
<div class="grid-x grid-container align-middle">
<div class="cell media-cell medium-6">
<div class="block-mini-banner__media">
<figure class="text-center  object-fit--contain"><img decoding="async" src="https://backend.intelbras.com/sites/default/files/styles/large/public/2021-01/leve-robusto-resistente-mini-rack-de-parede-montado-mrm-537.jpg" alt="leve-robusto-resistente-mini-rack-de-parede-montado-mrm-537" /></figure>
</div>
</div>
<div class="cell medium-auto">
<div class="block-mini-banner__content">
<div class="mt2 mb2 ">
<h2 class="weight--small-300 weight--large-200 block-mini-banner__title h3">Leve, robusto e resistente</h2>
</div>
<div class="text text--300">
<div class="block-template overflow-hidden">
<p>Produzido com materiais de alta qualidade, o mini rack combina robustez, praticidade e durabilidade.</p>
<p>&nbsp;</p>
<p>&nbsp;</p>
</div>
</div>
</div>
</div>
</div>
</div>
</div>
</div>
<div class="mt2 mb2  ">
<div class="grid-container  ">
<div class="block-mini-banner is-product-page" data-ga-name="section-mini-banner">
<div class="grid-x grid-container align-middle">
<div class="cell media-cell medium-6 medium-order-2 large-offset-1">
<div class="block-mini-banner__media">
<figure class="text-center  object-fit--contain"><img decoding="async" src="https://backend.intelbras.com/sites/default/files/styles/large/public/2021-01/para-atender-a-necessidade-de-cada-cliente-mini-rack-de-parede-montado-mrm-537.jpg" alt="para-atender-a-necessidade-de-cada-cliente-mini-rack-de-parede-montado-mrm-537" /></figure>
</div>
</div>
<div class="cell medium-auto medium-order-1">
<div class="block-mini-banner__content">
<div class="mt2 mb2 ">
<h2 class="weight--small-300 weight--large-200 block-mini-banner__title h3">Sob medida para a necessidade de cada cliente</h2>
</div>
<div class="text text--300">
<div class="block-template overflow-hidden">
<p>100% aprovado nos testes de qualidade, pensado e desenvolvido junto ao cliente, para atender sua necessidade. Disponível nos tamanhos 3U e 5U.</p>
</div>
</div>
</div>
</div>
</div>
</div>
</div>
</div>

<div class="text text--300">
<div class="block-template overflow-hidden">O investimento certo para elevar o padrão de segurança de seus equipamentos.</div>
</div>
<div class="element-color-selector"></div>
<div>» Ideal para pequenos projetos de Redes, Telecom e CFTV;</div>
<div>
» Robusto e leve: Projetado para garantir a robustez que um Rack precisa e leve para instalação;</div>
<div>
» Profundidade total de 370mm oferecendo o espaço ideal para o armazenamento dos equipamentos;</div>
<div>
» Lateral com venezianas para ventilação;</div>
<div>
» Compatível com a norma IEC 60297</div>
