{"id":16147,"date":"2025-11-07T15:33:30","date_gmt":"2025-11-07T18:33:30","guid":{"rendered":"https:\/\/www.lojamelhordosul.com.br\/site\/?post_type=product&#038;p=16147"},"modified":"2025-12-16T17:06:00","modified_gmt":"2025-12-16T20:06:00","slug":"switch-gerenciavel-24p-giga-4p-gbic-sg-2404-mr-l2","status":"publish","type":"product","link":"https:\/\/www.lojamelhordosul.com.br\/site\/produto\/switch-gerenciavel-24p-giga-4p-gbic-sg-2404-mr-l2\/","title":{"rendered":"Switch gerenci\u00e1vel 24P Giga + 4P GBIC &#8211; SG 2404 MR L2+"},"content":{"rendered":"<table border=\"0\" cellspacing=\"0\" cellpadding=\"0\">\n<tbody>\n<tr>\n<td class=\"cke-align-top\">O SG 2404 MR L2+ \u00e9 um switch com fun\u00e7\u00f5es de gerenciamento de rede, que possui 24 portas com velocidade Gigabit Ethernet. Ele oferece diversos recursos de gerenciamento que proporcionam ao profissional um maior controle sobre a rede, com alto desempenho e estabilidade.<\/td>\n<\/tr>\n<\/tbody>\n<\/table>\n<hr \/>\n<table border=\"0\" cellspacing=\"0\" cellpadding=\"0\">\n<tbody>\n<tr>\n<td class=\"cke-align-top\">\n<h2><\/h2>\n<h2>Compat\u00edvel com IPv6<\/h2>\n<p>Pronto para as\u00a0<span class=\"cke-bold\">novas conex\u00f5es de internet no Brasil<\/span>, traz mais seguran\u00e7a, privacidade e uma melhor experi\u00eancia de usu\u00e1rio para os seus clientes, al\u00e9m de novos<span class=\"cke-bold\">\u00a0benef\u00edcios para otimizar<\/span>\u00a0seus projetos.<\/td>\n<td class=\"cke-align-top\">\n<h2><img decoding=\"async\" class=\"media-element file-default\" title=\"SG 2404 MR L2+\" src=\"https:\/\/suporte-tecnico.intelbras.com.br\/sites\/default\/files\/flyer_digital_sg_2404_mr_l2_versao_2_07.png\" alt=\"SG 2404 MR L2+\" \/><\/h2>\n<\/td>\n<\/tr>\n<\/tbody>\n<\/table>\n<hr \/>\n<table border=\"0\" cellspacing=\"0\" cellpadding=\"0\">\n<tbody>\n<tr>\n<td class=\"cke-align-top\"><img decoding=\"async\" class=\"media-element file-default\" title=\"SG 2404 MR L2+\" src=\"https:\/\/suporte-tecnico.intelbras.com.br\/sites\/default\/files\/flyer_digital_sg_2404_mr_l2_versao_2_11.png\" alt=\"SG 2404 MR L2+\" \/><\/td>\n<td class=\"cke-align-top\">\n<h2><\/h2>\n<h2>Facilitando o seu gerenciamento<\/h2>\n<p>Com o protocolo SNMP do SG 2404 MR L2+, \u00e9 poss\u00edvel monitorar os recursos do switch para obter maior controle da rede.<\/td>\n<\/tr>\n<\/tbody>\n<\/table>\n<hr \/>\n<table border=\"0\" cellspacing=\"0\" cellpadding=\"0\">\n<tbody>\n<tr>\n<td class=\"cke-align-top\">\n<h2><\/h2>\n<h2>Roteamento est\u00e1tico<\/h2>\n<p>Com o\u00a0<span class=\"cke-bold\">roteamento diretamente no switch<\/span>, o encaminhamento de pacotes entre redes distintas ocorre de forma mais\u00a0<span class=\"cke-bold\">r\u00e1pida<\/span>, sem a necessidade de upload do roteador da rede, evitando assim o tr\u00e1fego desnecess\u00e1rio entre os equipamentos. Ou seja, \u00e9 poss\u00edvel realizar o<span class=\"cke-bold\">\u00a0direcionamento da comunica\u00e7\u00e3o com outra porta<\/span>, sem ter que trafegar por todas.<\/td>\n<td class=\"cke-align-top\"><img decoding=\"async\" class=\"media-element file-default\" title=\"SG 2404 MR L2+\" src=\"https:\/\/suporte-tecnico.intelbras.com.br\/sites\/default\/files\/flyer_digital_sg_2404_mr_l2_versao_2_15_15.png\" alt=\"SG 2404 MR L2+\" \/><\/td>\n<\/tr>\n<\/tbody>\n<\/table>\n","protected":false},"excerpt":{"rendered":"<div class=\"text text--300\">\n<div class=\"block-template overflow-hidden\">O SG 2404 MR L2+ \u00e9 um switch com fun\u00e7\u00f5es de gerenciamento de rede, que possui 24 portas com velocidade Gigabit Ethernet.<\/div>\n<\/div>\n<div class=\"element-color-selector\"><\/div>\n<div>\u00bb M\u00faltiplas fun\u00e7\u00f5es de gerenciamento de rede<br \/>\n\u00bb Seguran\u00e7a de informa\u00e7\u00f5es e efici\u00eancia no tr\u00e1fego atrav\u00e9s da segmenta\u00e7\u00e3o da rede em VLANs<br \/>\n\u00bb Maior confiabilidade e redund\u00e2ncia nos links de dados, evitando loops e rotas menos eficientes com Spanning Tree<br \/>\n\u00bb Prioriza\u00e7\u00e3o de dados, v\u00eddeos, voz e controle de banda com a cria\u00e7\u00e3o de regras de Qualidade de Servi\u00e7o (QoS)<br \/>\n\u00bb Maior controle de rede atrav\u00e9s do monitoramento remoto e centralizado dos dispositivos conectados via protocolo SNMP<br \/>\n\u00bb Prote\u00e7\u00e3o contra ataque DDoS<br \/>\n\u00bb Manual do usu\u00e1rio em portugu\u00eas<\/div>\n","protected":false},"featured_media":16148,"comment_status":"closed","ping_status":"closed","template":"","meta":[],"product_brand":[],"product_cat":[2774,2781],"product_tag":[],"class_list":{"0":"post-16147","1":"product","2":"type-product","3":"status-publish","4":"has-post-thumbnail","6":"product_cat-redes","7":"product_cat-redes-switches","9":"first","10":"instock","11":"shipping-taxable","12":"purchasable","13":"product-type-simple"},"yoast_head":"<!-- This site is optimized with the Yoast SEO plugin v27.4 - https:\/\/yoast.com\/product\/yoast-seo-wordpress\/ -->\n<title>Switch gerenci\u00e1vel 24P Giga + 4P GBIC - SG 2404 MR L2+ - Loja Melhor do Sul Sistemas de Seguran\u00e7a<\/title>\n<meta name=\"robots\" content=\"index, follow, max-snippet:-1, max-image-preview:large, max-video-preview:-1\" \/>\n<link rel=\"canonical\" href=\"https:\/\/www.lojamelhordosul.com.br\/site\/produto\/switch-gerenciavel-24p-giga-4p-gbic-sg-2404-mr-l2\/\" \/>\n<meta property=\"og:locale\" content=\"pt_BR\" \/>\n<meta property=\"og:type\" content=\"article\" \/>\n<meta property=\"og:title\" content=\"Switch gerenci\u00e1vel 24P Giga + 4P GBIC - SG 2404 MR L2+ - Loja Melhor do Sul Sistemas de Seguran\u00e7a\" \/>\n<meta property=\"og:description\" content=\"O SG 2404 MR L2+ \u00e9 um switch com fun\u00e7\u00f5es de gerenciamento de rede, que possui 24 portas com velocidade Gigabit Ethernet.   \u00bb M\u00faltiplas fun\u00e7\u00f5es de gerenciamento de rede \u00bb Seguran\u00e7a de informa\u00e7\u00f5es e efici\u00eancia no tr\u00e1fego atrav\u00e9s da segmenta\u00e7\u00e3o da rede em VLANs \u00bb Maior confiabilidade e redund\u00e2ncia nos links de dados, evitando loops e rotas menos eficientes com Spanning Tree \u00bb Prioriza\u00e7\u00e3o de dados, v\u00eddeos, voz e controle de banda com a cria\u00e7\u00e3o de regras de Qualidade de Servi\u00e7o (QoS) \u00bb Maior controle de rede atrav\u00e9s do monitoramento remoto e centralizado dos dispositivos conectados via protocolo SNMP \u00bb Prote\u00e7\u00e3o contra ataque DDoS \u00bb Manual do usu\u00e1rio em portugu\u00eas\" \/>\n<meta property=\"og:url\" content=\"https:\/\/www.lojamelhordosul.com.br\/site\/produto\/switch-gerenciavel-24p-giga-4p-gbic-sg-2404-mr-l2\/\" \/>\n<meta property=\"og:site_name\" content=\"Loja Melhor do Sul Sistemas de Seguran\u00e7a\" \/>\n<meta property=\"article:modified_time\" content=\"2025-12-16T20:06:00+00:00\" \/>\n<meta property=\"og:image\" content=\"https:\/\/www.lojamelhordosul.com.br\/site\/wp-content\/uploads\/2025\/11\/sg-2404-mr-l2.png\" \/>\n\t<meta property=\"og:image:width\" content=\"449\" \/>\n\t<meta property=\"og:image:height\" content=\"202\" \/>\n\t<meta property=\"og:image:type\" content=\"image\/png\" \/>\n<meta name=\"twitter:card\" content=\"summary_large_image\" \/>\n<meta name=\"twitter:label1\" content=\"Est. tempo de leitura\" \/>\n\t<meta name=\"twitter:data1\" content=\"2 minutos\" \/>\n<script type=\"application\/ld+json\" class=\"yoast-schema-graph\">{\"@context\":\"https:\\\/\\\/schema.org\",\"@graph\":[{\"@type\":\"WebPage\",\"@id\":\"https:\\\/\\\/www.lojamelhordosul.com.br\\\/site\\\/produto\\\/switch-gerenciavel-24p-giga-4p-gbic-sg-2404-mr-l2\\\/\",\"url\":\"https:\\\/\\\/www.lojamelhordosul.com.br\\\/site\\\/produto\\\/switch-gerenciavel-24p-giga-4p-gbic-sg-2404-mr-l2\\\/\",\"name\":\"Switch gerenci\u00e1vel 24P Giga + 4P GBIC - SG 2404 MR L2+ - Loja Melhor do Sul Sistemas de Seguran\u00e7a\",\"isPartOf\":{\"@id\":\"https:\\\/\\\/www.lojamelhordosul.com.br\\\/site\\\/#website\"},\"primaryImageOfPage\":{\"@id\":\"https:\\\/\\\/www.lojamelhordosul.com.br\\\/site\\\/produto\\\/switch-gerenciavel-24p-giga-4p-gbic-sg-2404-mr-l2\\\/#primaryimage\"},\"image\":{\"@id\":\"https:\\\/\\\/www.lojamelhordosul.com.br\\\/site\\\/produto\\\/switch-gerenciavel-24p-giga-4p-gbic-sg-2404-mr-l2\\\/#primaryimage\"},\"thumbnailUrl\":\"https:\\\/\\\/www.lojamelhordosul.com.br\\\/site\\\/wp-content\\\/uploads\\\/2025\\\/11\\\/sg-2404-mr-l2.png\",\"datePublished\":\"2025-11-07T18:33:30+00:00\",\"dateModified\":\"2025-12-16T20:06:00+00:00\",\"breadcrumb\":{\"@id\":\"https:\\\/\\\/www.lojamelhordosul.com.br\\\/site\\\/produto\\\/switch-gerenciavel-24p-giga-4p-gbic-sg-2404-mr-l2\\\/#breadcrumb\"},\"inLanguage\":\"pt-BR\",\"potentialAction\":[{\"@type\":\"ReadAction\",\"target\":[\"https:\\\/\\\/www.lojamelhordosul.com.br\\\/site\\\/produto\\\/switch-gerenciavel-24p-giga-4p-gbic-sg-2404-mr-l2\\\/\"]}]},{\"@type\":\"ImageObject\",\"inLanguage\":\"pt-BR\",\"@id\":\"https:\\\/\\\/www.lojamelhordosul.com.br\\\/site\\\/produto\\\/switch-gerenciavel-24p-giga-4p-gbic-sg-2404-mr-l2\\\/#primaryimage\",\"url\":\"https:\\\/\\\/www.lojamelhordosul.com.br\\\/site\\\/wp-content\\\/uploads\\\/2025\\\/11\\\/sg-2404-mr-l2.png\",\"contentUrl\":\"https:\\\/\\\/www.lojamelhordosul.com.br\\\/site\\\/wp-content\\\/uploads\\\/2025\\\/11\\\/sg-2404-mr-l2.png\",\"width\":449,\"height\":202},{\"@type\":\"BreadcrumbList\",\"@id\":\"https:\\\/\\\/www.lojamelhordosul.com.br\\\/site\\\/produto\\\/switch-gerenciavel-24p-giga-4p-gbic-sg-2404-mr-l2\\\/#breadcrumb\",\"itemListElement\":[{\"@type\":\"ListItem\",\"position\":1,\"name\":\"In\u00edcio\",\"item\":\"https:\\\/\\\/www.lojamelhordosul.com.br\\\/site\\\/\"},{\"@type\":\"ListItem\",\"position\":2,\"name\":\"Loja\",\"item\":\"https:\\\/\\\/www.lojamelhordosul.com.br\\\/site\\\/loja\\\/\"},{\"@type\":\"ListItem\",\"position\":3,\"name\":\"Switch gerenci\u00e1vel 24P Giga + 4P GBIC &#8211; SG 2404 MR L2+\"}]},{\"@type\":\"WebSite\",\"@id\":\"https:\\\/\\\/www.lojamelhordosul.com.br\\\/site\\\/#website\",\"url\":\"https:\\\/\\\/www.lojamelhordosul.com.br\\\/site\\\/\",\"name\":\"Loja Melhor do Sul Sistemas de Seguran\u00e7a\",\"description\":\"Loja Melhor do Sul - Revenda Ouro Intelbras em Porto Alegre\",\"publisher\":{\"@id\":\"https:\\\/\\\/www.lojamelhordosul.com.br\\\/site\\\/#organization\"},\"potentialAction\":[{\"@type\":\"SearchAction\",\"target\":{\"@type\":\"EntryPoint\",\"urlTemplate\":\"https:\\\/\\\/www.lojamelhordosul.com.br\\\/site\\\/?s={search_term_string}\"},\"query-input\":{\"@type\":\"PropertyValueSpecification\",\"valueRequired\":true,\"valueName\":\"search_term_string\"}}],\"inLanguage\":\"pt-BR\"},{\"@type\":\"Organization\",\"@id\":\"https:\\\/\\\/www.lojamelhordosul.com.br\\\/site\\\/#organization\",\"name\":\"Loja Melhor do Sul\",\"url\":\"https:\\\/\\\/www.lojamelhordosul.com.br\\\/site\\\/\",\"logo\":{\"@type\":\"ImageObject\",\"inLanguage\":\"pt-BR\",\"@id\":\"https:\\\/\\\/www.lojamelhordosul.com.br\\\/site\\\/#\\\/schema\\\/logo\\\/image\\\/\",\"url\":\"https:\\\/\\\/www.lojamelhordosul.com.br\\\/site\\\/wp-content\\\/uploads\\\/2019\\\/10\\\/logo-longo-da-loja.png\",\"contentUrl\":\"https:\\\/\\\/www.lojamelhordosul.com.br\\\/site\\\/wp-content\\\/uploads\\\/2019\\\/10\\\/logo-longo-da-loja.png\",\"width\":597,\"height\":114,\"caption\":\"Loja Melhor do Sul\"},\"image\":{\"@id\":\"https:\\\/\\\/www.lojamelhordosul.com.br\\\/site\\\/#\\\/schema\\\/logo\\\/image\\\/\"}}]}<\/script>\n<!-- \/ Yoast SEO plugin. -->","yoast_head_json":{"title":"Switch gerenci\u00e1vel 24P Giga + 4P GBIC - SG 2404 MR L2+ - Loja Melhor do Sul Sistemas de Seguran\u00e7a","robots":{"index":"index","follow":"follow","max-snippet":"max-snippet:-1","max-image-preview":"max-image-preview:large","max-video-preview":"max-video-preview:-1"},"canonical":"https:\/\/www.lojamelhordosul.com.br\/site\/produto\/switch-gerenciavel-24p-giga-4p-gbic-sg-2404-mr-l2\/","og_locale":"pt_BR","og_type":"article","og_title":"Switch gerenci\u00e1vel 24P Giga + 4P GBIC - SG 2404 MR L2+ - Loja Melhor do Sul Sistemas de Seguran\u00e7a","og_description":"O SG 2404 MR L2+ \u00e9 um switch com fun\u00e7\u00f5es de gerenciamento de rede, que possui 24 portas com velocidade Gigabit Ethernet.   \u00bb M\u00faltiplas fun\u00e7\u00f5es de gerenciamento de rede \u00bb Seguran\u00e7a de informa\u00e7\u00f5es e efici\u00eancia no tr\u00e1fego atrav\u00e9s da segmenta\u00e7\u00e3o da rede em VLANs \u00bb Maior confiabilidade e redund\u00e2ncia nos links de dados, evitando loops e rotas menos eficientes com Spanning Tree \u00bb Prioriza\u00e7\u00e3o de dados, v\u00eddeos, voz e controle de banda com a cria\u00e7\u00e3o de regras de Qualidade de Servi\u00e7o (QoS) \u00bb Maior controle de rede atrav\u00e9s do monitoramento remoto e centralizado dos dispositivos conectados via protocolo SNMP \u00bb Prote\u00e7\u00e3o contra ataque DDoS \u00bb Manual do usu\u00e1rio em portugu\u00eas","og_url":"https:\/\/www.lojamelhordosul.com.br\/site\/produto\/switch-gerenciavel-24p-giga-4p-gbic-sg-2404-mr-l2\/","og_site_name":"Loja Melhor do Sul Sistemas de Seguran\u00e7a","article_modified_time":"2025-12-16T20:06:00+00:00","og_image":[{"width":449,"height":202,"url":"https:\/\/www.lojamelhordosul.com.br\/site\/wp-content\/uploads\/2025\/11\/sg-2404-mr-l2.png","type":"image\/png"}],"twitter_card":"summary_large_image","twitter_misc":{"Est. tempo de leitura":"2 minutos"},"schema":{"@context":"https:\/\/schema.org","@graph":[{"@type":"WebPage","@id":"https:\/\/www.lojamelhordosul.com.br\/site\/produto\/switch-gerenciavel-24p-giga-4p-gbic-sg-2404-mr-l2\/","url":"https:\/\/www.lojamelhordosul.com.br\/site\/produto\/switch-gerenciavel-24p-giga-4p-gbic-sg-2404-mr-l2\/","name":"Switch gerenci\u00e1vel 24P Giga + 4P GBIC - SG 2404 MR L2+ - Loja Melhor do Sul Sistemas de Seguran\u00e7a","isPartOf":{"@id":"https:\/\/www.lojamelhordosul.com.br\/site\/#website"},"primaryImageOfPage":{"@id":"https:\/\/www.lojamelhordosul.com.br\/site\/produto\/switch-gerenciavel-24p-giga-4p-gbic-sg-2404-mr-l2\/#primaryimage"},"image":{"@id":"https:\/\/www.lojamelhordosul.com.br\/site\/produto\/switch-gerenciavel-24p-giga-4p-gbic-sg-2404-mr-l2\/#primaryimage"},"thumbnailUrl":"https:\/\/www.lojamelhordosul.com.br\/site\/wp-content\/uploads\/2025\/11\/sg-2404-mr-l2.png","datePublished":"2025-11-07T18:33:30+00:00","dateModified":"2025-12-16T20:06:00+00:00","breadcrumb":{"@id":"https:\/\/www.lojamelhordosul.com.br\/site\/produto\/switch-gerenciavel-24p-giga-4p-gbic-sg-2404-mr-l2\/#breadcrumb"},"inLanguage":"pt-BR","potentialAction":[{"@type":"ReadAction","target":["https:\/\/www.lojamelhordosul.com.br\/site\/produto\/switch-gerenciavel-24p-giga-4p-gbic-sg-2404-mr-l2\/"]}]},{"@type":"ImageObject","inLanguage":"pt-BR","@id":"https:\/\/www.lojamelhordosul.com.br\/site\/produto\/switch-gerenciavel-24p-giga-4p-gbic-sg-2404-mr-l2\/#primaryimage","url":"https:\/\/www.lojamelhordosul.com.br\/site\/wp-content\/uploads\/2025\/11\/sg-2404-mr-l2.png","contentUrl":"https:\/\/www.lojamelhordosul.com.br\/site\/wp-content\/uploads\/2025\/11\/sg-2404-mr-l2.png","width":449,"height":202},{"@type":"BreadcrumbList","@id":"https:\/\/www.lojamelhordosul.com.br\/site\/produto\/switch-gerenciavel-24p-giga-4p-gbic-sg-2404-mr-l2\/#breadcrumb","itemListElement":[{"@type":"ListItem","position":1,"name":"In\u00edcio","item":"https:\/\/www.lojamelhordosul.com.br\/site\/"},{"@type":"ListItem","position":2,"name":"Loja","item":"https:\/\/www.lojamelhordosul.com.br\/site\/loja\/"},{"@type":"ListItem","position":3,"name":"Switch gerenci\u00e1vel 24P Giga + 4P GBIC &#8211; SG 2404 MR L2+"}]},{"@type":"WebSite","@id":"https:\/\/www.lojamelhordosul.com.br\/site\/#website","url":"https:\/\/www.lojamelhordosul.com.br\/site\/","name":"Loja Melhor do Sul Sistemas de Seguran\u00e7a","description":"Loja Melhor do Sul - Revenda Ouro Intelbras em Porto Alegre","publisher":{"@id":"https:\/\/www.lojamelhordosul.com.br\/site\/#organization"},"potentialAction":[{"@type":"SearchAction","target":{"@type":"EntryPoint","urlTemplate":"https:\/\/www.lojamelhordosul.com.br\/site\/?s={search_term_string}"},"query-input":{"@type":"PropertyValueSpecification","valueRequired":true,"valueName":"search_term_string"}}],"inLanguage":"pt-BR"},{"@type":"Organization","@id":"https:\/\/www.lojamelhordosul.com.br\/site\/#organization","name":"Loja Melhor do Sul","url":"https:\/\/www.lojamelhordosul.com.br\/site\/","logo":{"@type":"ImageObject","inLanguage":"pt-BR","@id":"https:\/\/www.lojamelhordosul.com.br\/site\/#\/schema\/logo\/image\/","url":"https:\/\/www.lojamelhordosul.com.br\/site\/wp-content\/uploads\/2019\/10\/logo-longo-da-loja.png","contentUrl":"https:\/\/www.lojamelhordosul.com.br\/site\/wp-content\/uploads\/2019\/10\/logo-longo-da-loja.png","width":597,"height":114,"caption":"Loja Melhor do Sul"},"image":{"@id":"https:\/\/www.lojamelhordosul.com.br\/site\/#\/schema\/logo\/image\/"}}]}},"_links":{"self":[{"href":"https:\/\/www.lojamelhordosul.com.br\/site\/wp-json\/wp\/v2\/product\/16147","targetHints":{"allow":["GET"]}}],"collection":[{"href":"https:\/\/www.lojamelhordosul.com.br\/site\/wp-json\/wp\/v2\/product"}],"about":[{"href":"https:\/\/www.lojamelhordosul.com.br\/site\/wp-json\/wp\/v2\/types\/product"}],"replies":[{"embeddable":true,"href":"https:\/\/www.lojamelhordosul.com.br\/site\/wp-json\/wp\/v2\/comments?post=16147"}],"wp:featuredmedia":[{"embeddable":true,"href":"https:\/\/www.lojamelhordosul.com.br\/site\/wp-json\/wp\/v2\/media\/16148"}],"wp:attachment":[{"href":"https:\/\/www.lojamelhordosul.com.br\/site\/wp-json\/wp\/v2\/media?parent=16147"}],"wp:term":[{"taxonomy":"product_brand","embeddable":true,"href":"https:\/\/www.lojamelhordosul.com.br\/site\/wp-json\/wp\/v2\/product_brand?post=16147"},{"taxonomy":"product_cat","embeddable":true,"href":"https:\/\/www.lojamelhordosul.com.br\/site\/wp-json\/wp\/v2\/product_cat?post=16147"},{"taxonomy":"product_tag","embeddable":true,"href":"https:\/\/www.lojamelhordosul.com.br\/site\/wp-json\/wp\/v2\/product_tag?post=16147"}],"curies":[{"name":"wp","href":"https:\/\/api.w.org\/{rel}","templated":true}]}}