{"id":16184,"date":"2025-12-17T09:39:46","date_gmt":"2025-12-17T12:39:46","guid":{"rendered":"https:\/\/www.lojamelhordosul.com.br\/site\/?post_type=product&#038;p=16184"},"modified":"2025-12-18T09:15:21","modified_gmt":"2025-12-18T12:15:21","slug":"interfone-s100-com-2-botoes-para-acionamento-branco","status":"publish","type":"product","link":"https:\/\/www.lojamelhordosul.com.br\/site\/produto\/interfone-s100-com-2-botoes-para-acionamento-branco\/","title":{"rendered":"Interfone S100 com 2 bot\u00f5es para acionamento branco"},"content":{"rendered":"<div class=\"framer-17b25uy\" data-framer-name=\"Title\" data-framer-component-type=\"RichTextContainer\">\n<h2 class=\"framer-text framer-styles-preset-md0rrb\" data-styles-preset=\"cpehybD3m\">Tecnologia e comunica\u00e7\u00e3o para a sua casa<\/h2>\n<\/div>\n<div class=\"framer-bezcx4\" data-framer-name=\"Description\" data-framer-component-type=\"RichTextContainer\">\n<p class=\"framer-text\">O Interfone S100 \u00e9 um dispositivo moderno e elegante que oferece seguran\u00e7a e praticidade para controle de acesso em resid\u00eancias e estabelecimentos. Com design slim, ele possui bot\u00f5es para acionamento de fechaduras el\u00e9tricas, \u00e9 compat\u00edvel com diversos modelos de porteiros e f\u00e1cil de instalar.<\/p>\n<\/div>\n<div class=\"framer-ehtjb2\" data-framer-name=\"Box\">\n<div class=\"framer-7p7ife\">\n<div class=\"framer-1mo967o\" data-framer-name=\"Title\" data-framer-component-type=\"RichTextContainer\">\n<p>&nbsp;<\/p>\n<p class=\"framer-text\">Novo Design<\/p>\n<\/div>\n<div class=\"framer-167vgbr\" data-framer-name=\"Description\" data-framer-component-type=\"RichTextContainer\">\n<p class=\"framer-text\">\n<\/div>\n<\/div>\n<\/div>\n<div class=\"framer-1h9lh4i\" data-framer-name=\"Box\">\n<div class=\"framer-1a2i3dd\" data-framer-name=\"Icon\">\n<div class=\"framer-1ywqyg6-container\">\n<div>02 Bot\u00f5es para acionamento de fechaduras<\/div>\n<\/div>\n<\/div>\n<div class=\"framer-11omfu2\">\n<div class=\"framer-1yov51l\" data-framer-name=\"Description\" data-framer-component-type=\"RichTextContainer\">\n<p>&nbsp;<\/p>\n<p class=\"framer-text\">F\u00e1cil instala\u00e7\u00e3o<\/p>\n<\/div>\n<\/div>\n<\/div>\n","protected":false},"excerpt":{"rendered":"<p>Tecnologia e comunica\u00e7\u00e3o para a sua casa O Interfone S100 \u00e9 um dispositivo moderno e elegante que oferece seguran\u00e7a e praticidade para controle de acesso em resid\u00eancias e estabelecimentos. Com design slim, ele possui bot\u00f5es para acionamento de fechaduras el\u00e9tricas, \u00e9 compat\u00edvel com diversos modelos de porteiros e f\u00e1cil de instalar. &nbsp; Novo Design 02 &hellip; <a href=\"https:\/\/www.lojamelhordosul.com.br\/site\/produto\/interfone-s100-com-2-botoes-para-acionamento-branco\/\" class=\"more-link\">Continuar lendo <span class=\"screen-reader-text\">Interfone S100 com 2 bot\u00f5es para acionamento branco<\/span><\/a><\/p>\n","protected":false},"featured_media":16185,"comment_status":"closed","ping_status":"closed","template":"","meta":[],"product_brand":[],"product_cat":[2773,2767,2770],"product_tag":[],"class_list":{"0":"post-16184","1":"product","2":"type-product","3":"status-publish","4":"has-post-thumbnail","6":"product_cat-interffonia-acessorios","7":"product_cat-interfonia","8":"product_cat-videoporteiros-terminais","10":"first","11":"instock","12":"shipping-taxable","13":"purchasable","14":"product-type-simple"},"yoast_head":"<!-- This site is optimized with the Yoast SEO plugin v27.5 - https:\/\/yoast.com\/product\/yoast-seo-wordpress\/ -->\n<title>Interfone S100 com 2 bot\u00f5es para acionamento branco - Loja Melhor do Sul Sistemas de Seguran\u00e7a<\/title>\n<meta name=\"robots\" content=\"index, follow, max-snippet:-1, max-image-preview:large, max-video-preview:-1\" \/>\n<link rel=\"canonical\" href=\"https:\/\/www.lojamelhordosul.com.br\/site\/produto\/interfone-s100-com-2-botoes-para-acionamento-branco\/\" \/>\n<meta property=\"og:locale\" content=\"pt_BR\" \/>\n<meta property=\"og:type\" content=\"article\" \/>\n<meta property=\"og:title\" content=\"Interfone S100 com 2 bot\u00f5es para acionamento branco - Loja Melhor do Sul Sistemas de Seguran\u00e7a\" \/>\n<meta property=\"og:description\" content=\"Tecnologia e comunica\u00e7\u00e3o para a sua casa O Interfone S100 \u00e9 um dispositivo moderno e elegante que oferece seguran\u00e7a e praticidade para controle de acesso em resid\u00eancias e estabelecimentos. Com design slim, ele possui bot\u00f5es para acionamento de fechaduras el\u00e9tricas, \u00e9 compat\u00edvel com diversos modelos de porteiros e f\u00e1cil de instalar. &nbsp; Novo Design 02 &hellip; Continuar lendo Interfone S100 com 2 bot\u00f5es para acionamento branco\" \/>\n<meta property=\"og:url\" content=\"https:\/\/www.lojamelhordosul.com.br\/site\/produto\/interfone-s100-com-2-botoes-para-acionamento-branco\/\" \/>\n<meta property=\"og:site_name\" content=\"Loja Melhor do Sul Sistemas de Seguran\u00e7a\" \/>\n<meta property=\"article:modified_time\" content=\"2025-12-18T12:15:21+00:00\" \/>\n<meta property=\"og:image\" content=\"https:\/\/www.lojamelhordosul.com.br\/site\/wp-content\/uploads\/2025\/12\/s100-1.png\" \/>\n\t<meta property=\"og:image:width\" content=\"888\" \/>\n\t<meta property=\"og:image:height\" content=\"891\" \/>\n\t<meta property=\"og:image:type\" content=\"image\/png\" \/>\n<meta name=\"twitter:card\" content=\"summary_large_image\" \/>\n<meta name=\"twitter:label1\" content=\"Est. tempo de leitura\" \/>\n\t<meta name=\"twitter:data1\" content=\"1 minuto\" \/>\n<script type=\"application\/ld+json\" class=\"yoast-schema-graph\">{\"@context\":\"https:\\\/\\\/schema.org\",\"@graph\":[{\"@type\":\"WebPage\",\"@id\":\"https:\\\/\\\/www.lojamelhordosul.com.br\\\/site\\\/produto\\\/interfone-s100-com-2-botoes-para-acionamento-branco\\\/\",\"url\":\"https:\\\/\\\/www.lojamelhordosul.com.br\\\/site\\\/produto\\\/interfone-s100-com-2-botoes-para-acionamento-branco\\\/\",\"name\":\"Interfone S100 com 2 bot\u00f5es para acionamento branco - Loja Melhor do Sul Sistemas de Seguran\u00e7a\",\"isPartOf\":{\"@id\":\"https:\\\/\\\/www.lojamelhordosul.com.br\\\/site\\\/#website\"},\"primaryImageOfPage\":{\"@id\":\"https:\\\/\\\/www.lojamelhordosul.com.br\\\/site\\\/produto\\\/interfone-s100-com-2-botoes-para-acionamento-branco\\\/#primaryimage\"},\"image\":{\"@id\":\"https:\\\/\\\/www.lojamelhordosul.com.br\\\/site\\\/produto\\\/interfone-s100-com-2-botoes-para-acionamento-branco\\\/#primaryimage\"},\"thumbnailUrl\":\"https:\\\/\\\/www.lojamelhordosul.com.br\\\/site\\\/wp-content\\\/uploads\\\/2025\\\/12\\\/s100-1.png\",\"datePublished\":\"2025-12-17T12:39:46+00:00\",\"dateModified\":\"2025-12-18T12:15:21+00:00\",\"breadcrumb\":{\"@id\":\"https:\\\/\\\/www.lojamelhordosul.com.br\\\/site\\\/produto\\\/interfone-s100-com-2-botoes-para-acionamento-branco\\\/#breadcrumb\"},\"inLanguage\":\"pt-BR\",\"potentialAction\":[{\"@type\":\"ReadAction\",\"target\":[\"https:\\\/\\\/www.lojamelhordosul.com.br\\\/site\\\/produto\\\/interfone-s100-com-2-botoes-para-acionamento-branco\\\/\"]}]},{\"@type\":\"ImageObject\",\"inLanguage\":\"pt-BR\",\"@id\":\"https:\\\/\\\/www.lojamelhordosul.com.br\\\/site\\\/produto\\\/interfone-s100-com-2-botoes-para-acionamento-branco\\\/#primaryimage\",\"url\":\"https:\\\/\\\/www.lojamelhordosul.com.br\\\/site\\\/wp-content\\\/uploads\\\/2025\\\/12\\\/s100-1.png\",\"contentUrl\":\"https:\\\/\\\/www.lojamelhordosul.com.br\\\/site\\\/wp-content\\\/uploads\\\/2025\\\/12\\\/s100-1.png\",\"width\":888,\"height\":891},{\"@type\":\"BreadcrumbList\",\"@id\":\"https:\\\/\\\/www.lojamelhordosul.com.br\\\/site\\\/produto\\\/interfone-s100-com-2-botoes-para-acionamento-branco\\\/#breadcrumb\",\"itemListElement\":[{\"@type\":\"ListItem\",\"position\":1,\"name\":\"In\u00edcio\",\"item\":\"https:\\\/\\\/www.lojamelhordosul.com.br\\\/site\\\/\"},{\"@type\":\"ListItem\",\"position\":2,\"name\":\"Loja\",\"item\":\"https:\\\/\\\/www.lojamelhordosul.com.br\\\/site\\\/loja\\\/\"},{\"@type\":\"ListItem\",\"position\":3,\"name\":\"Interfone S100 com 2 bot\u00f5es para acionamento branco\"}]},{\"@type\":\"WebSite\",\"@id\":\"https:\\\/\\\/www.lojamelhordosul.com.br\\\/site\\\/#website\",\"url\":\"https:\\\/\\\/www.lojamelhordosul.com.br\\\/site\\\/\",\"name\":\"Loja Melhor do Sul Sistemas de Seguran\u00e7a\",\"description\":\"Loja Melhor do Sul - Revenda Ouro Intelbras em Porto Alegre\",\"publisher\":{\"@id\":\"https:\\\/\\\/www.lojamelhordosul.com.br\\\/site\\\/#organization\"},\"potentialAction\":[{\"@type\":\"SearchAction\",\"target\":{\"@type\":\"EntryPoint\",\"urlTemplate\":\"https:\\\/\\\/www.lojamelhordosul.com.br\\\/site\\\/?s={search_term_string}\"},\"query-input\":{\"@type\":\"PropertyValueSpecification\",\"valueRequired\":true,\"valueName\":\"search_term_string\"}}],\"inLanguage\":\"pt-BR\"},{\"@type\":\"Organization\",\"@id\":\"https:\\\/\\\/www.lojamelhordosul.com.br\\\/site\\\/#organization\",\"name\":\"Loja Melhor do Sul\",\"url\":\"https:\\\/\\\/www.lojamelhordosul.com.br\\\/site\\\/\",\"logo\":{\"@type\":\"ImageObject\",\"inLanguage\":\"pt-BR\",\"@id\":\"https:\\\/\\\/www.lojamelhordosul.com.br\\\/site\\\/#\\\/schema\\\/logo\\\/image\\\/\",\"url\":\"https:\\\/\\\/www.lojamelhordosul.com.br\\\/site\\\/wp-content\\\/uploads\\\/2019\\\/10\\\/logo-longo-da-loja.png\",\"contentUrl\":\"https:\\\/\\\/www.lojamelhordosul.com.br\\\/site\\\/wp-content\\\/uploads\\\/2019\\\/10\\\/logo-longo-da-loja.png\",\"width\":597,\"height\":114,\"caption\":\"Loja Melhor do Sul\"},\"image\":{\"@id\":\"https:\\\/\\\/www.lojamelhordosul.com.br\\\/site\\\/#\\\/schema\\\/logo\\\/image\\\/\"}}]}<\/script>\n<!-- \/ Yoast SEO plugin. -->","yoast_head_json":{"title":"Interfone S100 com 2 bot\u00f5es para acionamento branco - Loja Melhor do Sul Sistemas de Seguran\u00e7a","robots":{"index":"index","follow":"follow","max-snippet":"max-snippet:-1","max-image-preview":"max-image-preview:large","max-video-preview":"max-video-preview:-1"},"canonical":"https:\/\/www.lojamelhordosul.com.br\/site\/produto\/interfone-s100-com-2-botoes-para-acionamento-branco\/","og_locale":"pt_BR","og_type":"article","og_title":"Interfone S100 com 2 bot\u00f5es para acionamento branco - Loja Melhor do Sul Sistemas de Seguran\u00e7a","og_description":"Tecnologia e comunica\u00e7\u00e3o para a sua casa O Interfone S100 \u00e9 um dispositivo moderno e elegante que oferece seguran\u00e7a e praticidade para controle de acesso em resid\u00eancias e estabelecimentos. Com design slim, ele possui bot\u00f5es para acionamento de fechaduras el\u00e9tricas, \u00e9 compat\u00edvel com diversos modelos de porteiros e f\u00e1cil de instalar. &nbsp; Novo Design 02 &hellip; Continuar lendo Interfone S100 com 2 bot\u00f5es para acionamento branco","og_url":"https:\/\/www.lojamelhordosul.com.br\/site\/produto\/interfone-s100-com-2-botoes-para-acionamento-branco\/","og_site_name":"Loja Melhor do Sul Sistemas de Seguran\u00e7a","article_modified_time":"2025-12-18T12:15:21+00:00","og_image":[{"width":888,"height":891,"url":"https:\/\/www.lojamelhordosul.com.br\/site\/wp-content\/uploads\/2025\/12\/s100-1.png","type":"image\/png"}],"twitter_card":"summary_large_image","twitter_misc":{"Est. tempo de leitura":"1 minuto"},"schema":{"@context":"https:\/\/schema.org","@graph":[{"@type":"WebPage","@id":"https:\/\/www.lojamelhordosul.com.br\/site\/produto\/interfone-s100-com-2-botoes-para-acionamento-branco\/","url":"https:\/\/www.lojamelhordosul.com.br\/site\/produto\/interfone-s100-com-2-botoes-para-acionamento-branco\/","name":"Interfone S100 com 2 bot\u00f5es para acionamento branco - Loja Melhor do Sul Sistemas de Seguran\u00e7a","isPartOf":{"@id":"https:\/\/www.lojamelhordosul.com.br\/site\/#website"},"primaryImageOfPage":{"@id":"https:\/\/www.lojamelhordosul.com.br\/site\/produto\/interfone-s100-com-2-botoes-para-acionamento-branco\/#primaryimage"},"image":{"@id":"https:\/\/www.lojamelhordosul.com.br\/site\/produto\/interfone-s100-com-2-botoes-para-acionamento-branco\/#primaryimage"},"thumbnailUrl":"https:\/\/www.lojamelhordosul.com.br\/site\/wp-content\/uploads\/2025\/12\/s100-1.png","datePublished":"2025-12-17T12:39:46+00:00","dateModified":"2025-12-18T12:15:21+00:00","breadcrumb":{"@id":"https:\/\/www.lojamelhordosul.com.br\/site\/produto\/interfone-s100-com-2-botoes-para-acionamento-branco\/#breadcrumb"},"inLanguage":"pt-BR","potentialAction":[{"@type":"ReadAction","target":["https:\/\/www.lojamelhordosul.com.br\/site\/produto\/interfone-s100-com-2-botoes-para-acionamento-branco\/"]}]},{"@type":"ImageObject","inLanguage":"pt-BR","@id":"https:\/\/www.lojamelhordosul.com.br\/site\/produto\/interfone-s100-com-2-botoes-para-acionamento-branco\/#primaryimage","url":"https:\/\/www.lojamelhordosul.com.br\/site\/wp-content\/uploads\/2025\/12\/s100-1.png","contentUrl":"https:\/\/www.lojamelhordosul.com.br\/site\/wp-content\/uploads\/2025\/12\/s100-1.png","width":888,"height":891},{"@type":"BreadcrumbList","@id":"https:\/\/www.lojamelhordosul.com.br\/site\/produto\/interfone-s100-com-2-botoes-para-acionamento-branco\/#breadcrumb","itemListElement":[{"@type":"ListItem","position":1,"name":"In\u00edcio","item":"https:\/\/www.lojamelhordosul.com.br\/site\/"},{"@type":"ListItem","position":2,"name":"Loja","item":"https:\/\/www.lojamelhordosul.com.br\/site\/loja\/"},{"@type":"ListItem","position":3,"name":"Interfone S100 com 2 bot\u00f5es para acionamento branco"}]},{"@type":"WebSite","@id":"https:\/\/www.lojamelhordosul.com.br\/site\/#website","url":"https:\/\/www.lojamelhordosul.com.br\/site\/","name":"Loja Melhor do Sul Sistemas de Seguran\u00e7a","description":"Loja Melhor do Sul - Revenda Ouro Intelbras em Porto Alegre","publisher":{"@id":"https:\/\/www.lojamelhordosul.com.br\/site\/#organization"},"potentialAction":[{"@type":"SearchAction","target":{"@type":"EntryPoint","urlTemplate":"https:\/\/www.lojamelhordosul.com.br\/site\/?s={search_term_string}"},"query-input":{"@type":"PropertyValueSpecification","valueRequired":true,"valueName":"search_term_string"}}],"inLanguage":"pt-BR"},{"@type":"Organization","@id":"https:\/\/www.lojamelhordosul.com.br\/site\/#organization","name":"Loja Melhor do Sul","url":"https:\/\/www.lojamelhordosul.com.br\/site\/","logo":{"@type":"ImageObject","inLanguage":"pt-BR","@id":"https:\/\/www.lojamelhordosul.com.br\/site\/#\/schema\/logo\/image\/","url":"https:\/\/www.lojamelhordosul.com.br\/site\/wp-content\/uploads\/2019\/10\/logo-longo-da-loja.png","contentUrl":"https:\/\/www.lojamelhordosul.com.br\/site\/wp-content\/uploads\/2019\/10\/logo-longo-da-loja.png","width":597,"height":114,"caption":"Loja Melhor do Sul"},"image":{"@id":"https:\/\/www.lojamelhordosul.com.br\/site\/#\/schema\/logo\/image\/"}}]}},"_links":{"self":[{"href":"https:\/\/www.lojamelhordosul.com.br\/site\/wp-json\/wp\/v2\/product\/16184","targetHints":{"allow":["GET"]}}],"collection":[{"href":"https:\/\/www.lojamelhordosul.com.br\/site\/wp-json\/wp\/v2\/product"}],"about":[{"href":"https:\/\/www.lojamelhordosul.com.br\/site\/wp-json\/wp\/v2\/types\/product"}],"replies":[{"embeddable":true,"href":"https:\/\/www.lojamelhordosul.com.br\/site\/wp-json\/wp\/v2\/comments?post=16184"}],"wp:featuredmedia":[{"embeddable":true,"href":"https:\/\/www.lojamelhordosul.com.br\/site\/wp-json\/wp\/v2\/media\/16185"}],"wp:attachment":[{"href":"https:\/\/www.lojamelhordosul.com.br\/site\/wp-json\/wp\/v2\/media?parent=16184"}],"wp:term":[{"taxonomy":"product_brand","embeddable":true,"href":"https:\/\/www.lojamelhordosul.com.br\/site\/wp-json\/wp\/v2\/product_brand?post=16184"},{"taxonomy":"product_cat","embeddable":true,"href":"https:\/\/www.lojamelhordosul.com.br\/site\/wp-json\/wp\/v2\/product_cat?post=16184"},{"taxonomy":"product_tag","embeddable":true,"href":"https:\/\/www.lojamelhordosul.com.br\/site\/wp-json\/wp\/v2\/product_tag?post=16184"}],"curies":[{"name":"wp","href":"https:\/\/api.w.org\/{rel}","templated":true}]}}