{"id":8990,"date":"2020-09-17T13:36:35","date_gmt":"2020-09-17T16:36:35","guid":{"rendered":"https:\/\/www.lojamelhordosul.com.br\/site\/?post_type=product&#038;p=8990"},"modified":"2026-03-12T15:30:57","modified_gmt":"2026-03-12T18:30:57","slug":"luminaria-de-emergencia-intelbras-bla-2202-lumens-c-bateria","status":"publish","type":"product","link":"https:\/\/www.lojamelhordosul.com.br\/site\/produto\/luminaria-de-emergencia-intelbras-bla-2202-lumens-c-bateria\/","title":{"rendered":"Lumin\u00e1ria De Emerg\u00eancia Intelbras Bla 2202 Lumens C\/ Bateria"},"content":{"rendered":"<div class=\"wpb-content-wrapper\" id=\"wpb-content-root\"><div class=\"vc_row wpb_row vc_row-fluid\"><div class=\"container\"><div class=\"row\"><div class=\"wpb_column vc_column_container vc_col-md-12\"><div class=\"vc_column-inner \"><div class=\"wpb_wrapper\"><div class=\"wpb_single_image widget wpb_content_element vc_align_center\">\r\n\t\t\r\n\t\t<figure class=\"wpb_wrapper vc_figure\">\r\n\t\t\t<div class=\"vc_single_image-wrapper  \"><img decoding=\"async\" class=\"vc_single_image-img\"  src=\"https:\/\/www.lojamelhordosul.com.br\/site\/wp-content\/uploads\/2020\/06\/Logo-Site-2020.png\" \/><\/div>\r\n\t\t<div class=\"description\">\r\n\t\t\t\r\n\t\t<\/div>\r\n\t\r\n\t\t<\/figure>\r\n\t<\/div><\/div><\/div><\/div><\/div><\/div><\/div><div class=\"vc_row wpb_row vc_row-fluid\"><div class=\"container\"><div class=\"row\"><div class=\"wpb_column vc_column_container vc_col-md-6\"><div class=\"vc_column-inner \"><div class=\"wpb_wrapper\"><div class=\"wpb_single_image widget wpb_content_element vc_align_left\">\r\n\t\t\r\n\t\t<figure class=\"wpb_wrapper vc_figure\">\r\n\t\t\t<div class=\"vc_single_image-wrapper  \"><img decoding=\"async\" class=\"vc_single_image-img\"  src=\"http:\/\/suporte-tecnico.intelbras.com.br\/sites\/default\/files\/flyer_lancamento_bla_2200_03.png\" \/><\/div>\r\n\t\t<div class=\"description\">\r\n\t\t\t\r\n\t\t<\/div>\r\n\t\r\n\t\t<\/figure>\r\n\t<\/div><\/div><\/div><\/div><div class=\"wpb_column vc_column_container vc_col-md-6\"><div class=\"vc_column-inner \"><div class=\"wpb_wrapper\">\n\t<div class=\"wpb_text_column wpb_content_element\" >\n\t\t<div class=\"wpb_wrapper\">\n\t\t\t<p>O BLA 2200 \u00e9 um bloco de ilumina\u00e7\u00e3o aut\u00f4nomo fabricado com tecnologia LED, que permite alto desempenho de ilumina\u00e7\u00e3o, possui maior \u00e2ngulo de abertura de 120\u00b0 e autonomia de at\u00e9 2 horas. F\u00e1cil de instalar e operar, o produto acende automaticamente na falta de energia el\u00e9trica, proporcionando maior seguran\u00e7a e conforto.<\/p>\n\n\t\t<\/div>\n\t<\/div>\n<\/div><\/div><\/div><\/div><\/div><\/div><div class=\"vc_row wpb_row vc_row-fluid\"><div class=\"container\"><div class=\"row\"><div class=\"wpb_column vc_column_container vc_col-md-6\"><div class=\"vc_column-inner \"><div class=\"wpb_wrapper\">\n\t<div class=\"wpb_text_column wpb_content_element\" >\n\t\t<div class=\"wpb_wrapper\">\n\t\t\t<h2>Alta intensidade luminosa: 2202 lumens<\/h2>\n<p>&nbsp;<\/p>\n<p>Em caso de falta de energia el\u00e9trica, o BLA aciona automaticamente seus 2200 lumens, 1100 em cada farol, para iluminar ambientes com at\u00e9 450 m\u00b2: estabelecimentos comerciais, pr\u00e9dios, pousadas, hot\u00e9is, shoppings, estacionamentos, galp\u00f5es e ind\u00fastrias.<\/p>\n\n\t\t<\/div>\n\t<\/div>\n<\/div><\/div><\/div><div class=\"wpb_column vc_column_container vc_col-md-6\"><div class=\"vc_column-inner \"><div class=\"wpb_wrapper\"><div class=\"wpb_single_image widget wpb_content_element vc_align_left\">\r\n\t\t\r\n\t\t<figure class=\"wpb_wrapper vc_figure\">\r\n\t\t\t<div class=\"vc_single_image-wrapper  \"><img decoding=\"async\" class=\"vc_single_image-img\"  src=\"http:\/\/suporte-tecnico.intelbras.com.br\/sites\/default\/files\/flyer_lancamento_bla_2200_07.png\" \/><\/div>\r\n\t\t<div class=\"description\">\r\n\t\t\t\r\n\t\t<\/div>\r\n\t\r\n\t\t<\/figure>\r\n\t<\/div><\/div><\/div><\/div><\/div><\/div><\/div><div class=\"vc_row wpb_row vc_row-fluid\"><div class=\"container\"><div class=\"row\"><div class=\"wpb_column vc_column_container vc_col-md-6\"><div class=\"vc_column-inner \"><div class=\"wpb_wrapper\"><div class=\"wpb_single_image widget wpb_content_element vc_align_left\">\r\n\t\t\r\n\t\t<figure class=\"wpb_wrapper vc_figure\">\r\n\t\t\t<div class=\"vc_single_image-wrapper  \"><img decoding=\"async\" class=\"vc_single_image-img\"  src=\"http:\/\/suporte-tecnico.intelbras.com.br\/sites\/default\/files\/flyer_lancamento_bla_2200_10.png\" \/><\/div>\r\n\t\t<div class=\"description\">\r\n\t\t\t\r\n\t\t<\/div>\r\n\t\r\n\t\t<\/figure>\r\n\t<\/div><\/div><\/div><\/div><div class=\"wpb_column vc_column_container vc_col-md-6\"><div class=\"vc_column-inner \"><div class=\"wpb_wrapper\">\n\t<div class=\"wpb_text_column wpb_content_element\" >\n\t\t<div class=\"wpb_wrapper\">\n\t\t\t<h2>Far\u00f3is direcion\u00e1veis<\/h2>\n<p>&nbsp;<\/p>\n<p>Al\u00e9m de possuir l\u00e2mpadas em LED que garantem m\u00e1xima ilumina\u00e7\u00e3o, o BLA 2200 permite o direcionamento da luminosidade de acordo com a necessidade do ambiente.<\/p>\n\n\t\t<\/div>\n\t<\/div>\n<\/div><\/div><\/div><\/div><\/div><\/div><div class=\"vc_row wpb_row vc_row-fluid\"><div class=\"container\"><div class=\"row\"><div class=\"wpb_column vc_column_container vc_col-md-6\"><div class=\"vc_column-inner \"><div class=\"wpb_wrapper\">\n\t<div class=\"wpb_text_column wpb_content_element\" >\n\t\t<div class=\"wpb_wrapper\">\n\t\t\t<h2>Maior \u00e1rea de cobertura<\/h2>\n<p>&nbsp;<\/p>\n<p>O BLA 2200 possui far\u00f3is direcion\u00e1veis com \u00e2ngulo de abertura de 120\u00b0 que iluminam uma \u00e1rea muito maior de cobertura.<\/p>\n\n\t\t<\/div>\n\t<\/div>\n<\/div><\/div><\/div><div class=\"wpb_column vc_column_container vc_col-md-6\"><div class=\"vc_column-inner \"><div class=\"wpb_wrapper\"><div class=\"wpb_single_image widget wpb_content_element vc_align_left\">\r\n\t\t\r\n\t\t<figure class=\"wpb_wrapper vc_figure\">\r\n\t\t\t<div class=\"vc_single_image-wrapper  \"><img decoding=\"async\" class=\"vc_single_image-img\"  src=\"http:\/\/suporte-tecnico.intelbras.com.br\/sites\/default\/files\/flyer_lancamento_bla_2200_13_0.png\" \/><\/div>\r\n\t\t<div class=\"description\">\r\n\t\t\t\r\n\t\t<\/div>\r\n\t\r\n\t\t<\/figure>\r\n\t<\/div><\/div><\/div><\/div><\/div><\/div><\/div><div class=\"vc_row wpb_row vc_row-fluid\"><div class=\"container\"><div class=\"row\"><div class=\"wpb_column vc_column_container vc_col-md-6\"><div class=\"vc_column-inner \"><div class=\"wpb_wrapper\"><div class=\"wpb_single_image widget wpb_content_element vc_align_left\">\r\n\t\t\r\n\t\t<figure class=\"wpb_wrapper vc_figure\">\r\n\t\t\t<div class=\"vc_single_image-wrapper  \"><img decoding=\"async\" class=\"vc_single_image-img\"  src=\"http:\/\/suporte-tecnico.intelbras.com.br\/sites\/default\/files\/flyer_lancamento_bla_2200_16.png\" \/><\/div>\r\n\t\t<div class=\"description\">\r\n\t\t\t\r\n\t\t<\/div>\r\n\t\r\n\t\t<\/figure>\r\n\t<\/div><\/div><\/div><\/div><div class=\"wpb_column vc_column_container vc_col-md-6\"><div class=\"vc_column-inner \"><div class=\"wpb_wrapper\">\n\t<div class=\"wpb_text_column wpb_content_element\" >\n\t\t<div class=\"wpb_wrapper\">\n\t\t\t<h2>2 horas de autonomia<\/h2>\n<p>&nbsp;<\/p>\n<p>Em caso de sinistro, o BLA 1200 acende automaticamente e se mant\u00e9m aceso por at\u00e9 2 horas.<\/p>\n\n\t\t<\/div>\n\t<\/div>\n<\/div><\/div><\/div><\/div><\/div><\/div><div class=\"vc_row wpb_row vc_row-fluid\"><div class=\"container\"><div class=\"row\"><div class=\"wpb_column vc_column_container vc_col-md-6\"><div class=\"vc_column-inner \"><div class=\"wpb_wrapper\">\n\t<div class=\"wpb_text_column wpb_content_element\" >\n\t\t<div class=\"wpb_wrapper\">\n\t\t\t<h2>Mais durabilidade<\/h2>\n<p>&nbsp;<\/p>\n<p>Produzido em material anti-UV, o modelo \u00e9 resistente aos raios solares.<\/p>\n\n\t\t<\/div>\n\t<\/div>\n<\/div><\/div><\/div><div class=\"wpb_column vc_column_container vc_col-md-6\"><div class=\"vc_column-inner \"><div class=\"wpb_wrapper\"><div class=\"wpb_single_image widget wpb_content_element vc_align_left\">\r\n\t\t\r\n\t\t<figure class=\"wpb_wrapper vc_figure\">\r\n\t\t\t<div class=\"vc_single_image-wrapper  \"><img decoding=\"async\" class=\"vc_single_image-img\"  src=\"http:\/\/suporte-tecnico.intelbras.com.br\/sites\/default\/files\/flyer_lancamento_bla_2200_20.png\" \/><\/div>\r\n\t\t<div class=\"description\">\r\n\t\t\t\r\n\t\t<\/div>\r\n\t\r\n\t\t<\/figure>\r\n\t<\/div><\/div><\/div><\/div><\/div><\/div><\/div>\n<\/div>","protected":false},"excerpt":{"rendered":"<p>O bloco de ilumina\u00e7\u00e3o aut\u00f4nomo que oferece ilumina\u00e7\u00e3o com alto desempenho, um \u00e2ngulo de abertura de 120\u00b0 e autonomia de at\u00e9 2 horas.<\/p>\n<p>\u2022 NBR 10898<br \/>\n\u2022 Tecnologia LED<br \/>\n\u2022 Antichama<br \/>\n\u2022 Intensidade Luminosa 1000 L\u00famens (4349)<br \/>\n\u2022 Intensidade Luminosa 2000 L\u00famens (4468)<br \/>\n\u2022 Trava Antifurto<br \/>\n\u2022 Alimenta\u00e7\u00e3o de 100 a 240 Vac.<\/p>\n","protected":false},"featured_media":8992,"comment_status":"open","ping_status":"closed","template":"","meta":{"rs_blank_template":"","rs_page_bg_color":"","slide_template_v7":""},"product_brand":[],"product_cat":[2864,2799,2862],"product_tag":[],"class_list":["post-8990","product","type-product","status-publish","has-post-thumbnail","product_cat-blocos-de-iluminacao","product_cat-linha-de-energia","product_cat-iluminacao-de-emergencia","first","instock","shipping-taxable","purchasable","product-type-simple"],"_links":{"self":[{"href":"https:\/\/www.lojamelhordosul.com.br\/site\/wp-json\/wp\/v2\/product\/8990","targetHints":{"allow":["GET"]}}],"collection":[{"href":"https:\/\/www.lojamelhordosul.com.br\/site\/wp-json\/wp\/v2\/product"}],"about":[{"href":"https:\/\/www.lojamelhordosul.com.br\/site\/wp-json\/wp\/v2\/types\/product"}],"replies":[{"embeddable":true,"href":"https:\/\/www.lojamelhordosul.com.br\/site\/wp-json\/wp\/v2\/comments?post=8990"}],"wp:featuredmedia":[{"embeddable":true,"href":"https:\/\/www.lojamelhordosul.com.br\/site\/wp-json\/wp\/v2\/media\/8992"}],"wp:attachment":[{"href":"https:\/\/www.lojamelhordosul.com.br\/site\/wp-json\/wp\/v2\/media?parent=8990"}],"wp:term":[{"taxonomy":"product_brand","embeddable":true,"href":"https:\/\/www.lojamelhordosul.com.br\/site\/wp-json\/wp\/v2\/product_brand?post=8990"},{"taxonomy":"product_cat","embeddable":true,"href":"https:\/\/www.lojamelhordosul.com.br\/site\/wp-json\/wp\/v2\/product_cat?post=8990"},{"taxonomy":"product_tag","embeddable":true,"href":"https:\/\/www.lojamelhordosul.com.br\/site\/wp-json\/wp\/v2\/product_tag?post=8990"}],"curies":[{"name":"wp","href":"https:\/\/api.w.org\/{rel}","templated":true}]}}

Luminária De Emergência Intelbras Bla 2202 Lumens C/ Bateria

<div class="wpb-content-wrapper" id="wpb-content-root"><div class="vc_row wpb_row vc_row-fluid"><div class="container"><div class="row"><div class="wpb_column vc_column_container vc_col-md-12"><div class="vc_column-inner "><div class="wpb_wrapper"><div class="wpb_single_image widget wpb_content_element vc_align_center">
		
		<figure class="wpb_wrapper vc_figure">
			<div class="vc_single_image-wrapper  "><img decoding="async" class="vc_single_image-img"  src="https://www.lojamelhordosul.com.br/site/wp-content/uploads/2020/06/Logo-Site-2020.png" /></div>
		<div class="description">
			
		</div>
	
		</figure>
	</div></div></div></div></div></div></div><div class="vc_row wpb_row vc_row-fluid"><div class="container"><div class="row"><div class="wpb_column vc_column_container vc_col-md-6"><div class="vc_column-inner "><div class="wpb_wrapper"><div class="wpb_single_image widget wpb_content_element vc_align_left">
		
		<figure class="wpb_wrapper vc_figure">
			<div class="vc_single_image-wrapper  "><img decoding="async" class="vc_single_image-img"  src="http://suporte-tecnico.intelbras.com.br/sites/default/files/flyer_lancamento_bla_2200_03.png" /></div>
		<div class="description">
			
		</div>
	
		</figure>
	</div></div></div></div><div class="wpb_column vc_column_container vc_col-md-6"><div class="vc_column-inner "><div class="wpb_wrapper">
	<div class="wpb_text_column wpb_content_element" >
		<div class="wpb_wrapper">
			<p>O BLA 2200 é um bloco de iluminação autônomo fabricado com tecnologia LED, que permite alto desempenho de iluminação, possui maior ângulo de abertura de 120° e autonomia de até 2 horas. Fácil de instalar e operar, o produto acende automaticamente na falta de energia elétrica, proporcionando maior segurança e conforto.</p>

		</div>
	</div>
</div></div></div></div></div></div><div class="vc_row wpb_row vc_row-fluid"><div class="container"><div class="row"><div class="wpb_column vc_column_container vc_col-md-6"><div class="vc_column-inner "><div class="wpb_wrapper">
	<div class="wpb_text_column wpb_content_element" >
		<div class="wpb_wrapper">
			<h2>Alta intensidade luminosa: 2202 lumens</h2>
<p>&nbsp;</p>
<p>Em caso de falta de energia elétrica, o BLA aciona automaticamente seus 2200 lumens, 1100 em cada farol, para iluminar ambientes com até 450 m²: estabelecimentos comerciais, prédios, pousadas, hotéis, shoppings, estacionamentos, galpões e indústrias.</p>

		</div>
	</div>
</div></div></div><div class="wpb_column vc_column_container vc_col-md-6"><div class="vc_column-inner "><div class="wpb_wrapper"><div class="wpb_single_image widget wpb_content_element vc_align_left">
		
		<figure class="wpb_wrapper vc_figure">
			<div class="vc_single_image-wrapper  "><img decoding="async" class="vc_single_image-img"  src="http://suporte-tecnico.intelbras.com.br/sites/default/files/flyer_lancamento_bla_2200_07.png" /></div>
		<div class="description">
			
		</div>
	
		</figure>
	</div></div></div></div></div></div></div><div class="vc_row wpb_row vc_row-fluid"><div class="container"><div class="row"><div class="wpb_column vc_column_container vc_col-md-6"><div class="vc_column-inner "><div class="wpb_wrapper"><div class="wpb_single_image widget wpb_content_element vc_align_left">
		
		<figure class="wpb_wrapper vc_figure">
			<div class="vc_single_image-wrapper  "><img decoding="async" class="vc_single_image-img"  src="http://suporte-tecnico.intelbras.com.br/sites/default/files/flyer_lancamento_bla_2200_10.png" /></div>
		<div class="description">
			
		</div>
	
		</figure>
	</div></div></div></div><div class="wpb_column vc_column_container vc_col-md-6"><div class="vc_column-inner "><div class="wpb_wrapper">
	<div class="wpb_text_column wpb_content_element" >
		<div class="wpb_wrapper">
			<h2>Faróis direcionáveis</h2>
<p>&nbsp;</p>
<p>Além de possuir lâmpadas em LED que garantem máxima iluminação, o BLA 2200 permite o direcionamento da luminosidade de acordo com a necessidade do ambiente.</p>

		</div>
	</div>
</div></div></div></div></div></div><div class="vc_row wpb_row vc_row-fluid"><div class="container"><div class="row"><div class="wpb_column vc_column_container vc_col-md-6"><div class="vc_column-inner "><div class="wpb_wrapper">
	<div class="wpb_text_column wpb_content_element" >
		<div class="wpb_wrapper">
			<h2>Maior área de cobertura</h2>
<p>&nbsp;</p>
<p>O BLA 2200 possui faróis direcionáveis com ângulo de abertura de 120° que iluminam uma área muito maior de cobertura.</p>

		</div>
	</div>
</div></div></div><div class="wpb_column vc_column_container vc_col-md-6"><div class="vc_column-inner "><div class="wpb_wrapper"><div class="wpb_single_image widget wpb_content_element vc_align_left">
		
		<figure class="wpb_wrapper vc_figure">
			<div class="vc_single_image-wrapper  "><img decoding="async" class="vc_single_image-img"  src="http://suporte-tecnico.intelbras.com.br/sites/default/files/flyer_lancamento_bla_2200_13_0.png" /></div>
		<div class="description">
			
		</div>
	
		</figure>
	</div></div></div></div></div></div></div><div class="vc_row wpb_row vc_row-fluid"><div class="container"><div class="row"><div class="wpb_column vc_column_container vc_col-md-6"><div class="vc_column-inner "><div class="wpb_wrapper"><div class="wpb_single_image widget wpb_content_element vc_align_left">
		
		<figure class="wpb_wrapper vc_figure">
			<div class="vc_single_image-wrapper  "><img decoding="async" class="vc_single_image-img"  src="http://suporte-tecnico.intelbras.com.br/sites/default/files/flyer_lancamento_bla_2200_16.png" /></div>
		<div class="description">
			
		</div>
	
		</figure>
	</div></div></div></div><div class="wpb_column vc_column_container vc_col-md-6"><div class="vc_column-inner "><div class="wpb_wrapper">
	<div class="wpb_text_column wpb_content_element" >
		<div class="wpb_wrapper">
			<h2>2 horas de autonomia</h2>
<p>&nbsp;</p>
<p>Em caso de sinistro, o BLA 1200 acende automaticamente e se mantém aceso por até 2 horas.</p>

		</div>
	</div>
</div></div></div></div></div></div><div class="vc_row wpb_row vc_row-fluid"><div class="container"><div class="row"><div class="wpb_column vc_column_container vc_col-md-6"><div class="vc_column-inner "><div class="wpb_wrapper">
	<div class="wpb_text_column wpb_content_element" >
		<div class="wpb_wrapper">
			<h2>Mais durabilidade</h2>
<p>&nbsp;</p>
<p>Produzido em material anti-UV, o modelo é resistente aos raios solares.</p>

		</div>
	</div>
</div></div></div><div class="wpb_column vc_column_container vc_col-md-6"><div class="vc_column-inner "><div class="wpb_wrapper"><div class="wpb_single_image widget wpb_content_element vc_align_left">
		
		<figure class="wpb_wrapper vc_figure">
			<div class="vc_single_image-wrapper  "><img decoding="async" class="vc_single_image-img"  src="http://suporte-tecnico.intelbras.com.br/sites/default/files/flyer_lancamento_bla_2200_20.png" /></div>
		<div class="description">
			
		</div>
	
		</figure>
	</div></div></div></div></div></div></div>
</div>

<p>O bloco de iluminação autônomo que oferece iluminação com alto desempenho, um ângulo de abertura de 120° e autonomia de até 2 horas.</p>
<p>• NBR 10898<br />
• Tecnologia LED<br />
• Antichama<br />
• Intensidade Luminosa 1000 Lúmens (4349)<br />
• Intensidade Luminosa 2000 Lúmens (4468)<br />
• Trava Antifurto<br />
• Alimentação de 100 a 240 Vac.</p>
