{"id":9600,"date":"2020-10-06T10:48:10","date_gmt":"2020-10-06T13:48:10","guid":{"rendered":"https:\/\/www.lojamelhordosul.com.br\/site\/?post_type=product&#038;p=9600"},"modified":"2026-03-13T15:01:30","modified_gmt":"2026-03-13T18:01:30","slug":"access-point-intelbras-ap-1350-ac-branco-100v-240v-1-unidade-novo-170-vendidos-access-point-intelbras-ap-1350-ac-branco-100v-240v-1-unidade","status":"publish","type":"product","link":"https:\/\/www.lojamelhordosul.com.br\/site\/produto\/access-point-intelbras-ap-1350-ac-branco-100v-240v-1-unidade-novo-170-vendidos-access-point-intelbras-ap-1350-ac-branco-100v-240v-1-unidade\/","title":{"rendered":"ACCESS POINT CORPORATIVO 450MBPS AP 1350 AC-S"},"content":{"rendered":"<p><img decoding=\"async\" class=\"size-full wp-image-13029 aligncenter\" src=\"https:\/\/www.lojamelhordosul.com.br\/site\/wp-content\/uploads\/2022\/07\/Logo-Longo.png\" alt=\"\" width=\"597\" height=\"114\" \/><\/p>\n<div>\n<div class=\"grid-container  \">\n<div class=\"mt2 mb2  \">\n<div class=\"grid-container  \">\n<div class=\"block-mini-banner\" data-ga-name=\"section-mini-banner\">\n<div class=\"grid-x grid-margin-x align-middle\">\n<div class=\"cell medium-6 medium-order-2 large-offset-1\">\n<div class=\"block-mini-banner__media\" style=\"text-align: center;\">\n<figure class=\"text-center  object-fit--contain\"><img decoding=\"async\" class=\"aligncenter\" src=\"https:\/\/backend.intelbras.com\/sites\/default\/files\/styles\/large\/public\/2022-04\/alta-velocidade-para-redes-corporativas-ap-1350-ac-s.jpg\" alt=\"alta-velocidade-para-redes-corporativas-ap-1350-ac-s.jpg\" \/><\/figure>\n<p><span class=\"text text--300\"><em>* Imagem ilustrativa<\/em><\/span><\/div>\n<\/div>\n<div class=\"cell medium-auto medium-order-1\" style=\"text-align: center;\">\n<div class=\"block-mini-banner__content\">\n<div class=\"mt2 mb2 \">\n<h2 class=\"weight--small-300 weight--large-200 h3\">Alta velocidade para redes corporativas<\/h2>\n<\/div>\n<div class=\"text text--300\">\n<div class=\"block-template overflow-hidden\">\n<p>O AP 1350 AC-S oferece Wi-Fi com velocidade de at\u00e9 1350 Mbps para os clientes conectados, acelerando os processos da empresa.<\/p>\n<p>*Velocidade efetiva pode variar conforme o ambiente, a instala\u00e7\u00e3o e a tecnologia utilizada.<\/p>\n<\/div>\n<\/div>\n<\/div>\n<\/div>\n<\/div>\n<\/div>\n<\/div>\n<\/div>\n<div class=\"mt2 mb2  \" style=\"text-align: center;\">\n<div class=\"grid-container  \">\n<div class=\"block-mini-banner\" data-ga-name=\"section-mini-banner\">\n<div class=\"grid-x grid-margin-x align-middle\">\n<div class=\"cell medium-6\">\n<div class=\"block-mini-banner__media\">\n<figure class=\"text-center  object-fit--contain\"><img decoding=\"async\" src=\"https:\/\/backend.intelbras.com\/sites\/default\/files\/styles\/large\/public\/2022-04\/wi-fi-profissional-com-mais-capacidade-e-velocidade-ap-1350-ac-s.jpg\" alt=\"wi-fi-profissional-com-mais-capacidade-e-velocidade-ap-1350-ac-s.jpg\" \/><\/figure>\n<p><span class=\"text text--300\"><em>* Imagem ilustrativa<\/em><\/span><\/div>\n<\/div>\n<div class=\"cell medium-auto\">\n<div class=\"block-mini-banner__content\">\n<div class=\"mt2 mb2 \">\n<h2 class=\"weight--small-300 weight--large-200 h3\">Wi-Fi profissional com mais capacidade e velocidade<\/h2>\n<\/div>\n<div class=\"text text--300\">\n<div class=\"block-template overflow-hidden\">\n<p>Com alta capacidade, o AP 1350 AC-S suporta at\u00e9 350 usu\u00e1rios conectados com estabilidade, seguran\u00e7a e um Wi-Fi de longo alcance.<\/p>\n<\/div>\n<\/div>\n<\/div>\n<\/div>\n<\/div>\n<\/div>\n<\/div>\n<\/div>\n<div class=\"mt2 mb2  \" style=\"text-align: center;\">\n<div class=\"grid-container  \">\n<div class=\"block-mini-banner\" data-ga-name=\"section-mini-banner\">\n<div class=\"grid-x grid-margin-x align-middle\">\n<div class=\"cell medium-6 medium-order-2 large-offset-1\">\n<div class=\"block-mini-banner__media\">\n<figure class=\"text-center  object-fit--contain\"><img decoding=\"async\" src=\"https:\/\/backend.intelbras.com\/sites\/default\/files\/styles\/large\/public\/2022-04\/navegacao-sem-interrupcoes-com-tecnologia-handover-ap-1350-ac-s.jpg\" alt=\"navegacao-sem-interrupcoes-com-tecnologia-handover-ap-1350-ac-s.jpg\" \/><\/figure>\n<p><span class=\"text text--300\"><em>* Imagem ilustrativa<\/em><\/span><\/div>\n<\/div>\n<div class=\"cell medium-auto medium-order-1\">\n<div class=\"block-mini-banner__content\">\n<div class=\"mt2 mb2 \">\n<h2 class=\"weight--small-300 weight--large-200 h3\">Navega\u00e7\u00e3o sem interrup\u00e7\u00f5es com tecnologia Handover<\/h2>\n<\/div>\n<div class=\"text text--300\">\n<div class=\"block-template overflow-hidden\">\n<p>Gra\u00e7as \u00e0 tecnologia, o usu\u00e1rio pode navegar e realizar opera\u00e7\u00f5es sem interrup\u00e7\u00f5es e flexibilidade para mover-se de um AP a outro sem queda da conex\u00e3o.<\/p>\n<\/div>\n<\/div>\n<\/div>\n<\/div>\n<\/div>\n<\/div>\n<\/div>\n<\/div>\n<div class=\"mt2 mb2  \" style=\"text-align: center;\">\n<div class=\"grid-container  \">\n<div class=\"block-mini-banner\" data-ga-name=\"section-mini-banner\">\n<div class=\"grid-x grid-margin-x align-middle\">\n<div class=\"cell medium-6\">\n<div class=\"block-mini-banner__media\">\n<figure class=\"text-center  object-fit--contain\"><img decoding=\"async\" src=\"https:\/\/backend.intelbras.com\/sites\/default\/files\/styles\/large\/public\/2022-04\/wi-fi-marketing-a-favor-do-seu-negocio-ap-1350-ac-s.jpg\" alt=\"wi-fi-marketing-a-favor-do-seu-negocio-ap-1350-ac-s.jpg\" \/><\/figure>\n<p><span class=\"text text--300\"><em>* Imagem ilustrativa<\/em><\/span><\/div>\n<\/div>\n<div class=\"cell medium-auto\">\n<div class=\"block-mini-banner__content\">\n<div class=\"mt2 mb2 \">\n<h2 class=\"weight--small-300 weight--large-200 h3\">Wi-Fi Marketing a favor do seu neg\u00f3cio<\/h2>\n<\/div>\n<div class=\"text text--300\">\n<div class=\"block-template overflow-hidden\">\n<p>Os estabelecimentos podem fazer an\u00fancios e propagandas nos aparelhos que conectarem-se \u00e0 sua rede.<\/p>\n<\/div>\n<\/div>\n<\/div>\n<\/div>\n<\/div>\n<\/div>\n<\/div>\n<\/div>\n<div class=\"mt2 mb2  \">\n<div class=\"grid-container  \">\n<div class=\"block-mini-banner\" data-ga-name=\"section-mini-banner\">\n<div class=\"grid-x grid-margin-x align-middle\">\n<div class=\"cell medium-6 medium-order-2 large-offset-1\" style=\"text-align: center;\">\n<div class=\"block-mini-banner__media\">\n<figure class=\"text-center  object-fit--contain\"><img decoding=\"async\" src=\"https:\/\/backend.intelbras.com\/sites\/default\/files\/styles\/large\/public\/2022-04\/controle-do-wi-fi-na-palma-da-mao-ap-1350-ac-s.jpg\" alt=\"controle-do-wi-fi-na-palma-da-mao-ap-1350-ac-s.jpg\" \/><\/figure>\n<p><span class=\"text text--300\"><em>* Imagem ilustrativa<\/em><\/span><\/div>\n<\/div>\n<div class=\"cell medium-auto medium-order-1\">\n<div class=\"block-mini-banner__content\">\n<div class=\"mt2 mb2 \" style=\"text-align: center;\">\n<h2 class=\"weight--small-300 weight--large-200 h3\">Controle do Wi-Fi na palma da m\u00e3o<\/h2>\n<\/div>\n<div class=\"text text--300\">\n<div class=\"block-template overflow-hidden\">\n<p style=\"text-align: center;\">O APP Connectfi Intelbras permite mais controle da rede, com informa\u00e7\u00f5es precisas e atualizadas sobre os clientes conectados \u00e0 rede.<\/p>\n<\/div>\n<\/div>\n<\/div>\n<\/div>\n<\/div>\n<\/div>\n<\/div>\n<\/div>\n<\/div>\n<\/div>\n","protected":false},"excerpt":{"rendered":"<p>\u2022 Alta velocidade de tr\u00e1fego, at\u00e9 1350 Mbps.<br \/>\n\u2022 At\u00e9 350m\u00b2 de alcance.<br \/>\n\u2022 Capacidade de at\u00e9<br \/>\n350 usu\u00e1rios conectados simultaneamente<br \/>\n\u2022 Tecnologia Qualcomm<br \/>\n\u2022 Design sofisticado e<br \/>\ncompacto<br \/>\n\u2022 Fun\u00e7\u00e3o Mu-MiMo, Fast Roaming e Beamforming.<\/p>\n","protected":false},"featured_media":13261,"comment_status":"open","ping_status":"closed","template":"","meta":[],"product_brand":[],"product_cat":[2774,2775],"product_tag":[2320,2321,2322,1255,2324,345,1906,2323],"class_list":{"0":"post-9600","1":"product","2":"type-product","3":"status-publish","4":"has-post-thumbnail","6":"product_cat-redes","7":"product_cat-redes-roteadores","8":"product_tag-ap-1350-ac","9":"product_tag-ap-1350-ac-intelbras","10":"product_tag-empresarial","11":"product_tag-intelbras","12":"product_tag-roteador-empresarial","13":"product_tag-roteador-intelbras","14":"product_tag-wifi","15":"product_tag-wifi-empresarial","17":"first","18":"instock","19":"shipping-taxable","20":"purchasable","21":"product-type-simple"},"yoast_head":"<!-- This site is optimized with the Yoast SEO plugin v27.5 - https:\/\/yoast.com\/product\/yoast-seo-wordpress\/ -->\n<title>ACCESS POINT CORPORATIVO 450MBPS AP 1350 AC-S - Loja Melhor do Sul Sistemas de Seguran\u00e7a<\/title>\n<meta name=\"robots\" content=\"index, follow, max-snippet:-1, max-image-preview:large, max-video-preview:-1\" \/>\n<link rel=\"canonical\" href=\"https:\/\/www.lojamelhordosul.com.br\/site\/produto\/access-point-intelbras-ap-1350-ac-branco-100v-240v-1-unidade-novo-170-vendidos-access-point-intelbras-ap-1350-ac-branco-100v-240v-1-unidade\/\" \/>\n<meta property=\"og:locale\" content=\"pt_BR\" \/>\n<meta property=\"og:type\" content=\"article\" \/>\n<meta property=\"og:title\" content=\"ACCESS POINT CORPORATIVO 450MBPS AP 1350 AC-S - Loja Melhor do Sul Sistemas de Seguran\u00e7a\" \/>\n<meta property=\"og:description\" content=\"\u2022 Alta velocidade de tr\u00e1fego, at\u00e9 1350 Mbps. \u2022 At\u00e9 350m\u00b2 de alcance. \u2022 Capacidade de at\u00e9 350 usu\u00e1rios conectados simultaneamente \u2022 Tecnologia Qualcomm \u2022 Design sofisticado e compacto \u2022 Fun\u00e7\u00e3o Mu-MiMo, Fast Roaming e Beamforming.\" \/>\n<meta property=\"og:url\" content=\"https:\/\/www.lojamelhordosul.com.br\/site\/produto\/access-point-intelbras-ap-1350-ac-branco-100v-240v-1-unidade-novo-170-vendidos-access-point-intelbras-ap-1350-ac-branco-100v-240v-1-unidade\/\" \/>\n<meta property=\"og:site_name\" content=\"Loja Melhor do Sul Sistemas de Seguran\u00e7a\" \/>\n<meta property=\"article:modified_time\" content=\"2026-03-13T18:01:30+00:00\" \/>\n<meta property=\"og:image\" content=\"https:\/\/www.lojamelhordosul.com.br\/site\/wp-content\/uploads\/2020\/10\/D_NQ_NP_794000-MLB50892201157_072022-W.jpg\" \/>\n\t<meta property=\"og:image:width\" content=\"541\" \/>\n\t<meta property=\"og:image:height\" content=\"568\" \/>\n\t<meta property=\"og:image:type\" content=\"image\/jpeg\" \/>\n<meta name=\"twitter:card\" content=\"summary_large_image\" \/>\n<meta name=\"twitter:label1\" content=\"Est. tempo de leitura\" \/>\n\t<meta name=\"twitter:data1\" content=\"3 minutos\" \/>\n<script type=\"application\/ld+json\" class=\"yoast-schema-graph\">{\"@context\":\"https:\\\/\\\/schema.org\",\"@graph\":[{\"@type\":\"WebPage\",\"@id\":\"https:\\\/\\\/www.lojamelhordosul.com.br\\\/site\\\/produto\\\/access-point-intelbras-ap-1350-ac-branco-100v-240v-1-unidade-novo-170-vendidos-access-point-intelbras-ap-1350-ac-branco-100v-240v-1-unidade\\\/\",\"url\":\"https:\\\/\\\/www.lojamelhordosul.com.br\\\/site\\\/produto\\\/access-point-intelbras-ap-1350-ac-branco-100v-240v-1-unidade-novo-170-vendidos-access-point-intelbras-ap-1350-ac-branco-100v-240v-1-unidade\\\/\",\"name\":\"ACCESS POINT CORPORATIVO 450MBPS AP 1350 AC-S - Loja Melhor do Sul Sistemas de Seguran\u00e7a\",\"isPartOf\":{\"@id\":\"https:\\\/\\\/www.lojamelhordosul.com.br\\\/site\\\/#website\"},\"primaryImageOfPage\":{\"@id\":\"https:\\\/\\\/www.lojamelhordosul.com.br\\\/site\\\/produto\\\/access-point-intelbras-ap-1350-ac-branco-100v-240v-1-unidade-novo-170-vendidos-access-point-intelbras-ap-1350-ac-branco-100v-240v-1-unidade\\\/#primaryimage\"},\"image\":{\"@id\":\"https:\\\/\\\/www.lojamelhordosul.com.br\\\/site\\\/produto\\\/access-point-intelbras-ap-1350-ac-branco-100v-240v-1-unidade-novo-170-vendidos-access-point-intelbras-ap-1350-ac-branco-100v-240v-1-unidade\\\/#primaryimage\"},\"thumbnailUrl\":\"https:\\\/\\\/www.lojamelhordosul.com.br\\\/site\\\/wp-content\\\/uploads\\\/2020\\\/10\\\/D_NQ_NP_794000-MLB50892201157_072022-W.jpg\",\"datePublished\":\"2020-10-06T13:48:10+00:00\",\"dateModified\":\"2026-03-13T18:01:30+00:00\",\"breadcrumb\":{\"@id\":\"https:\\\/\\\/www.lojamelhordosul.com.br\\\/site\\\/produto\\\/access-point-intelbras-ap-1350-ac-branco-100v-240v-1-unidade-novo-170-vendidos-access-point-intelbras-ap-1350-ac-branco-100v-240v-1-unidade\\\/#breadcrumb\"},\"inLanguage\":\"pt-BR\",\"potentialAction\":[{\"@type\":\"ReadAction\",\"target\":[\"https:\\\/\\\/www.lojamelhordosul.com.br\\\/site\\\/produto\\\/access-point-intelbras-ap-1350-ac-branco-100v-240v-1-unidade-novo-170-vendidos-access-point-intelbras-ap-1350-ac-branco-100v-240v-1-unidade\\\/\"]}]},{\"@type\":\"ImageObject\",\"inLanguage\":\"pt-BR\",\"@id\":\"https:\\\/\\\/www.lojamelhordosul.com.br\\\/site\\\/produto\\\/access-point-intelbras-ap-1350-ac-branco-100v-240v-1-unidade-novo-170-vendidos-access-point-intelbras-ap-1350-ac-branco-100v-240v-1-unidade\\\/#primaryimage\",\"url\":\"https:\\\/\\\/www.lojamelhordosul.com.br\\\/site\\\/wp-content\\\/uploads\\\/2020\\\/10\\\/D_NQ_NP_794000-MLB50892201157_072022-W.jpg\",\"contentUrl\":\"https:\\\/\\\/www.lojamelhordosul.com.br\\\/site\\\/wp-content\\\/uploads\\\/2020\\\/10\\\/D_NQ_NP_794000-MLB50892201157_072022-W.jpg\",\"width\":541,\"height\":568},{\"@type\":\"BreadcrumbList\",\"@id\":\"https:\\\/\\\/www.lojamelhordosul.com.br\\\/site\\\/produto\\\/access-point-intelbras-ap-1350-ac-branco-100v-240v-1-unidade-novo-170-vendidos-access-point-intelbras-ap-1350-ac-branco-100v-240v-1-unidade\\\/#breadcrumb\",\"itemListElement\":[{\"@type\":\"ListItem\",\"position\":1,\"name\":\"In\u00edcio\",\"item\":\"https:\\\/\\\/www.lojamelhordosul.com.br\\\/site\\\/\"},{\"@type\":\"ListItem\",\"position\":2,\"name\":\"Loja\",\"item\":\"https:\\\/\\\/www.lojamelhordosul.com.br\\\/site\\\/loja\\\/\"},{\"@type\":\"ListItem\",\"position\":3,\"name\":\"ACCESS POINT CORPORATIVO 450MBPS AP 1350 AC-S\"}]},{\"@type\":\"WebSite\",\"@id\":\"https:\\\/\\\/www.lojamelhordosul.com.br\\\/site\\\/#website\",\"url\":\"https:\\\/\\\/www.lojamelhordosul.com.br\\\/site\\\/\",\"name\":\"Loja Melhor do Sul Sistemas de Seguran\u00e7a\",\"description\":\"Loja Melhor do Sul - Revenda Ouro Intelbras em Porto Alegre\",\"publisher\":{\"@id\":\"https:\\\/\\\/www.lojamelhordosul.com.br\\\/site\\\/#organization\"},\"potentialAction\":[{\"@type\":\"SearchAction\",\"target\":{\"@type\":\"EntryPoint\",\"urlTemplate\":\"https:\\\/\\\/www.lojamelhordosul.com.br\\\/site\\\/?s={search_term_string}\"},\"query-input\":{\"@type\":\"PropertyValueSpecification\",\"valueRequired\":true,\"valueName\":\"search_term_string\"}}],\"inLanguage\":\"pt-BR\"},{\"@type\":\"Organization\",\"@id\":\"https:\\\/\\\/www.lojamelhordosul.com.br\\\/site\\\/#organization\",\"name\":\"Loja Melhor do Sul\",\"url\":\"https:\\\/\\\/www.lojamelhordosul.com.br\\\/site\\\/\",\"logo\":{\"@type\":\"ImageObject\",\"inLanguage\":\"pt-BR\",\"@id\":\"https:\\\/\\\/www.lojamelhordosul.com.br\\\/site\\\/#\\\/schema\\\/logo\\\/image\\\/\",\"url\":\"https:\\\/\\\/www.lojamelhordosul.com.br\\\/site\\\/wp-content\\\/uploads\\\/2019\\\/10\\\/logo-longo-da-loja.png\",\"contentUrl\":\"https:\\\/\\\/www.lojamelhordosul.com.br\\\/site\\\/wp-content\\\/uploads\\\/2019\\\/10\\\/logo-longo-da-loja.png\",\"width\":597,\"height\":114,\"caption\":\"Loja Melhor do Sul\"},\"image\":{\"@id\":\"https:\\\/\\\/www.lojamelhordosul.com.br\\\/site\\\/#\\\/schema\\\/logo\\\/image\\\/\"}}]}<\/script>\n<!-- \/ Yoast SEO plugin. -->","yoast_head_json":{"title":"ACCESS POINT CORPORATIVO 450MBPS AP 1350 AC-S - Loja Melhor do Sul Sistemas de Seguran\u00e7a","robots":{"index":"index","follow":"follow","max-snippet":"max-snippet:-1","max-image-preview":"max-image-preview:large","max-video-preview":"max-video-preview:-1"},"canonical":"https:\/\/www.lojamelhordosul.com.br\/site\/produto\/access-point-intelbras-ap-1350-ac-branco-100v-240v-1-unidade-novo-170-vendidos-access-point-intelbras-ap-1350-ac-branco-100v-240v-1-unidade\/","og_locale":"pt_BR","og_type":"article","og_title":"ACCESS POINT CORPORATIVO 450MBPS AP 1350 AC-S - Loja Melhor do Sul Sistemas de Seguran\u00e7a","og_description":"\u2022 Alta velocidade de tr\u00e1fego, at\u00e9 1350 Mbps. \u2022 At\u00e9 350m\u00b2 de alcance. \u2022 Capacidade de at\u00e9 350 usu\u00e1rios conectados simultaneamente \u2022 Tecnologia Qualcomm \u2022 Design sofisticado e compacto \u2022 Fun\u00e7\u00e3o Mu-MiMo, Fast Roaming e Beamforming.","og_url":"https:\/\/www.lojamelhordosul.com.br\/site\/produto\/access-point-intelbras-ap-1350-ac-branco-100v-240v-1-unidade-novo-170-vendidos-access-point-intelbras-ap-1350-ac-branco-100v-240v-1-unidade\/","og_site_name":"Loja Melhor do Sul Sistemas de Seguran\u00e7a","article_modified_time":"2026-03-13T18:01:30+00:00","og_image":[{"width":541,"height":568,"url":"https:\/\/www.lojamelhordosul.com.br\/site\/wp-content\/uploads\/2020\/10\/D_NQ_NP_794000-MLB50892201157_072022-W.jpg","type":"image\/jpeg"}],"twitter_card":"summary_large_image","twitter_misc":{"Est. tempo de leitura":"3 minutos"},"schema":{"@context":"https:\/\/schema.org","@graph":[{"@type":"WebPage","@id":"https:\/\/www.lojamelhordosul.com.br\/site\/produto\/access-point-intelbras-ap-1350-ac-branco-100v-240v-1-unidade-novo-170-vendidos-access-point-intelbras-ap-1350-ac-branco-100v-240v-1-unidade\/","url":"https:\/\/www.lojamelhordosul.com.br\/site\/produto\/access-point-intelbras-ap-1350-ac-branco-100v-240v-1-unidade-novo-170-vendidos-access-point-intelbras-ap-1350-ac-branco-100v-240v-1-unidade\/","name":"ACCESS POINT CORPORATIVO 450MBPS AP 1350 AC-S - Loja Melhor do Sul Sistemas de Seguran\u00e7a","isPartOf":{"@id":"https:\/\/www.lojamelhordosul.com.br\/site\/#website"},"primaryImageOfPage":{"@id":"https:\/\/www.lojamelhordosul.com.br\/site\/produto\/access-point-intelbras-ap-1350-ac-branco-100v-240v-1-unidade-novo-170-vendidos-access-point-intelbras-ap-1350-ac-branco-100v-240v-1-unidade\/#primaryimage"},"image":{"@id":"https:\/\/www.lojamelhordosul.com.br\/site\/produto\/access-point-intelbras-ap-1350-ac-branco-100v-240v-1-unidade-novo-170-vendidos-access-point-intelbras-ap-1350-ac-branco-100v-240v-1-unidade\/#primaryimage"},"thumbnailUrl":"https:\/\/www.lojamelhordosul.com.br\/site\/wp-content\/uploads\/2020\/10\/D_NQ_NP_794000-MLB50892201157_072022-W.jpg","datePublished":"2020-10-06T13:48:10+00:00","dateModified":"2026-03-13T18:01:30+00:00","breadcrumb":{"@id":"https:\/\/www.lojamelhordosul.com.br\/site\/produto\/access-point-intelbras-ap-1350-ac-branco-100v-240v-1-unidade-novo-170-vendidos-access-point-intelbras-ap-1350-ac-branco-100v-240v-1-unidade\/#breadcrumb"},"inLanguage":"pt-BR","potentialAction":[{"@type":"ReadAction","target":["https:\/\/www.lojamelhordosul.com.br\/site\/produto\/access-point-intelbras-ap-1350-ac-branco-100v-240v-1-unidade-novo-170-vendidos-access-point-intelbras-ap-1350-ac-branco-100v-240v-1-unidade\/"]}]},{"@type":"ImageObject","inLanguage":"pt-BR","@id":"https:\/\/www.lojamelhordosul.com.br\/site\/produto\/access-point-intelbras-ap-1350-ac-branco-100v-240v-1-unidade-novo-170-vendidos-access-point-intelbras-ap-1350-ac-branco-100v-240v-1-unidade\/#primaryimage","url":"https:\/\/www.lojamelhordosul.com.br\/site\/wp-content\/uploads\/2020\/10\/D_NQ_NP_794000-MLB50892201157_072022-W.jpg","contentUrl":"https:\/\/www.lojamelhordosul.com.br\/site\/wp-content\/uploads\/2020\/10\/D_NQ_NP_794000-MLB50892201157_072022-W.jpg","width":541,"height":568},{"@type":"BreadcrumbList","@id":"https:\/\/www.lojamelhordosul.com.br\/site\/produto\/access-point-intelbras-ap-1350-ac-branco-100v-240v-1-unidade-novo-170-vendidos-access-point-intelbras-ap-1350-ac-branco-100v-240v-1-unidade\/#breadcrumb","itemListElement":[{"@type":"ListItem","position":1,"name":"In\u00edcio","item":"https:\/\/www.lojamelhordosul.com.br\/site\/"},{"@type":"ListItem","position":2,"name":"Loja","item":"https:\/\/www.lojamelhordosul.com.br\/site\/loja\/"},{"@type":"ListItem","position":3,"name":"ACCESS POINT CORPORATIVO 450MBPS AP 1350 AC-S"}]},{"@type":"WebSite","@id":"https:\/\/www.lojamelhordosul.com.br\/site\/#website","url":"https:\/\/www.lojamelhordosul.com.br\/site\/","name":"Loja Melhor do Sul Sistemas de Seguran\u00e7a","description":"Loja Melhor do Sul - Revenda Ouro Intelbras em Porto Alegre","publisher":{"@id":"https:\/\/www.lojamelhordosul.com.br\/site\/#organization"},"potentialAction":[{"@type":"SearchAction","target":{"@type":"EntryPoint","urlTemplate":"https:\/\/www.lojamelhordosul.com.br\/site\/?s={search_term_string}"},"query-input":{"@type":"PropertyValueSpecification","valueRequired":true,"valueName":"search_term_string"}}],"inLanguage":"pt-BR"},{"@type":"Organization","@id":"https:\/\/www.lojamelhordosul.com.br\/site\/#organization","name":"Loja Melhor do Sul","url":"https:\/\/www.lojamelhordosul.com.br\/site\/","logo":{"@type":"ImageObject","inLanguage":"pt-BR","@id":"https:\/\/www.lojamelhordosul.com.br\/site\/#\/schema\/logo\/image\/","url":"https:\/\/www.lojamelhordosul.com.br\/site\/wp-content\/uploads\/2019\/10\/logo-longo-da-loja.png","contentUrl":"https:\/\/www.lojamelhordosul.com.br\/site\/wp-content\/uploads\/2019\/10\/logo-longo-da-loja.png","width":597,"height":114,"caption":"Loja Melhor do Sul"},"image":{"@id":"https:\/\/www.lojamelhordosul.com.br\/site\/#\/schema\/logo\/image\/"}}]}},"_links":{"self":[{"href":"https:\/\/www.lojamelhordosul.com.br\/site\/wp-json\/wp\/v2\/product\/9600","targetHints":{"allow":["GET"]}}],"collection":[{"href":"https:\/\/www.lojamelhordosul.com.br\/site\/wp-json\/wp\/v2\/product"}],"about":[{"href":"https:\/\/www.lojamelhordosul.com.br\/site\/wp-json\/wp\/v2\/types\/product"}],"replies":[{"embeddable":true,"href":"https:\/\/www.lojamelhordosul.com.br\/site\/wp-json\/wp\/v2\/comments?post=9600"}],"wp:featuredmedia":[{"embeddable":true,"href":"https:\/\/www.lojamelhordosul.com.br\/site\/wp-json\/wp\/v2\/media\/13261"}],"wp:attachment":[{"href":"https:\/\/www.lojamelhordosul.com.br\/site\/wp-json\/wp\/v2\/media?parent=9600"}],"wp:term":[{"taxonomy":"product_brand","embeddable":true,"href":"https:\/\/www.lojamelhordosul.com.br\/site\/wp-json\/wp\/v2\/product_brand?post=9600"},{"taxonomy":"product_cat","embeddable":true,"href":"https:\/\/www.lojamelhordosul.com.br\/site\/wp-json\/wp\/v2\/product_cat?post=9600"},{"taxonomy":"product_tag","embeddable":true,"href":"https:\/\/www.lojamelhordosul.com.br\/site\/wp-json\/wp\/v2\/product_tag?post=9600"}],"curies":[{"name":"wp","href":"https:\/\/api.w.org\/{rel}","templated":true}]}}